METEO Meyenheim

 Latitude N 47° 54' 42"    Longitude E 07° 21' 22"    Altitude 210 m

Rapports de type NOAA
Selectionner un rapport Annuel ou mensuel
V/Λ2019 > Janvier Février Mars Avril Mai Juin Juillet Août Septembre Octobre Novembre Décembre
V/Λ2018 > Janvier Février Mars Avril Mai Juin Juillet Août Septembre Octobre Novembre Décembre
V/Λ2017 > Janvier Février Mars Avril Mai Juin Juillet Août Septembre Octobre Novembre Décembre
V/Λ2016 > Janvier Février Mars Avril Mai Juin Juillet Août Septembre Octobre Novembre Décembre
V/Λ2015 > Janvier Février Mars Avril Mai Juin Juillet Août Septembre Octobre Novembre Décembre
V/Λ2014 > Janvier Février Mars Avril Mai Juin Juillet Août Septembre Octobre Novembre Décembre
V/Λ2013 > Janvier Février Mars Avril Mai Juin Juillet Août Septembre Octobre Novembre Décembre
V/Λ2012 > Janvier Février Mars Avril Mai Juin Juillet Août Septembre Octobre Novembre Décembre
V/Λ2011 > Janvier Février Mars Avril Mai Juin Juillet Août Septembre Octobre Novembre Décembre
V/Λ2010 > Janvier Février Mars Avril Mai Juin Juillet Août Septembre Octobre Novembre Décembre
V/Λ2009 > Janvier Février Mars Avril Mai Juin Juillet Août Septembre Octobre Novembre Décembre
V/Λ2008 > Janvier Février Mars Avril Mai Juin Juillet Août Septembre Octobre Novembre Décembre
V/Λ2007 > Janvier Février Mars Avril Mai Juin Juillet Août Septembre Octobre Novembre Décembre
V/Λ2006 > Janvier Février Mars Avril Mai Juin Juillet Août Septembre Octobre Novembre Décembre
V/Λ2005 > Janvier Février Mars Avril Mai Juin Juillet Août Septembre Octobre Novembre Décembre
V/Λ2004 > Janvier Février Mars Avril Mai Juin Juillet Août Septembre Octobre Novembre Décembre
V/Λ2003 > Janvier Février Mars Avril Mai Juin Juillet Août Septembre Octobre Novembre Décembre
V/Λ2002 > Janvier Février Mars Avril Mai Juin Juillet Août Septembre Octobre Novembre Décembre

Rapport pour Avril 2008
                   Monthly Climatological Summary for avr. 2008

Name: IALSACEM4   City: Meyenheim   State: 
Elevation: 210 m  Lat: N 47 54' 42"   Lon: E 007 21' 22"

                  Temperature (C), Rain (mm), Wind Speed (km/h)

                                      Heat  Cool        Avg
    Mean                              Deg   Deg         Wind                 Dom
Day Temp  High   Time   Low    Time   Days  Days  Rain  Speed High   Time    Dir
----------------------------------------------------------------------------------
 1  11.4  19.4   15:52   3.3   07:26   6.9   0.0   0.0   3.7  23.4   15:56    SO
 2  12.4  15.0   15:14   9.8   23:59   5.9   0.0   0.0   7.7  21.2   03:52   OSO
 3  10.0  13.9   14:11   6.1   05:27   8.3   0.0   0.0   3.9  19.8   13:28   NNO
 4   8.1  14.1   16:44   2.1   07:13  10.2   0.0   0.0   3.6  14.8   11:43     N
 5  14.6  23.3   13:19   5.9   07:40   3.7   0.0   1.0   6.2  36.0   16:41    SO
 6  10.9  18.4   15:50   3.4   21:54   7.4   0.0   0.0   6.5  21.2   15:02    SO
 7   4.8  11.6   16:29  -2.0   23:59  13.5   0.0   0.0   9.6  35.3   10:02    SO
 8   1.3   6.8   16:23  -4.3   06:25  17.0   0.0   0.0   0.7  12.2   09:31     N
 9   6.7  10.0   10:31   3.3   04:42  11.6   0.0  18.0   3.1  13.3   12:51     N
10   7.7   9.0   16:04   6.3   09:06  10.6   0.0  21.0   4.4  16.9   06:23     N
11   8.3  11.7   12:30   4.9   23:59  10.0   0.0  16.0   1.9  17.6   23:14   OSO
12  11.1  19.4   16:42   2.7   06:09   7.2   0.0   0.0   5.9  21.2   16:13    SO
13  12.0  21.0   16:15   2.9   01:42   6.3   0.0   0.0   6.6  24.1   12:25   SSO
14  10.5  15.1   11:31   5.9   23:59   7.8   0.0   0.0   7.7  32.4   04:27    SO
15  10.3  16.7   16:14   3.9   23:59   8.0   0.0   9.0   1.9  27.0   19:30   ENE
16   8.1  15.1   12:05   1.1   23:59  10.2   0.0   0.0   3.7  22.0   19:38     N
17   7.2  14.5   14:33  -0.1   02:17  11.1   0.0   1.0   7.0  21.2   12:35     N
18  12.2  19.4   14:16   5.0   07:32   6.1   0.0   1.0   3.6  17.6   22:24     N
19  13.1  19.2   16:24   7.0   23:44   5.2   0.0   2.0   7.1  29.5   12:41   OSO
20   9.9  15.3   17:29   4.4   04:34   8.4   0.0   0.0   3.3  17.6   23:21     N
21  11.2  13.1   00:03   9.3   07:57   7.1   0.0   8.0   3.5  17.6   01:44     N
22  10.8  12.2   15:30   9.4   05:07   7.5   0.0   9.0   1.2  12.2   06:19   SSO
23  12.6  15.1   14:15  10.0   03:57   5.7   0.0   6.0   0.6   9.4   12:53    NO
24  14.5  18.2   19:04  10.7   22:02   3.8   0.0   0.0   1.6  10.1   20:04     O
25  14.3  19.3   17:39   9.2   02:07   4.0   0.0   0.0   1.6  10.1   14:03   NNE
26  13.3  22.2   17:23   4.4   06:36   5.0   0.0   0.0   2.7  16.2   15:03     N
27  14.7  24.9   17:18   4.4   06:51   3.6   0.0   0.0   0.8  14.0   13:29     S
28  15.8  20.2   11:42  11.3   23:59   2.5   0.0   0.0   9.1  28.1   22:16   SSO
29  13.9  19.4   17:45   8.3   23:59   4.4   0.0   0.0   6.4  23.4   13:17    SO
30  10.4  16.2   12:18   4.5   05:56   7.9   0.0   0.0   5.5  24.8   14:11   SSO
----------------------------------------------------------------------------------
    10.7  24.9    27    -4.3     8   226.9   0.0  92.0   4.5  36.0     5     OSO

Max >=  30.0:  0
Max <=   0.0:  0
Min <= -10.0:  0
Min <= -18.0:  0
Max Rain: 21.0 on day 10
Days of Rain: 11 (>= 0.2 mm)  8 (>= 2.0 mm)  1 (>= 20.0 mm)
Heat Base: 18.3  Cool Base: 18.3  Method: Integration


Mise à jour : 17/09/2019 06:13:52
powered by Cumulus v3.0.0 (3043)