METEO Meyenheim

 Latitude N 47° 54' 42"    Longitude E 07° 21' 22"    Altitude 210 m

Rapports de type NOAA
Selectionner un rapport Annuel ou mensuel
V/Λ2019 > Janvier Février Mars Avril Mai Juin Juillet Août Septembre Octobre Novembre Décembre
V/Λ2018 > Janvier Février Mars Avril Mai Juin Juillet Août Septembre Octobre Novembre Décembre
V/Λ2017 > Janvier Février Mars Avril Mai Juin Juillet Août Septembre Octobre Novembre Décembre
V/Λ2016 > Janvier Février Mars Avril Mai Juin Juillet Août Septembre Octobre Novembre Décembre
V/Λ2015 > Janvier Février Mars Avril Mai Juin Juillet Août Septembre Octobre Novembre Décembre
V/Λ2014 > Janvier Février Mars Avril Mai Juin Juillet Août Septembre Octobre Novembre Décembre
V/Λ2013 > Janvier Février Mars Avril Mai Juin Juillet Août Septembre Octobre Novembre Décembre
V/Λ2012 > Janvier Février Mars Avril Mai Juin Juillet Août Septembre Octobre Novembre Décembre
V/Λ2011 > Janvier Février Mars Avril Mai Juin Juillet Août Septembre Octobre Novembre Décembre
V/Λ2010 > Janvier Février Mars Avril Mai Juin Juillet Août Septembre Octobre Novembre Décembre
V/Λ2009 > Janvier Février Mars Avril Mai Juin Juillet Août Septembre Octobre Novembre Décembre
V/Λ2008 > Janvier Février Mars Avril Mai Juin Juillet Août Septembre Octobre Novembre Décembre
V/Λ2007 > Janvier Février Mars Avril Mai Juin Juillet Août Septembre Octobre Novembre Décembre
V/Λ2006 > Janvier Février Mars Avril Mai Juin Juillet Août Septembre Octobre Novembre Décembre
V/Λ2005 > Janvier Février Mars Avril Mai Juin Juillet Août Septembre Octobre Novembre Décembre
V/Λ2004 > Janvier Février Mars Avril Mai Juin Juillet Août Septembre Octobre Novembre Décembre
V/Λ2003 > Janvier Février Mars Avril Mai Juin Juillet Août Septembre Octobre Novembre Décembre
V/Λ2002 > Janvier Février Mars Avril Mai Juin Juillet Août Septembre Octobre Novembre Décembre

Rapport pour Mai 2008
                   Monthly Climatological Summary for mai 2008

Name: IALSACEM4   City: Meyenheim   State: 
Elevation: 210 m  Lat: N 47 54' 42"   Lon: E 007 21' 22"

                  Temperature (C), Rain (mm), Wind Speed (km/h)

                                      Heat  Cool        Avg
    Mean                              Deg   Deg         Wind                 Dom
Day Temp  High   Time   Low    Time   Days  Days  Rain  Speed High   Time    Dir
----------------------------------------------------------------------------------
 1  12.5  19.9   17:11   5.1   05:41   5.8   0.0   0.0   6.6  28.1   14:17    SO
 2  15.2  23.7   16:48   6.6   06:58   3.1   0.0   0.0   3.6  17.6   17:33    SO
 3  15.2  24.4   16:36   6.0   06:51   3.1   0.0   0.0   2.6  13.3   09:43     N
 4  16.8  25.4   16:16   8.2   06:58   1.5   0.0   0.0   5.6  21.2   22:20     N
 5  18.5  25.5   16:23  11.4   05:23   0.0   0.2   0.0   7.8  23.4   13:03     N
 6  19.3  27.4   16:13  11.1   06:41   0.0   1.0   0.0   6.7  21.2   13:08     N
 7  19.4  26.8   16:44  12.0   06:51   0.0   1.1   0.0   6.6  17.6   22:18     N
 8  17.5  27.8   16:26   7.2   05:55   0.8   0.0   0.0   2.5  16.2   14:56   NNE
 9  17.7  28.2   16:06   7.1   06:37   0.6   0.0   0.0   2.9  15.5   13:10     N
10  21.8  30.3   16:16  13.3   04:54   0.0   3.5   0.0   7.3  31.0   18:03     N
11  18.7  24.7   16:59  12.6   23:59   0.0   0.4   5.0   7.7  25.6   19:59     N
12  16.4  23.5   16:51   9.3   06:48   1.9   0.0   0.0   2.0  13.3   13:41    NE
13  17.3  24.8   15:01   9.7   07:01   1.0   0.0   0.0   2.3  24.1   17:44   ENE
14  17.6  25.8   16:38   9.4   06:47   0.7   0.0   0.0   1.5  16.9   17:49     O
15  18.9  23.8   13:18  13.9   06:00   0.0   0.6   3.0   4.7  36.0   16:32    SO
16  18.5  24.1   15:22  12.8   06:17   0.0   0.2   1.0   6.0  28.1   22:28   SSO
17  16.3  19.0   14:19  13.5   05:58   2.0   0.0   1.0   5.7  19.1   11:21   SSO
18  15.9  20.4   12:38  11.4   06:22   2.4   0.0   0.0   2.9  17.6   13:50   NNO
19  14.1  16.7   16:38  11.5   06:57   4.2   0.0   0.0   9.1  24.8   16:33     N
20  15.2  18.3   12:19  12.0   06:17   3.1   0.0   0.0  10.8  29.5   09:19     N
21  12.8  16.3   14:09   9.2   06:31   5.5   0.0   0.0   6.2  21.2   12:53   NNE
22  14.2  16.6   14:02  11.7   06:52   4.1   0.0   0.0   3.9  13.0   17:55     N
23  15.2  22.3   15:43   8.1   06:35   3.1   0.0   0.0   2.5  14.8   19:18   NNE
24  15.7  18.5   19:25  12.9   08:13   2.6   0.0   1.0   2.1  16.2   18:51     N
25  18.4  23.1   15:42  13.6   06:49   0.0   0.1   5.0   1.7  13.3   12:53     S
26  19.4  23.5   17:15  15.3   06:27   0.0   1.1   1.0   1.6  15.5   22:14    SO
27  20.9  26.4   17:44  15.4   03:16   0.0   2.6   0.0   5.4  24.8   19:20     N
28  21.2  25.3   14:01  17.0   05:00   0.0   2.9   0.0   2.7  16.2   05:15   OSO
29  22.3  26.3   14:10  18.2   23:59   0.0   4.0  20.0   3.9  20.5   21:40   OSO
30  19.5  24.4   17:33  14.6   21:22   0.0   1.2  20.0   3.2  35.3   20:13     S
31  18.7  22.8   14:25  14.6   06:24   0.0   0.4   0.0   6.3  28.1   15:31   SSO
----------------------------------------------------------------------------------
    17.5  30.3    10     5.1     1    45.5  19.3  57.0   4.7  36.0    15     NNO

Max >=  30.0:  1
Max <=   0.0:  0
Min <= -10.0:  0
Min <= -18.0:  0
Max Rain: 20.0 on day 29
Days of Rain: 9 (>= 0.2 mm)  5 (>= 2.0 mm)  2 (>= 20.0 mm)
Heat Base: 18.3  Cool Base: 18.3  Method: Integration


Mise à jour : 21/08/2019 06:49:18
powered by Cumulus v3.0.0 (3043)