METEO Meyenheim

 Latitude N 47° 54' 42"    Longitude E 07° 21' 22"    Altitude 210 m

Rapports de type NOAA
Selectionner un rapport Annuel ou mensuel
V/Λ2019 > Janvier Février Mars Avril Mai Juin Juillet Août Septembre Octobre Novembre Décembre
V/Λ2018 > Janvier Février Mars Avril Mai Juin Juillet Août Septembre Octobre Novembre Décembre
V/Λ2017 > Janvier Février Mars Avril Mai Juin Juillet Août Septembre Octobre Novembre Décembre
V/Λ2016 > Janvier Février Mars Avril Mai Juin Juillet Août Septembre Octobre Novembre Décembre
V/Λ2015 > Janvier Février Mars Avril Mai Juin Juillet Août Septembre Octobre Novembre Décembre
V/Λ2014 > Janvier Février Mars Avril Mai Juin Juillet Août Septembre Octobre Novembre Décembre
V/Λ2013 > Janvier Février Mars Avril Mai Juin Juillet Août Septembre Octobre Novembre Décembre
V/Λ2012 > Janvier Février Mars Avril Mai Juin Juillet Août Septembre Octobre Novembre Décembre
V/Λ2011 > Janvier Février Mars Avril Mai Juin Juillet Août Septembre Octobre Novembre Décembre
V/Λ2010 > Janvier Février Mars Avril Mai Juin Juillet Août Septembre Octobre Novembre Décembre
V/Λ2009 > Janvier Février Mars Avril Mai Juin Juillet Août Septembre Octobre Novembre Décembre
V/Λ2008 > Janvier Février Mars Avril Mai Juin Juillet Août Septembre Octobre Novembre Décembre
V/Λ2007 > Janvier Février Mars Avril Mai Juin Juillet Août Septembre Octobre Novembre Décembre
V/Λ2006 > Janvier Février Mars Avril Mai Juin Juillet Août Septembre Octobre Novembre Décembre
V/Λ2005 > Janvier Février Mars Avril Mai Juin Juillet Août Septembre Octobre Novembre Décembre
V/Λ2004 > Janvier Février Mars Avril Mai Juin Juillet Août Septembre Octobre Novembre Décembre
V/Λ2003 > Janvier Février Mars Avril Mai Juin Juillet Août Septembre Octobre Novembre Décembre
V/Λ2002 > Janvier Février Mars Avril Mai Juin Juillet Août Septembre Octobre Novembre Décembre

Rapport pour Juin 2008
                   Monthly Climatological Summary for juin 2008

Name: IALSACEM4   City: Meyenheim   State: 
Elevation: 210 m  Lat: N 47 54' 42"   Lon: E 007 21' 22"

                  Temperature (C), Rain (mm), Wind Speed (km/h)

                                      Heat  Cool        Avg
    Mean                              Deg   Deg         Wind                 Dom
Day Temp  High   Time   Low    Time   Days  Days  Rain  Speed High   Time    Dir
----------------------------------------------------------------------------------
 1  18.7  23.7   16:53  13.7   04:37   0.0   0.4   0.0   2.6  16.2   23:58     N
 2  20.8  26.1   13:49  15.4   23:59   0.0   2.5   0.0   6.5  24.1   15:35    SO
 3  19.2  24.3   15:25  14.0   06:36   0.0   0.9   0.0   5.2  17.6   17:26    SO
 4  15.7  16.8   18:21  14.6   10:51   2.6   0.0   5.0   0.8  11.5   02:23     S
 5  15.0  16.3   18:15  13.6   08:59   3.3   0.0   4.0   0.2   9.4   09:39   SSO
 6  14.4  16.1   15:53  12.6   23:59   3.9   0.0   4.0   5.0  19.8   17:48   SSO
 7  13.5  14.9   17:59  12.1   05:47   4.8   0.0   2.0   2.6  14.8   17:49   SSO
 8  18.3  23.5   18:06  13.1   03:19   0.0   0.0   1.0   4.0  23.4   15:38     N
 9  18.2  25.2   17:35  11.1   06:24   0.1   0.0   1.0   4.7  21.2   14:08   NNE
10  20.1  26.3   15:32  13.9   06:20   0.0   1.8   0.0   2.3  13.3   16:27   ESE
11  19.1  22.2   14:15  15.9   07:30   0.0   0.8   9.0   3.4  16.9   18:04    SO
12  17.2  21.8   15:29  12.5   23:28   1.1   0.0   1.0   4.2  36.7   20:00   OSO
13  13.8  16.6   15:03  10.9   06:32   4.5   0.0   1.0   1.8  12.2   15:48    SE
14  13.5  18.2   19:19   8.7   06:12   4.8   0.0   0.0   0.8  10.1   08:59   NNE
15  12.5  15.6   14:34   9.3   05:58   5.8   0.0   0.0   5.1  24.8   12:18    SO
16  14.7  18.1   17:44  11.2   06:55   3.6   0.0   0.0   1.1  11.5   12:59     S
17  15.5  18.2   18:18  12.7   07:08   2.8   0.0   5.0   2.2  16.2   21:05     N
18  18.7  23.5   18:37  13.8   06:45   0.0   0.4   0.0   1.5  12.2   09:00   SSO
19  19.5  25.4   16:05  13.6   04:28   0.0   1.2   0.0   6.1  28.1   14:02    SO
20  21.0  28.6   13:12  13.9   13:12   2.7   0.0   0.0   3.6  17.6   12:26    SO
21  24.9  28.7   18:42  21.0   23:59   0.0   6.6   0.0   0.8   9.4   18:04   ESE
22  24.5  32.4   14:40  16.5   06:02   0.0   6.2   2.0   4.5  46.4   23:37    SO
23  22.9  28.1   14:57  17.7   05:56   0.0   4.6   1.0   3.4  21.2   16:29     N
24  21.5  25.2   17:56  17.8   06:29   0.0   3.2   0.0   1.3  14.0   09:19   NNE
25  24.2  30.4   14:30  18.0   06:06   0.0   5.9   0.0   5.2  24.8   14:36   OSO
26  22.2  26.0   16:19  18.4   06:43   0.0   3.9   0.0   3.4  16.2   09:05   NNE
27  21.4  27.8   17:58  15.0   06:27   0.0   3.1   0.0   2.2  17.6   15:15     O
28  20.6  27.6   17:01  13.6   06:22   0.0   2.3   0.0   1.8  13.0   15:21   SSO
29  22.4  29.1   17:42  15.6   06:22   0.0   4.1   0.0   2.1  14.0   17:52    NE
30  23.3  28.1   16:02  18.4   06:36   0.0   5.0   0.0   4.7  17.6   16:29     N
----------------------------------------------------------------------------------
    18.9  32.4    22     8.7    14    40.0  52.9  36.0   3.2  46.4    22     OSO

Max >=  30.0:  2
Max <=   0.0:  0
Min <= -10.0:  0
Min <= -18.0:  0
Max Rain: 9.0 on day 11
Days of Rain: 12 (>= 0.2 mm)  7 (>= 2.0 mm)  0 (>= 20.0 mm)
Heat Base: 18.3  Cool Base: 18.3  Method: Integration


Mise à jour : 21/08/2019 07:00:18
powered by Cumulus v3.0.0 (3043)