METEO Meyenheim

 Latitude N 47° 54' 42"    Longitude E 07° 21' 22"    Altitude 210 m

Rapports de type NOAA
Selectionner un rapport Annuel ou mensuel
V/Λ2019 > Janvier Février Mars Avril Mai Juin Juillet Août Septembre Octobre Novembre Décembre
V/Λ2018 > Janvier Février Mars Avril Mai Juin Juillet Août Septembre Octobre Novembre Décembre
V/Λ2017 > Janvier Février Mars Avril Mai Juin Juillet Août Septembre Octobre Novembre Décembre
V/Λ2016 > Janvier Février Mars Avril Mai Juin Juillet Août Septembre Octobre Novembre Décembre
V/Λ2015 > Janvier Février Mars Avril Mai Juin Juillet Août Septembre Octobre Novembre Décembre
V/Λ2014 > Janvier Février Mars Avril Mai Juin Juillet Août Septembre Octobre Novembre Décembre
V/Λ2013 > Janvier Février Mars Avril Mai Juin Juillet Août Septembre Octobre Novembre Décembre
V/Λ2012 > Janvier Février Mars Avril Mai Juin Juillet Août Septembre Octobre Novembre Décembre
V/Λ2011 > Janvier Février Mars Avril Mai Juin Juillet Août Septembre Octobre Novembre Décembre
V/Λ2010 > Janvier Février Mars Avril Mai Juin Juillet Août Septembre Octobre Novembre Décembre
V/Λ2009 > Janvier Février Mars Avril Mai Juin Juillet Août Septembre Octobre Novembre Décembre
V/Λ2008 > Janvier Février Mars Avril Mai Juin Juillet Août Septembre Octobre Novembre Décembre
V/Λ2007 > Janvier Février Mars Avril Mai Juin Juillet Août Septembre Octobre Novembre Décembre
V/Λ2006 > Janvier Février Mars Avril Mai Juin Juillet Août Septembre Octobre Novembre Décembre
V/Λ2005 > Janvier Février Mars Avril Mai Juin Juillet Août Septembre Octobre Novembre Décembre
V/Λ2004 > Janvier Février Mars Avril Mai Juin Juillet Août Septembre Octobre Novembre Décembre
V/Λ2003 > Janvier Février Mars Avril Mai Juin Juillet Août Septembre Octobre Novembre Décembre
V/Λ2002 > Janvier Février Mars Avril Mai Juin Juillet Août Septembre Octobre Novembre Décembre

Rapport pour Juillet 2008
                   Monthly Climatological Summary for juil. 2008

Name: IALSACEM4   City: Meyenheim   State: 
Elevation: 210 m  Lat: N 47 54' 42"   Lon: E 007 21' 22"

                  Temperature (C), Rain (mm), Wind Speed (km/h)

                                      Heat  Cool        Avg
    Mean                              Deg   Deg         Wind                 Dom
Day Temp  High   Time   Low    Time   Days  Days  Rain  Speed High   Time    Dir
----------------------------------------------------------------------------------
 1  23.8  31.0   16:58  16.5   06:44   0.0   5.5   0.0   1.9  15.5   23:57    NE
 2  25.7  33.2   15:53  18.2   06:22   0.0   7.4   0.0   4.2  20.5   11:14   SSO
 3  19.7  24.3   00:00  15.0   23:59   0.0   1.4  34.0   3.5  21.2   01:01    SO
 4  18.3  23.0   16:36  13.5   03:54   0.0   0.0   0.0   2.5  12.2   14:29    SE
 5  19.3  26.2   18:05  12.3   05:52   0.0   1.0   0.0   0.9  11.5   13:39   ESE
 6  18.6  20.5   10:10  16.7   23:59   0.0   0.3   2.0   2.2  16.9   22:48    SO
 7  18.6  22.6   16:27  14.6   07:45   0.0   0.3   0.0   9.9  37.4   13:31    SO
 8  17.0  19.4   16:28  14.5   23:56   1.3   0.0   4.0   9.6  33.1   10:43    SO
 9  18.7  23.9   16:13  13.5   07:08   0.0   0.4   1.0   4.7  21.2   10:36    SO
10  21.2  29.0   17:44  13.4   05:53   0.0   2.9   0.0   5.4  24.1   16:15    SO
11  22.3  27.7   11:45  16.9   06:57   0.0   4.0   9.0   4.1  28.1   11:27    SO
12  19.2  22.7   16:39  15.6   04:49   0.0   0.9   1.0   5.4  21.2   12:01   SSO
13  15.8  17.0   12:04  14.5   08:21   2.5   0.0   6.0   0.8  10.1   15:42    NO
14  17.4  20.7   16:40  14.0   23:59   0.9   0.0   0.0   0.9  13.0   14:35     O
15  18.1  25.2   18:21  11.0   06:38   0.2   0.0   0.0   2.4  14.0   18:08     S
16  21.1  28.4   14:14  13.7   06:26   0.0   2.8   0.0   3.8  17.6   14:35    SO
17  17.6  20.3   00:03  14.9   23:59   0.7   0.0  13.0   2.7  15.5   15:05    SO
18  18.6  22.4   17:54  14.8   07:09   0.0   0.3   0.0   2.6  16.9   16:13    SO
19  19.7  25.1   15:27  14.3   03:23   0.0   1.4   0.0   8.2  25.6   12:54    SO
20  20.2  25.0   14:26  15.4   23:59   0.0   1.9   0.0   2.3  22.7   14:18   ONO
21  16.4  19.7   16:23  13.1   07:09   1.9   0.0   0.0   1.9  15.5   14:57     O
22  16.0  18.6   15:46  13.3   07:50   2.3   0.0   0.0   0.8  10.1   18:12   ESE
23  16.9  23.6   18:13  10.2   06:39   1.4   0.0   0.0   4.4  19.8   19:22     N
24  20.8  27.8   18:10  13.8   03:52   0.0   2.5   0.0   7.1  21.2   16:59     N
25  20.3  27.7   17:47  12.8   06:48   0.0   2.0   0.0   0.8  10.1   15:37   ESE
26  22.7  29.1   17:22  16.3   06:44   0.0   4.4   0.0   0.9  13.0   18:26   NNE
27  21.8  27.0   15:46  16.6   07:10   0.0   3.5   0.0   2.3  16.9   15:49     N
28  24.1  29.8   17:29  18.3   07:15   0.0   5.8   0.0   1.4  13.3   16:10     N
29  25.0  30.5   14:45  19.4   06:28   0.0   6.7   0.0   4.0  17.6   15:07    SO
30  24.6  30.9   14:48  18.3   06:55   0.0   6.3   5.0   2.2  14.0   18:44   NNO
31  24.7  32.1   15:43  17.2   07:17   0.0   6.4   0.0   1.6  14.0   16:09     S
----------------------------------------------------------------------------------
    20.1  33.2     2    10.2    23    11.2  68.1  75.0   3.4  37.4     7      SO

Max >=  30.0:  5
Max <=   0.0:  0
Min <= -10.0:  0
Min <= -18.0:  0
Max Rain: 34.0 on day 3
Days of Rain: 9 (>= 0.2 mm)  7 (>= 2.0 mm)  1 (>= 20.0 mm)
Heat Base: 18.3  Cool Base: 18.3  Method: Integration


Mise à jour : 17/09/2019 06:42:52
powered by Cumulus v3.0.0 (3043)