METEO Meyenheim

 Latitude N 47° 54' 42"    Longitude E 07° 21' 22"    Altitude 210 m

Rapports de type NOAA
Selectionner un rapport Annuel ou mensuel
V/Λ2019 > Janvier Février Mars Avril Mai Juin Juillet Août Septembre Octobre Novembre Décembre
V/Λ2018 > Janvier Février Mars Avril Mai Juin Juillet Août Septembre Octobre Novembre Décembre
V/Λ2017 > Janvier Février Mars Avril Mai Juin Juillet Août Septembre Octobre Novembre Décembre
V/Λ2016 > Janvier Février Mars Avril Mai Juin Juillet Août Septembre Octobre Novembre Décembre
V/Λ2015 > Janvier Février Mars Avril Mai Juin Juillet Août Septembre Octobre Novembre Décembre
V/Λ2014 > Janvier Février Mars Avril Mai Juin Juillet Août Septembre Octobre Novembre Décembre
V/Λ2013 > Janvier Février Mars Avril Mai Juin Juillet Août Septembre Octobre Novembre Décembre
V/Λ2012 > Janvier Février Mars Avril Mai Juin Juillet Août Septembre Octobre Novembre Décembre
V/Λ2011 > Janvier Février Mars Avril Mai Juin Juillet Août Septembre Octobre Novembre Décembre
V/Λ2010 > Janvier Février Mars Avril Mai Juin Juillet Août Septembre Octobre Novembre Décembre
V/Λ2009 > Janvier Février Mars Avril Mai Juin Juillet Août Septembre Octobre Novembre Décembre
V/Λ2008 > Janvier Février Mars Avril Mai Juin Juillet Août Septembre Octobre Novembre Décembre
V/Λ2007 > Janvier Février Mars Avril Mai Juin Juillet Août Septembre Octobre Novembre Décembre
V/Λ2006 > Janvier Février Mars Avril Mai Juin Juillet Août Septembre Octobre Novembre Décembre
V/Λ2005 > Janvier Février Mars Avril Mai Juin Juillet Août Septembre Octobre Novembre Décembre
V/Λ2004 > Janvier Février Mars Avril Mai Juin Juillet Août Septembre Octobre Novembre Décembre
V/Λ2003 > Janvier Février Mars Avril Mai Juin Juillet Août Septembre Octobre Novembre Décembre
V/Λ2002 > Janvier Février Mars Avril Mai Juin Juillet Août Septembre Octobre Novembre Décembre

Rapport pour Août 2008
                   Monthly Climatological Summary for aot 2008

Name: IALSACEM4   City: Meyenheim   State: 
Elevation: 210 m  Lat: N 47 54' 42"   Lon: E 007 21' 22"

                  Temperature (C), Rain (mm), Wind Speed (km/h)

                                      Heat  Cool        Avg
    Mean                              Deg   Deg         Wind                 Dom
Day Temp  High   Time   Low    Time   Days  Days  Rain  Speed High   Time    Dir
----------------------------------------------------------------------------------
 1  21.4  23.4   09:08  19.3   13:59   0.0   3.1   1.0   5.6  17.6   19:08   SSO
 2  22.0  27.1   15:31  16.9   07:12   0.0   3.7   0.0   4.5  21.2   15:19    SO
 3  23.7  28.2   17:49  19.2   07:32   0.0   5.4   0.0   6.9  23.4   15:49    SO
 4  20.7  23.1   16:05  18.2   23:59   0.0   2.4   1.0   8.4  34.6   10:05    SO
 5  21.7  26.6   18:01  16.8   07:57   0.0   3.4   0.0   2.4  13.3   14:43    SO
 6  22.1  29.5   17:48  14.6   06:55   0.0   3.8   0.0   0.8  10.1   12:06   ENE
 7  22.9  29.7   13:28  16.1   06:18   0.0   4.6   0.0   6.0  24.1   16:49   SSO
 8  18.0  20.3   14:19  15.6   23:59   0.3   0.0   3.0   9.5  31.0   10:05   SSO
 9  19.8  24.4   17:48  15.2   06:46   0.0   1.5   1.0   2.4  14.0   13:19    SO
10  19.6  26.2   17:27  12.9   07:04   0.0   1.3   0.0   4.7  24.8   13:56   SSO
11  21.4  25.5   13:00  17.2   07:20   0.0   3.1   1.0   1.9  13.3   23:40   SSO
12  17.0  18.5   00:03  15.4   23:59   1.3   0.0  60.0   4.9  19.8   19:26     S
13  18.8  23.3   16:50  14.3   07:42   0.0   0.5   0.0   9.2  31.7   12:52    SO
14  17.8  24.1   15:18  11.5   06:36   0.5   0.0   0.0   2.7  12.2   12:41   SSO
15  15.6  17.9   16:13  13.2   23:59   2.7   0.0  13.0   1.8  16.2   14:08   NNE
16  16.6  22.0   17:18  11.1   07:37   1.7   0.0   0.0   2.5  15.5   18:12     N
17  17.5  24.3   14:05  10.7   06:50   0.8   0.0   0.0   3.4  24.1   14:37   SSO
18  19.9  28.3   00:23  13.6   00:23   1.6   0.0   0.0   4.4  23.4   00:23   SSO
19  21.3  27.0   13:55  15.5   23:03   0.0   3.0   3.0   9.4  24.8   13:01   SSO
20  17.8  21.1   13:55  14.5   06:44   0.5   0.0   0.0   6.2  17.6   16:47    SO
21  17.1  23.2   15:50  11.0   07:23   1.2   0.0   0.0   1.6  12.2   13:23   SSO
22  16.0  20.8   13:09  11.1   07:03   2.3   0.0   1.0   4.2  24.8   17:56   SSO
23  16.1  19.4   13:34  12.8   23:59   2.2   0.0   2.0   5.1  23.4   18:06    SO
24  16.1  22.7   16:45   9.5   07:26   2.2   0.0   0.0   2.4  13.3   15:58     S
25  19.7  24.7   17:04  14.7   06:48   0.0   1.4   0.0   2.9  17.6   14:58   SSO
26  19.1  24.6   16:48  13.6   07:22   0.0   0.8   0.0   1.9  13.3   15:37   NNE
27  19.4  25.9   16:25  12.8   07:42   0.0   1.1   0.0   1.0  10.8   13:18    NE
28  18.5  22.1   18:09  14.9   07:17   0.0   0.2   0.0   3.5  16.2   21:44     N
29  19.2  23.8   17:03  14.6   03:45   0.0   0.9   0.0   3.3  14.0   21:43   NNE
30  19.6  26.5   17:40  12.6   07:30   0.0   1.3   0.0   2.1  13.3   17:49   NNE
31  21.8  29.2   16:55  14.4   07:47   0.0   3.5   0.0   4.0  28.1   14:10   SSO
----------------------------------------------------------------------------------
    19.3  29.7     7     9.5    24    17.3  45.0  86.0   4.1  34.6     4      SO

Max >=  30.0:  0
Max <=   0.0:  0
Min <= -10.0:  0
Min <= -18.0:  0
Max Rain: 60.0 on day 12
Days of Rain: 10 (>= 0.2 mm)  5 (>= 2.0 mm)  1 (>= 20.0 mm)
Heat Base: 18.3  Cool Base: 18.3  Method: Integration


Mise à jour : 21/08/2019 07:23:19
powered by Cumulus v3.0.0 (3043)