METEO Meyenheim

 Latitude N 47° 54' 42"    Longitude E 07° 21' 22"    Altitude 210 m

Rapports de type NOAA
Selectionner un rapport Annuel ou mensuel
V/Λ2019 > Janvier Février Mars Avril Mai Juin Juillet Août Septembre Octobre Novembre Décembre
V/Λ2018 > Janvier Février Mars Avril Mai Juin Juillet Août Septembre Octobre Novembre Décembre
V/Λ2017 > Janvier Février Mars Avril Mai Juin Juillet Août Septembre Octobre Novembre Décembre
V/Λ2016 > Janvier Février Mars Avril Mai Juin Juillet Août Septembre Octobre Novembre Décembre
V/Λ2015 > Janvier Février Mars Avril Mai Juin Juillet Août Septembre Octobre Novembre Décembre
V/Λ2014 > Janvier Février Mars Avril Mai Juin Juillet Août Septembre Octobre Novembre Décembre
V/Λ2013 > Janvier Février Mars Avril Mai Juin Juillet Août Septembre Octobre Novembre Décembre
V/Λ2012 > Janvier Février Mars Avril Mai Juin Juillet Août Septembre Octobre Novembre Décembre
V/Λ2011 > Janvier Février Mars Avril Mai Juin Juillet Août Septembre Octobre Novembre Décembre
V/Λ2010 > Janvier Février Mars Avril Mai Juin Juillet Août Septembre Octobre Novembre Décembre
V/Λ2009 > Janvier Février Mars Avril Mai Juin Juillet Août Septembre Octobre Novembre Décembre
V/Λ2008 > Janvier Février Mars Avril Mai Juin Juillet Août Septembre Octobre Novembre Décembre
V/Λ2007 > Janvier Février Mars Avril Mai Juin Juillet Août Septembre Octobre Novembre Décembre
V/Λ2006 > Janvier Février Mars Avril Mai Juin Juillet Août Septembre Octobre Novembre Décembre
V/Λ2005 > Janvier Février Mars Avril Mai Juin Juillet Août Septembre Octobre Novembre Décembre
V/Λ2004 > Janvier Février Mars Avril Mai Juin Juillet Août Septembre Octobre Novembre Décembre
V/Λ2003 > Janvier Février Mars Avril Mai Juin Juillet Août Septembre Octobre Novembre Décembre
V/Λ2002 > Janvier Février Mars Avril Mai Juin Juillet Août Septembre Octobre Novembre Décembre

Rapport pour Septembre 2008
                   Monthly Climatological Summary for sept. 2008

Name: IALSACEM4   City: Meyenheim   State: 
Elevation: 210 m  Lat: N 47 54' 42"   Lon: E 007 21' 22"

                  Temperature (C), Rain (mm), Wind Speed (km/h)

                                      Heat  Cool        Avg
    Mean                              Deg   Deg         Wind                 Dom
Day Temp  High   Time   Low    Time   Days  Days  Rain  Speed High   Time    Dir
----------------------------------------------------------------------------------
 1  20.4  24.3   17:18  16.4   07:13   0.0   2.1   3.0   4.7  31.0   02:41    SO
 2  18.4  24.1   15:05  12.6   07:30   0.0   0.1   0.0   5.1  24.8   15:30   SSO
 3  20.6  25.9   13:42  15.3   04:05   0.0   2.3  22.0   6.0  24.8   13:03   SSO
 4  15.8  17.0   17:48  14.5   23:59   2.5   0.0   8.0   3.3  14.0   14:43   SSO
 5  19.6  25.6   16:33  13.6   07:10   0.0   1.3   0.0   1.1  14.0   14:28    SO
 6  17.5  20.1   14:20  14.9   23:59   0.8   0.0   1.0   6.3  22.7   15:38   SSO
 7  17.6  21.3   16:22  13.9   07:43   0.7   0.0   1.0   8.1  28.1   14:53   SSO
 8  18.0  22.7   16:38  13.3   08:19   0.3   0.0   1.0   3.0  17.6   12:55   SSO
 9  17.5  25.6   15:35   9.4   07:42   0.8   0.0   0.0   1.3  16.9   23:34   SSO
10  20.9  26.0   13:59  15.7   06:54   0.0   2.6   0.0   2.2  16.2   15:48     O
11  19.9  25.4   17:28  14.4   06:08   0.0   1.6   0.0   0.0   0.0   23:59   ---
12  16.5  18.8   00:03  14.1   23:59   1.8   0.0   3.0   4.1  24.1   10:12   SSO
13  13.6  14.4   02:26  12.8   23:59   4.7   0.0  41.0   1.0  16.9   22:06     N
14  11.3  14.9   17:09   7.7   08:31   7.0   0.0   0.0   9.9  27.4   13:34     N
15  10.5  14.9   16:04   6.1   07:27   7.8   0.0   0.0   8.2  21.2   19:23     N
16  11.3  15.4   16:01   7.2   04:49   7.0   0.0   0.0   7.0  19.8   14:35     N
17   9.7  14.2   16:44   5.1   07:47   8.6   0.0   0.0   5.3  14.0   19:35     N
18   9.8  14.5   17:13   5.1   07:59   8.5   0.0   0.0   1.4  10.1   17:53     N
19  13.7  18.5   17:14   8.8   07:49   4.6   0.0   0.0   2.5  17.6   21:43     N
20  12.8  17.4   15:50   8.2   23:59   5.5   0.0   0.0   9.0  25.6   18:55     N
21  11.6  16.8   17:03   6.3   07:45   6.7   0.0   0.0   8.1  24.1   17:10     N
22  11.8  16.4   16:53   7.2   05:31   6.5   0.0   0.0   5.3  21.2   17:48     N
23  11.9  16.1   16:03   7.7   23:59   6.4   0.0   0.0   6.2  18.4   18:09     N
24  10.8  17.3   16:29   4.2   06:12   7.5   0.0   0.0   4.3  16.9   17:14     N
25  13.4  16.5   13:38  10.3   05:19   4.9   0.0   0.0   8.9  21.2   17:00     N
26  13.5  17.9   16:32   9.1   07:52   4.8   0.0   0.0  10.2  28.1   13:22     N
27  12.7  18.6   16:18   6.7   07:42   5.6   0.0   0.0   7.5  24.1   14:54     N
28  10.9  17.3   16:26   4.4   08:19   7.4   0.0   0.0   0.6  10.1   11:36   ENE
29  12.1  19.5   15:55   4.7   06:57   6.2   0.0   0.0   3.8  21.2   15:23    SO
30  11.8  14.7   15:08   8.9   08:03   6.5   0.0   0.0   5.5  36.7   21:30    SO
----------------------------------------------------------------------------------
    14.5  26.0    10     4.2    24   123.1  10.0  80.0   5.0  36.7    30     NNO

Max >=  30.0:  0
Max <=   0.0:  0
Min <= -10.0:  0
Min <= -18.0:  0
Max Rain: 41.0 on day 13
Days of Rain: 8 (>= 0.2 mm)  5 (>= 2.0 mm)  2 (>= 20.0 mm)
Heat Base: 18.3  Cool Base: 18.3  Method: Integration


Mise à jour : 18/10/2019 06:40:06
powered by Cumulus v3.0.0 (3043)