METEO Meyenheim

 Latitude N 47° 54' 42"    Longitude E 07° 21' 22"    Altitude 210 m

Rapports de type NOAA
Selectionner un rapport Annuel ou mensuel
V/Λ2019 > Janvier Février Mars Avril Mai Juin Juillet Août Septembre Octobre Novembre Décembre
V/Λ2018 > Janvier Février Mars Avril Mai Juin Juillet Août Septembre Octobre Novembre Décembre
V/Λ2017 > Janvier Février Mars Avril Mai Juin Juillet Août Septembre Octobre Novembre Décembre
V/Λ2016 > Janvier Février Mars Avril Mai Juin Juillet Août Septembre Octobre Novembre Décembre
V/Λ2015 > Janvier Février Mars Avril Mai Juin Juillet Août Septembre Octobre Novembre Décembre
V/Λ2014 > Janvier Février Mars Avril Mai Juin Juillet Août Septembre Octobre Novembre Décembre
V/Λ2013 > Janvier Février Mars Avril Mai Juin Juillet Août Septembre Octobre Novembre Décembre
V/Λ2012 > Janvier Février Mars Avril Mai Juin Juillet Août Septembre Octobre Novembre Décembre
V/Λ2011 > Janvier Février Mars Avril Mai Juin Juillet Août Septembre Octobre Novembre Décembre
V/Λ2010 > Janvier Février Mars Avril Mai Juin Juillet Août Septembre Octobre Novembre Décembre
V/Λ2009 > Janvier Février Mars Avril Mai Juin Juillet Août Septembre Octobre Novembre Décembre
V/Λ2008 > Janvier Février Mars Avril Mai Juin Juillet Août Septembre Octobre Novembre Décembre
V/Λ2007 > Janvier Février Mars Avril Mai Juin Juillet Août Septembre Octobre Novembre Décembre
V/Λ2006 > Janvier Février Mars Avril Mai Juin Juillet Août Septembre Octobre Novembre Décembre
V/Λ2005 > Janvier Février Mars Avril Mai Juin Juillet Août Septembre Octobre Novembre Décembre
V/Λ2004 > Janvier Février Mars Avril Mai Juin Juillet Août Septembre Octobre Novembre Décembre
V/Λ2003 > Janvier Février Mars Avril Mai Juin Juillet Août Septembre Octobre Novembre Décembre
V/Λ2002 > Janvier Février Mars Avril Mai Juin Juillet Août Septembre Octobre Novembre Décembre

Rapport pour Novembre 2008
                   Monthly Climatological Summary for nov. 2008

Name: IALSACEM4   City: Meyenheim   State: 
Elevation: 210 m  Lat: N 47 54' 42"   Lon: E 007 21' 22"

                  Temperature (C), Rain (mm), Wind Speed (km/h)

                                      Heat  Cool        Avg
    Mean                              Deg   Deg         Wind                 Dom
Day Temp  High   Time   Low    Time   Days  Days  Rain  Speed High   Time    Dir
----------------------------------------------------------------------------------
 1   6.3   7.9   14:39   4.6   07:06  12.0   0.0   0.0   0.5   9.4   09:23     S
 2   8.7  11.7   14:12   5.7   02:07   9.6   0.0   0.0   1.5  13.3   23:57   NNE
 3  11.6  15.2   13:19   7.9   00:00   6.7   0.0   1.0   0.2  12.2   00:06    SO
 4  10.8  11.9   21:34   9.6   10:03   7.5   0.0   2.0   3.3  21.2   21:19     N
 5   8.9  11.3   00:05   6.4   23:59   9.4   0.0   0.0   1.3  13.0   00:41     N
 6   8.2  10.8   15:18   5.5   01:03  10.1   0.0   0.0   0.1   6.5   13:43     N
 7  11.0  16.6   14:24   5.4   03:42   7.3   0.0   0.0   2.0  17.6   23:33     S
 8  10.3  15.5   15:02   5.1   23:58   8.0   0.0   0.0   3.6  14.0   02:06   SSO
 9  10.4  15.6   14:25   5.2   00:00   7.9   0.0   0.0   9.6  31.0   08:02   SSO
10  14.1  18.8   15:02   9.4   03:23   4.2   0.0   0.0   8.8  24.8   15:22     S
11  10.9  15.5   11:35   6.3   23:36   7.4   0.0   0.0   7.6  28.8   11:58   SSO
12   9.3  13.0   11:52   5.6   23:58   9.0   0.0   0.0   3.1  14.0   13:00   SSO
13   7.2  11.5   12:47   2.8   05:10  11.1   0.0   0.0   6.5  19.8   11:13     N
14   4.4  10.6   15:06  -1.9   07:48  13.9   0.0   0.0   0.6  12.2   00:12   NNE
15   4.4  11.1   14:59  -2.4   07:18  13.9   0.0   0.0   0.7  10.1   15:31   NNE
16   8.2  10.1   14:37   6.2   08:18  10.1   0.0   0.0   3.6  17.6   17:40   SSO
17   5.7   8.5   15:10   2.9   23:54  12.6   0.0   0.0   4.9  20.5   06:01     N
18   5.6   8.2   14:24   3.0   06:53  12.7   0.0   0.0   3.1  20.5   11:57     S
19   6.7  10.6   15:08   2.7   03:48  11.6   0.0   0.0   0.7  12.2   21:21   SSO
20   8.1  11.6   14:42   4.5   00:12  10.2   0.0   0.0  11.7  31.0   23:22   SSO
21   6.1   9.5   13:10   2.7   23:59  12.2   0.0   1.0  10.7  36.7   16:00    SO
22   2.0   3.4   13:24   0.5   23:38  16.3   0.0   3.0   4.1  24.8   13:52     O
23   0.5   3.4   11:59  -2.4   07:36  17.8   0.0   0.0   7.4  28.1   18:20   SSO
24   3.9   7.8   12:56  -0.1   20:01  14.4   0.0   4.0   5.0  22.7   02:09   SSO
25   2.2   5.6   14:42  -1.3   23:59  16.1   0.0   0.0   4.2  19.8   03:39     N
26   0.9   4.9   15:02  -3.1   23:59  17.4   0.0   0.0   1.0  12.2   15:31     N
27  -0.1   4.5   13:58  -4.7   06:37  18.4   0.0   0.0   3.8  14.0   18:36   SSO
28  -1.5   1.4   14:39  -4.4   08:27  19.8   0.0   0.0   2.4  14.0   00:27   OSO
29   1.0   5.6   14:50  -3.7   08:26  17.3   0.0   0.0   0.8  13.0   23:26     E
30   3.8   8.0   13:16  -0.5   23:59  14.5   0.0   1.0   1.5  17.6   01:07   SSO
----------------------------------------------------------------------------------
     6.3  18.8    10    -4.7    27   359.4   0.0  12.0   3.8  36.7    21     SSO

Max >=  30.0:  0
Max <=   0.0:  0
Min <= -10.0:  0
Min <= -18.0:  0
Max Rain: 4.0 on day 24
Days of Rain: 6 (>= 0.2 mm)  3 (>= 2.0 mm)  0 (>= 20.0 mm)
Heat Base: 18.3  Cool Base: 18.3  Method: Integration


Mise à jour : 17/09/2019 06:36:52
powered by Cumulus v3.0.0 (3043)