METEO Meyenheim

 Latitude N 47° 54' 42"    Longitude E 07° 21' 22"    Altitude 210 m

Rapports de type NOAA
Selectionner un rapport Annuel ou mensuel
V/Λ2019 > Janvier Février Mars Avril Mai Juin Juillet Août Septembre Octobre Novembre Décembre
V/Λ2018 > Janvier Février Mars Avril Mai Juin Juillet Août Septembre Octobre Novembre Décembre
V/Λ2017 > Janvier Février Mars Avril Mai Juin Juillet Août Septembre Octobre Novembre Décembre
V/Λ2016 > Janvier Février Mars Avril Mai Juin Juillet Août Septembre Octobre Novembre Décembre
V/Λ2015 > Janvier Février Mars Avril Mai Juin Juillet Août Septembre Octobre Novembre Décembre
V/Λ2014 > Janvier Février Mars Avril Mai Juin Juillet Août Septembre Octobre Novembre Décembre
V/Λ2013 > Janvier Février Mars Avril Mai Juin Juillet Août Septembre Octobre Novembre Décembre
V/Λ2012 > Janvier Février Mars Avril Mai Juin Juillet Août Septembre Octobre Novembre Décembre
V/Λ2011 > Janvier Février Mars Avril Mai Juin Juillet Août Septembre Octobre Novembre Décembre
V/Λ2010 > Janvier Février Mars Avril Mai Juin Juillet Août Septembre Octobre Novembre Décembre
V/Λ2009 > Janvier Février Mars Avril Mai Juin Juillet Août Septembre Octobre Novembre Décembre
V/Λ2008 > Janvier Février Mars Avril Mai Juin Juillet Août Septembre Octobre Novembre Décembre
V/Λ2007 > Janvier Février Mars Avril Mai Juin Juillet Août Septembre Octobre Novembre Décembre
V/Λ2006 > Janvier Février Mars Avril Mai Juin Juillet Août Septembre Octobre Novembre Décembre
V/Λ2005 > Janvier Février Mars Avril Mai Juin Juillet Août Septembre Octobre Novembre Décembre
V/Λ2004 > Janvier Février Mars Avril Mai Juin Juillet Août Septembre Octobre Novembre Décembre
V/Λ2003 > Janvier Février Mars Avril Mai Juin Juillet Août Septembre Octobre Novembre Décembre
V/Λ2002 > Janvier Février Mars Avril Mai Juin Juillet Août Septembre Octobre Novembre Décembre

Rapport pour Janvier 2009
                   Monthly Climatological Summary for janv. 2009

Name: IALSACEM4   City: Meyenheim   State: 
Elevation: 210 m  Lat: N 47 54' 42"   Lon: E 007 21' 22"

                  Temperature (C), Rain (mm), Wind Speed (km/h)

                                      Heat  Cool        Avg
    Mean                              Deg   Deg         Wind                 Dom
Day Temp  High   Time   Low    Time   Days  Days  Rain  Speed High   Time    Dir
----------------------------------------------------------------------------------
 1   1.7   3.8   15:02  -0.4   23:59  16.6   0.0   3.0   2.3  16.9   23:25     N
 2  -1.7  -0.4   00:00  -2.9   23:59  20.0   0.0   0.0   7.7  22.0   18:47     N
 3  -3.1  -0.5   15:06  -5.6   08:59  21.4   0.0   0.0   4.7  16.9   01:38     N
 4  -4.5  -0.5   14:06  -8.4   07:50  22.8   0.0   0.0   0.6  10.8   12:44     S
 5  -4.4  -1.8   15:26  -6.9   02:45  22.7   0.0   0.0   1.5  14.0   22:44    NE
 6  -3.8  -2.7   02:40  -4.9   23:59  22.1   0.0   0.0  10.9  25.6   15:33     N
 7  -4.7  -2.8   15:07  -6.5   21:57  23.0   0.0   0.0   8.4  21.2   13:54     N
 8  -5.3  -2.3   15:12  -8.3   23:59  23.6   0.0   0.0   9.8  28.1   05:17     N
 9  -6.9  -3.3   15:15 -10.4   07:32  25.2   0.0   0.0   1.9   9.4   19:19     N
10  -8.0  -4.3   15:57 -11.6   06:07  26.3   0.0   0.0   0.1   6.5   17:34   NNO
11  -5.8   0.0   15:11 -11.5   06:27  24.1   0.0   0.0   0.0   5.8   13:46   SSE
12  -4.1   3.2   15:13 -11.4   05:50  22.4   0.0   0.0   2.5  14.0   16:11   SSO
13   1.1   7.1   13:23  -4.9   03:26  17.2   0.0   0.0   3.4  13.3   05:51   SSO
14  -3.1   0.5   17:00  -6.6   05:34  21.4   0.0   0.0   0.2  10.1   09:34     S
15   0.2   0.8   08:40  -0.5   23:59  18.1   0.0   4.0   1.0  11.5   09:58   NNE
16   1.0   4.8   15:19  -2.9   09:32  17.3   0.0   0.0   1.2  14.0   22:32   SSO
17   0.1   2.6   10:43  -2.5   08:45  18.2   0.0   0.0   8.8  20.5   10:36   SSO
18   4.7   6.6   16:49   2.7   10:04  13.6   0.0   9.0   9.1  29.5   20:22   SSO
19   6.5  10.6   15:23   2.3   01:59  11.8   0.0   5.0   8.6  31.7   15:13     S
20   3.8   7.0   13:12   0.6   21:30  14.5   0.0   0.0   4.3  21.2   03:23   SSO
21   2.3   6.2   12:36  -1.7   22:56  16.0   0.0   0.0   0.6   9.4   12:29   OSO
22   1.6   5.9   13:24  -2.8   06:44  16.7   0.0   0.0   7.1  21.2   23:38     S
23   6.8  10.8   14:28   2.8   23:59  11.5   0.0  16.0  11.3  56.2   15:59    SO
24   1.9   4.7   15:19  -0.9   08:19  16.4   0.0   0.0   4.4  18.4   00:48   NNO
25   2.4   7.4   13:18  -2.7   23:59  15.9   0.0   0.0   1.7  13.3   06:11    SO
26  -0.2   4.0   15:17  -4.3   06:01  18.5   0.0   0.0   0.4   9.4   16:10   NNE
27  -0.3   2.9   15:24  -3.4   04:48  18.6   0.0   0.0   0.8   9.4   23:58     N
28   0.7   2.7   15:11  -1.3   23:59  17.6   0.0   0.0   3.5  14.0   04:31     N
29   0.8   3.3   12:29  -1.8   23:59  17.5   0.0   0.0   6.7  18.4   11:57     N
30  -0.3   2.8   15:36  -3.4   21:37  18.6   0.0   0.0   4.0  14.0   06:41   NNE
31  -0.3   1.7   14:07  -2.2   23:54  18.6   0.0   0.0   5.2  14.0   17:18     N
----------------------------------------------------------------------------------
    -0.7  10.8    23   -11.6    10   588.2   0.0  37.0   4.3  56.2    23      NO

Max >=  30.0:  0
Max <=   0.0: 10
Min <= -10.0:  4
Min <= -18.0:  0
Max Rain: 16.0 on day 23
Days of Rain: 5 (>= 0.2 mm)  5 (>= 2.0 mm)  0 (>= 20.0 mm)
Heat Base: 18.3  Cool Base: 18.3  Method: Integration


Mise à jour : 24/08/2019 01:55:32
powered by Cumulus v3.0.0 (3043)