METEO Meyenheim

 Latitude N 47° 54' 42"    Longitude E 07° 21' 22"    Altitude 210 m

Rapports de type NOAA
Selectionner un rapport Annuel ou mensuel
V/Λ2019 > Janvier Février Mars Avril Mai Juin Juillet Août Septembre Octobre Novembre Décembre
V/Λ2018 > Janvier Février Mars Avril Mai Juin Juillet Août Septembre Octobre Novembre Décembre
V/Λ2017 > Janvier Février Mars Avril Mai Juin Juillet Août Septembre Octobre Novembre Décembre
V/Λ2016 > Janvier Février Mars Avril Mai Juin Juillet Août Septembre Octobre Novembre Décembre
V/Λ2015 > Janvier Février Mars Avril Mai Juin Juillet Août Septembre Octobre Novembre Décembre
V/Λ2014 > Janvier Février Mars Avril Mai Juin Juillet Août Septembre Octobre Novembre Décembre
V/Λ2013 > Janvier Février Mars Avril Mai Juin Juillet Août Septembre Octobre Novembre Décembre
V/Λ2012 > Janvier Février Mars Avril Mai Juin Juillet Août Septembre Octobre Novembre Décembre
V/Λ2011 > Janvier Février Mars Avril Mai Juin Juillet Août Septembre Octobre Novembre Décembre
V/Λ2010 > Janvier Février Mars Avril Mai Juin Juillet Août Septembre Octobre Novembre Décembre
V/Λ2009 > Janvier Février Mars Avril Mai Juin Juillet Août Septembre Octobre Novembre Décembre
V/Λ2008 > Janvier Février Mars Avril Mai Juin Juillet Août Septembre Octobre Novembre Décembre
V/Λ2007 > Janvier Février Mars Avril Mai Juin Juillet Août Septembre Octobre Novembre Décembre
V/Λ2006 > Janvier Février Mars Avril Mai Juin Juillet Août Septembre Octobre Novembre Décembre
V/Λ2005 > Janvier Février Mars Avril Mai Juin Juillet Août Septembre Octobre Novembre Décembre
V/Λ2004 > Janvier Février Mars Avril Mai Juin Juillet Août Septembre Octobre Novembre Décembre
V/Λ2003 > Janvier Février Mars Avril Mai Juin Juillet Août Septembre Octobre Novembre Décembre
V/Λ2002 > Janvier Février Mars Avril Mai Juin Juillet Août Septembre Octobre Novembre Décembre

Rapport pour Février 2009
                   Monthly Climatological Summary for fvr. 2009

Name: IALSACEM4   City: Meyenheim   State: 
Elevation: 210 m  Lat: N 47 54' 42"   Lon: E 007 21' 22"

                  Temperature (C), Rain (mm), Wind Speed (km/h)

                                      Heat  Cool        Avg
    Mean                              Deg   Deg         Wind                 Dom
Day Temp  High   Time   Low    Time   Days  Days  Rain  Speed High   Time    Dir
----------------------------------------------------------------------------------
 1  -0.6   1.1   15:22  -2.3   02:19  18.9   0.0   0.0   2.3  12.2   15:03     N
 2  -1.3   0.8   15:47  -3.3   19:49  19.6   0.0   1.0   0.6  10.8   09:17   NNE
 3   1.0   5.8   15:55  -3.8   04:25  17.3   0.0   1.0   0.4   9.4   14:49   NNO
 4   2.5   6.1   15:11  -1.1   23:59  15.8   0.0   0.0   0.8  10.1   15:13     S
 5   1.9   6.2   17:37  -2.4   05:27  16.4   0.0   2.0   2.2  24.8   16:42   SSE
 6   4.8   7.2   15:35   2.3   09:03  13.5   0.0   7.0   0.9  10.1   17:46    NO
 7   4.0   5.7   15:30   2.2   23:59  14.3   0.0   9.0   0.8  11.5   14:54   SSO
 8   2.0   4.0   11:24   0.0   23:59  16.3   0.0   1.0   1.1  12.2   13:03    NE
 9   2.9   6.5   23:59  -0.7   05:07  15.4   0.0   3.0  10.2  28.1   21:27     S
10   6.5  10.9   06:25   2.1   23:53  11.8   0.0  13.0  11.6  50.0   07:04   SSO
11   3.3   5.9   15:04   0.7   03:49  15.0   0.0   1.0   2.8  16.2   14:53   ONO
12   1.1   3.7   14:04  -1.5   21:08  17.2   0.0   1.0   5.6  21.2   11:18    NO
13   0.4   4.8   15:29  -4.1   08:05  17.9   0.0   0.0   2.4  14.0   13:08     S
14   0.4   3.1   16:06  -2.3   23:53  17.9   0.0   1.0   2.9  19.8   14:11     N
15  -1.5   1.7   12:14  -4.6   08:19  19.8   0.0   0.0   2.5  13.3   03:01     E
16   1.1   4.6   14:36  -2.4   00:35  17.2   0.0   1.0   5.4  16.9   13:54     S
17   2.7   4.5   13:50   0.9   23:59  15.6   0.0   3.0   8.6  28.1   21:45   SSO
18  -0.7   2.2   15:29  -3.5   08:17  19.0   0.0   0.0   8.3  27.0   01:43     N
19  -2.6   1.9   15:42  -7.0   05:50  20.9   0.0   0.0   0.5   9.4   14:31   NNE
20   0.1   3.9   15:46  -3.8   00:07  18.2   0.0   0.0   3.3  14.0   11:32     S
21   4.4   7.5   12:30   1.2   08:08  13.9   0.0   0.0   1.9  14.0   13:20     N
22   3.7   6.3   14:46   1.0   02:38  14.6   0.0   5.0   6.6  24.8   11:55   SSO
23   6.0   8.8   13:44   3.1   07:29  12.3   0.0   3.0   1.7  14.0   13:48    SO
24   4.6   6.3   12:14   2.8   08:00  13.7   0.0   0.0   2.7  14.0   14:23     N
25   3.7   9.1   15:23  -1.7   07:54  14.6   0.0   0.0   3.3  14.0   01:30   NNE
26   4.3   9.2   15:47  -0.7   03:04  14.0   0.0   0.0   2.2  16.9   13:51   SSO
27   7.5  13.4   15:01   1.6   23:59  10.8   0.0   0.0   4.0  20.5   11:07    SO
28   6.6  14.4   15:55  -1.3   07:17  11.7   0.0   0.0   0.7   9.4   14:52   ESE
----------------------------------------------------------------------------------
     2.5  14.4    28    -7.0    19   443.6   0.0  52.0   3.4  50.0    10      SO

Max >=  30.0:  0
Max <=   0.0:  0
Min <= -10.0:  0
Min <= -18.0:  0
Max Rain: 13.0 on day 10
Days of Rain: 15 (>= 0.2 mm)  8 (>= 2.0 mm)  0 (>= 20.0 mm)
Heat Base: 18.3  Cool Base: 18.3  Method: Integration


Mise à jour : 21/08/2019 06:41:18
powered by Cumulus v3.0.0 (3043)