METEO Meyenheim

 Latitude N 47° 54' 42"    Longitude E 07° 21' 22"    Altitude 210 m

Rapports de type NOAA
Selectionner un rapport Annuel ou mensuel
V/Λ2019 > Janvier Février Mars Avril Mai Juin Juillet Août Septembre Octobre Novembre Décembre
V/Λ2018 > Janvier Février Mars Avril Mai Juin Juillet Août Septembre Octobre Novembre Décembre
V/Λ2017 > Janvier Février Mars Avril Mai Juin Juillet Août Septembre Octobre Novembre Décembre
V/Λ2016 > Janvier Février Mars Avril Mai Juin Juillet Août Septembre Octobre Novembre Décembre
V/Λ2015 > Janvier Février Mars Avril Mai Juin Juillet Août Septembre Octobre Novembre Décembre
V/Λ2014 > Janvier Février Mars Avril Mai Juin Juillet Août Septembre Octobre Novembre Décembre
V/Λ2013 > Janvier Février Mars Avril Mai Juin Juillet Août Septembre Octobre Novembre Décembre
V/Λ2012 > Janvier Février Mars Avril Mai Juin Juillet Août Septembre Octobre Novembre Décembre
V/Λ2011 > Janvier Février Mars Avril Mai Juin Juillet Août Septembre Octobre Novembre Décembre
V/Λ2010 > Janvier Février Mars Avril Mai Juin Juillet Août Septembre Octobre Novembre Décembre
V/Λ2009 > Janvier Février Mars Avril Mai Juin Juillet Août Septembre Octobre Novembre Décembre
V/Λ2008 > Janvier Février Mars Avril Mai Juin Juillet Août Septembre Octobre Novembre Décembre
V/Λ2007 > Janvier Février Mars Avril Mai Juin Juillet Août Septembre Octobre Novembre Décembre
V/Λ2006 > Janvier Février Mars Avril Mai Juin Juillet Août Septembre Octobre Novembre Décembre
V/Λ2005 > Janvier Février Mars Avril Mai Juin Juillet Août Septembre Octobre Novembre Décembre
V/Λ2004 > Janvier Février Mars Avril Mai Juin Juillet Août Septembre Octobre Novembre Décembre
V/Λ2003 > Janvier Février Mars Avril Mai Juin Juillet Août Septembre Octobre Novembre Décembre
V/Λ2002 > Janvier Février Mars Avril Mai Juin Juillet Août Septembre Octobre Novembre Décembre

Rapport pour Mars 2009
                   Monthly Climatological Summary for mars 2009

Name: IALSACEM4   City: Meyenheim   State: 
Elevation: 210 m  Lat: N 47 54' 42"   Lon: E 007 21' 22"

                  Temperature (C), Rain (mm), Wind Speed (km/h)

                                      Heat  Cool        Avg
    Mean                              Deg   Deg         Wind                 Dom
Day Temp  High   Time   Low    Time   Days  Days  Rain  Speed High   Time    Dir
----------------------------------------------------------------------------------
 1   7.6  14.3   14:50   0.9   07:31  10.7   0.0   0.0   4.7  22.0   14:27   SSO
 2   7.8   9.7   13:30   5.9   23:59  10.5   0.0   2.0   2.5  16.2   03:31     S
 3   5.5   9.6   14:06   1.4   23:59  12.8   0.0   1.0   1.8  13.3   16:56     S
 4   6.1  12.4   12:43  -0.3   04:52  12.2   0.0   0.0   2.9  14.0   11:51    SO
 5   4.6   6.6   14:27   2.5   22:11  13.7   0.0  14.0   1.7  14.0   15:48     O
 6   4.0   5.7   13:45   2.2   23:59  14.3   0.0   9.0   1.6  13.3   18:34   SSO
 7   4.1   8.8   14:42  -0.6   07:43  14.2   0.0   0.0   2.1  16.2   11:57   SSO
 8   5.9  10.7   14:47   1.0   06:03  12.4   0.0   0.0  11.7  35.3   18:56   SSO
 9   6.2   9.6   15:16   2.8   06:51  12.1   0.0   1.0   8.8  43.6   02:07    SO
10   5.0   6.3   13:07   3.7   06:47  13.3   0.0   1.0  11.2  41.4   16:16   SSO
11   5.1   9.8   14:04   0.4   23:59  13.2   0.0   2.0   3.9  17.6   14:08   NNO
12   4.6   9.6   15:17  -0.5   05:11  13.7   0.0   0.0   7.1  25.6   16:05   SSO
13  10.5  15.9   15:11   5.0   23:59   7.8   0.0   0.0   3.9  17.6   00:42   SSO
14   9.1  16.4   14:30   1.7   07:13   9.2   0.0   0.0   2.5  14.0   17:44   SSO
15  11.4  15.4   15:22   7.4   07:20   6.9   0.0   0.0   4.0  21.2   13:54   NNO
16   8.1  14.4   13:23   1.7   06:22  10.2   0.0   0.0   5.5  20.5   13:23     N
17   7.9  15.1   15:12   0.7   07:12  10.4   0.0   0.0   5.2  20.5   21:36     N
18   9.2  15.0   16:05   3.3   06:33   9.1   0.0   0.0   7.7  21.2   16:31     N
19   6.5  14.5   14:39  -1.6   05:22  11.8   0.0   0.0   6.2  24.8   18:10     N
20   4.0   8.1   14:39  -0.2   23:59  14.3   0.0   0.0   8.1  27.0   11:28     N
21   4.2   9.4   15:14  -1.0   23:59  14.1   0.0   0.0   6.9  24.8   14:40     N
22   5.8  14.5   15:30  -2.9   03:07  12.5   0.0   0.0   3.4  19.8   19:11     S
23   7.1  12.8   13:24   1.3   02:17  11.2   0.0   0.0   9.2  36.0   17:17    SO
24   6.3  10.1   14:52   2.4   07:03  12.0   0.0   0.0   5.1  27.4   01:36   ONO
25   4.5   6.8   12:08   2.2   03:51  13.8   0.0  10.0   9.7  36.7   12:57   SSO
26   5.6  10.1   09:48   1.0   03:41  12.7   0.0   1.0   8.1  27.4   12:43    SO
27   9.9  13.1   11:48   6.7   05:52   8.4   0.0   1.0  11.2  31.7   04:33   SSO
28   8.1  10.5   14:03   5.7   22:44  10.2   0.0   1.0   9.0  28.8   06:05   SSO
29   8.0  11.6   14:57   4.3   23:59  10.3   0.0   0.0   4.7  20.5   17:52   NNE
30   6.9  11.2   12:45   2.5   07:21  11.4   0.0   0.0   7.7  27.0   11:11     N
31   9.4  15.5   15:29   3.3   07:42   8.9   0.0   0.0   8.2  24.8   17:50     N
----------------------------------------------------------------------------------
     6.7  16.4    14    -2.9    22   358.3   0.0  43.0   6.0  43.6     9     OSO

Max >=  30.0:  0
Max <=   0.0:  0
Min <= -10.0:  0
Min <= -18.0:  0
Max Rain: 14.0 on day 5
Days of Rain: 11 (>= 0.2 mm)  5 (>= 2.0 mm)  0 (>= 20.0 mm)
Heat Base: 18.3  Cool Base: 18.3  Method: Integration


Mise à jour : 20/11/2019 07:30:03
powered by Cumulus v3.0.0 (3043)