METEO Meyenheim

 Latitude N 47° 54' 42"    Longitude E 07° 21' 22"    Altitude 210 m

Rapports de type NOAA
Selectionner un rapport Annuel ou mensuel
V/Λ2019 > Janvier Février Mars Avril Mai Juin Juillet Août Septembre Octobre Novembre Décembre
V/Λ2018 > Janvier Février Mars Avril Mai Juin Juillet Août Septembre Octobre Novembre Décembre
V/Λ2017 > Janvier Février Mars Avril Mai Juin Juillet Août Septembre Octobre Novembre Décembre
V/Λ2016 > Janvier Février Mars Avril Mai Juin Juillet Août Septembre Octobre Novembre Décembre
V/Λ2015 > Janvier Février Mars Avril Mai Juin Juillet Août Septembre Octobre Novembre Décembre
V/Λ2014 > Janvier Février Mars Avril Mai Juin Juillet Août Septembre Octobre Novembre Décembre
V/Λ2013 > Janvier Février Mars Avril Mai Juin Juillet Août Septembre Octobre Novembre Décembre
V/Λ2012 > Janvier Février Mars Avril Mai Juin Juillet Août Septembre Octobre Novembre Décembre
V/Λ2011 > Janvier Février Mars Avril Mai Juin Juillet Août Septembre Octobre Novembre Décembre
V/Λ2010 > Janvier Février Mars Avril Mai Juin Juillet Août Septembre Octobre Novembre Décembre
V/Λ2009 > Janvier Février Mars Avril Mai Juin Juillet Août Septembre Octobre Novembre Décembre
V/Λ2008 > Janvier Février Mars Avril Mai Juin Juillet Août Septembre Octobre Novembre Décembre
V/Λ2007 > Janvier Février Mars Avril Mai Juin Juillet Août Septembre Octobre Novembre Décembre
V/Λ2006 > Janvier Février Mars Avril Mai Juin Juillet Août Septembre Octobre Novembre Décembre
V/Λ2005 > Janvier Février Mars Avril Mai Juin Juillet Août Septembre Octobre Novembre Décembre
V/Λ2004 > Janvier Février Mars Avril Mai Juin Juillet Août Septembre Octobre Novembre Décembre
V/Λ2003 > Janvier Février Mars Avril Mai Juin Juillet Août Septembre Octobre Novembre Décembre
V/Λ2002 > Janvier Février Mars Avril Mai Juin Juillet Août Septembre Octobre Novembre Décembre

Rapport pour Avril 2009
                   Monthly Climatological Summary for avr. 2009

Name: IALSACEM4   City: Meyenheim   State: 
Elevation: 210 m  Lat: N 47 54' 42"   Lon: E 007 21' 22"

                  Temperature (C), Rain (mm), Wind Speed (km/h)

                                      Heat  Cool        Avg
    Mean                              Deg   Deg         Wind                 Dom
Day Temp  High   Time   Low    Time   Days  Days  Rain  Speed High   Time    Dir
----------------------------------------------------------------------------------
 1   8.4  11.6   14:31   5.1   07:27   9.9   0.0   0.0  10.0  24.1   15:36     N
 2  12.8  19.4   16:12   6.2   05:34   5.5   0.0   0.0   5.3  20.5   15:27     N
 3  15.0  21.0   15:48   9.0   03:18   3.3   0.0   2.0   5.1  24.1   15:13   SSO
 4  13.1  21.4   16:26   4.8   06:58   5.2   0.0  13.0   2.2  14.0   17:20   OSO
 5  14.1  18.9   16:35   9.2   07:38   4.2   0.0   0.0   3.3  16.2   18:04     N
 6  14.4  23.4   16:14   5.3   07:08   3.9   0.0   0.0   2.3  17.6   15:23   SSO
 7  15.9  23.7   15:40   8.1   04:29   2.4   0.0   0.0   4.2  21.2   23:32    SO
 8  14.6  19.7   15:37   9.5   23:55   3.7   0.0   0.0   8.7  24.8   13:17   SSO
 9  13.3  22.2   16:59   4.4   07:27   5.0   0.0   0.0   1.2  13.3   15:57   ONO
10  15.5  24.6   16:24   6.3   07:42   2.8   0.0   0.0   1.0  12.2   23:48   NNE
11  15.2  23.8   16:43   6.5   06:48   3.1   0.0   0.0   1.6  14.8   15:00     N
12  14.7  19.9   16:07   9.4   07:36   3.6   0.0   0.0   1.1  13.3   17:02   NNE
13  15.0  24.3   16:39   5.7   07:29   3.3   0.0   0.0   2.2  14.0   17:03     N
14  16.9  23.7   17:18  10.1   07:11   1.4   0.0   0.0   1.9  13.0   09:06   SSE
15  15.9  24.7   16:58   7.0   07:38   2.4   0.0   0.0   0.0   0.0   23:59   ---
16  13.3  17.5   14:05   9.1   23:47   5.0   0.0   1.0   3.0  40.3   14:53   SSO
17  13.2  17.5   14:08   8.8   04:55   5.1   0.0   0.0   8.4  27.0   13:41    SO
18  11.3  16.1   15:45   6.4   23:59   7.0   0.0   1.0   3.8  16.9   12:10   OSO
19  11.3  19.0   17:17   3.6   06:13   7.0   0.0   0.0   6.7  28.1   16:53     N
20  16.0  21.2   16:37  10.8   07:31   2.3   0.0   0.0  11.0  28.1   16:47     N
21  17.3  22.9   16:59  11.7   07:23   1.0   0.0   0.0  10.6  28.1   17:37     N
22  16.6  22.2   15:14  11.0   07:49   1.7   0.0   0.0   6.4  20.5   18:55     N
23  12.1  17.3   15:08   6.8   07:41   6.2   0.0   0.0   6.9  26.3   17:38     N
24  11.5  18.2   18:00   4.7   07:14   6.8   0.0   0.0   6.6  24.1   17:51     N
25  15.7  23.6   16:31   7.8   00:44   2.6   0.0   0.0   3.3  22.7   12:23    SO
26  15.4  21.8   14:39   8.9   06:56   2.9   0.0   0.0   1.8  14.8   11:53     N
27  13.2  16.0   12:31  10.3   02:40   5.1   0.0   0.0   6.2  20.5   09:18   SSO
28  10.2  12.0   18:18   8.4   23:59   8.1   0.0   2.0   4.9  24.1   13:40   SSO
29  11.6  15.7   17:55   7.4   23:59   6.7   0.0   0.0   6.2  22.0   16:33    SO
30  11.4  18.7   15:47   4.0   05:05   6.9   0.0   0.0   2.9  17.6   16:47   NNE
----------------------------------------------------------------------------------
    13.8  24.7    15     3.6    19   134.1   0.0  19.0   4.6  40.3    16      NO

Max >=  30.0:  0
Max <=   0.0:  0
Min <= -10.0:  0
Min <= -18.0:  0
Max Rain: 13.0 on day 4
Days of Rain: 5 (>= 0.2 mm)  3 (>= 2.0 mm)  0 (>= 20.0 mm)
Heat Base: 18.3  Cool Base: 18.3  Method: Integration


Mise à jour : 24/08/2019 02:20:32
powered by Cumulus v3.0.0 (3043)