METEO Meyenheim

 Latitude N 47° 54' 42"    Longitude E 07° 21' 22"    Altitude 210 m

Rapports de type NOAA
Selectionner un rapport Annuel ou mensuel
V/Λ2019 > Janvier Février Mars Avril Mai Juin Juillet Août Septembre Octobre Novembre Décembre
V/Λ2018 > Janvier Février Mars Avril Mai Juin Juillet Août Septembre Octobre Novembre Décembre
V/Λ2017 > Janvier Février Mars Avril Mai Juin Juillet Août Septembre Octobre Novembre Décembre
V/Λ2016 > Janvier Février Mars Avril Mai Juin Juillet Août Septembre Octobre Novembre Décembre
V/Λ2015 > Janvier Février Mars Avril Mai Juin Juillet Août Septembre Octobre Novembre Décembre
V/Λ2014 > Janvier Février Mars Avril Mai Juin Juillet Août Septembre Octobre Novembre Décembre
V/Λ2013 > Janvier Février Mars Avril Mai Juin Juillet Août Septembre Octobre Novembre Décembre
V/Λ2012 > Janvier Février Mars Avril Mai Juin Juillet Août Septembre Octobre Novembre Décembre
V/Λ2011 > Janvier Février Mars Avril Mai Juin Juillet Août Septembre Octobre Novembre Décembre
V/Λ2010 > Janvier Février Mars Avril Mai Juin Juillet Août Septembre Octobre Novembre Décembre
V/Λ2009 > Janvier Février Mars Avril Mai Juin Juillet Août Septembre Octobre Novembre Décembre
V/Λ2008 > Janvier Février Mars Avril Mai Juin Juillet Août Septembre Octobre Novembre Décembre
V/Λ2007 > Janvier Février Mars Avril Mai Juin Juillet Août Septembre Octobre Novembre Décembre
V/Λ2006 > Janvier Février Mars Avril Mai Juin Juillet Août Septembre Octobre Novembre Décembre
V/Λ2005 > Janvier Février Mars Avril Mai Juin Juillet Août Septembre Octobre Novembre Décembre
V/Λ2004 > Janvier Février Mars Avril Mai Juin Juillet Août Septembre Octobre Novembre Décembre
V/Λ2003 > Janvier Février Mars Avril Mai Juin Juillet Août Septembre Octobre Novembre Décembre
V/Λ2002 > Janvier Février Mars Avril Mai Juin Juillet Août Septembre Octobre Novembre Décembre

Rapport pour Juin 2009
                   Monthly Climatological Summary for juin 2009

Name: IALSACEM4   City: Meyenheim   State: 
Elevation: 210 m  Lat: N 47 54' 42"   Lon: E 007 21' 22"

                  Temperature (C), Rain (mm), Wind Speed (km/h)

                                      Heat  Cool        Avg
    Mean                              Deg   Deg         Wind                 Dom
Day Temp  High   Time   Low    Time   Days  Days  Rain  Speed High   Time    Dir
----------------------------------------------------------------------------------
 1  17.7  23.5   16:34  11.9   06:18   0.6   0.0   0.0   8.8  28.1   11:46     N
 2  19.4  25.7   16:54  13.1   06:41   0.0   1.1   0.0   6.0  21.2   18:49     N
 3  17.5  23.6   16:04  11.3   06:21   0.8   0.0   0.0   3.9  19.8   11:28   NNE
 4  16.2  20.4   16:11  12.0   06:22   2.1   0.0   0.0   5.8  16.2   08:17     N
 5  14.4  21.0   15:13   7.7   06:40   3.9   0.0   0.0   6.4  19.8   23:45     N
 6  14.9  19.4   12:46  10.3   06:06   3.4   0.0   8.0   6.3  27.0   17:00    SO
 7  16.6  20.9   15:07  12.3   04:09   1.7   0.0   1.0   9.1  31.7   11:47    SO
 8  16.8  22.4   14:11  11.2   06:27   1.5   0.0   4.0   2.4  16.2   14:14   SSO
 9  18.1  23.6   15:24  12.5   07:30   0.2   0.0   2.0   8.6  31.7   12:17   SSO
10  18.7  23.8   16:15  13.5   05:40   0.0   0.4   2.0   7.3  25.6   16:10   SSO
11  18.7  22.3   16:35  15.0   02:15   0.0   0.4   1.0  10.9  36.7   11:29   OSO
12  16.8  24.0   15:24   9.5   05:51   1.5   0.0   0.0   4.4  22.7   16:00   OSO
13  19.4  26.3   17:32  12.5   06:41   0.0   1.1   0.0   2.2  13.3   16:18    SE
14  21.0  29.0   15:11  13.0   06:09   0.0   2.7   0.0   2.7  21.2   17:07   SSO
15  19.9  23.1   16:56  16.6   23:59   0.0   1.6  14.0   5.9  21.2   14:08   SSO
16  19.4  23.2   14:45  15.6   06:35   0.0   1.1   0.0   4.2  17.6   11:10     O
17  18.7  26.3   18:14  11.1   06:46   0.0   0.4   0.0   2.6  13.3   08:57   ENE
18  23.3  30.6   15:51  15.9   03:59   0.0   5.0   0.0   4.9  21.2   12:50    SO
19  17.9  22.0   00:02  13.8   23:59   0.4   0.0   0.0   1.7  12.2   18:56    NE
20  15.9  19.7   17:21  12.1   23:59   2.4   0.0   2.0   3.0  17.6   19:04   NNO
21  13.9  19.0   15:06   8.7   06:12   4.4   0.0   6.0   1.9  18.4   15:16     N
22  14.6  18.1   18:18  11.0   06:39   3.7   0.0   0.0   5.9  27.4   18:40     N
23  16.0  19.8   13:12  12.2   05:56   2.3   0.0   0.0   6.2  24.8   12:31     N
24  18.7  24.1   18:31  13.3   04:25   0.0   0.4   0.0   7.7  27.4   15:03     N
25  20.8  26.4   17:51  15.2   06:35   0.0   2.5   0.0   2.3  19.8   00:24   NNE
26  21.3  26.3   15:28  16.2   06:12   0.0   3.0   0.0   2.2  22.7   16:00   OSO
27  20.1  24.2   13:31  15.9   06:11   0.0   1.8  10.0   1.3  17.6   13:48   SSE
28  21.0  27.5   17:42  14.5   06:30   0.0   2.7   0.0   1.5  10.1   19:25   ENE
29  22.9  28.9   14:41  16.8   06:50   0.0   4.6   0.0   4.0  16.2   14:35     N
30  23.7  30.2   17:35  17.2   06:38   0.0   5.4   0.0   3.1  16.9   13:07   NNE
----------------------------------------------------------------------------------
    18.5  30.6    18     7.7     5    28.9  34.2  50.0   4.8  36.7    11      NO

Max >=  30.0:  2
Max <=   0.0:  0
Min <= -10.0:  0
Min <= -18.0:  0
Max Rain: 14.0 on day 15
Days of Rain: 10 (>= 0.2 mm)  8 (>= 2.0 mm)  0 (>= 20.0 mm)
Heat Base: 18.3  Cool Base: 18.3  Method: Integration


Mise à jour : 17/09/2019 06:54:52
powered by Cumulus v3.0.0 (3043)