METEO Meyenheim

 Latitude N 47° 54' 42"    Longitude E 07° 21' 22"    Altitude 210 m

Rapports de type NOAA
Selectionner un rapport Annuel ou mensuel
V/Λ2019 > Janvier Février Mars Avril Mai Juin Juillet Août Septembre Octobre Novembre Décembre
V/Λ2018 > Janvier Février Mars Avril Mai Juin Juillet Août Septembre Octobre Novembre Décembre
V/Λ2017 > Janvier Février Mars Avril Mai Juin Juillet Août Septembre Octobre Novembre Décembre
V/Λ2016 > Janvier Février Mars Avril Mai Juin Juillet Août Septembre Octobre Novembre Décembre
V/Λ2015 > Janvier Février Mars Avril Mai Juin Juillet Août Septembre Octobre Novembre Décembre
V/Λ2014 > Janvier Février Mars Avril Mai Juin Juillet Août Septembre Octobre Novembre Décembre
V/Λ2013 > Janvier Février Mars Avril Mai Juin Juillet Août Septembre Octobre Novembre Décembre
V/Λ2012 > Janvier Février Mars Avril Mai Juin Juillet Août Septembre Octobre Novembre Décembre
V/Λ2011 > Janvier Février Mars Avril Mai Juin Juillet Août Septembre Octobre Novembre Décembre
V/Λ2010 > Janvier Février Mars Avril Mai Juin Juillet Août Septembre Octobre Novembre Décembre
V/Λ2009 > Janvier Février Mars Avril Mai Juin Juillet Août Septembre Octobre Novembre Décembre
V/Λ2008 > Janvier Février Mars Avril Mai Juin Juillet Août Septembre Octobre Novembre Décembre
V/Λ2007 > Janvier Février Mars Avril Mai Juin Juillet Août Septembre Octobre Novembre Décembre
V/Λ2006 > Janvier Février Mars Avril Mai Juin Juillet Août Septembre Octobre Novembre Décembre
V/Λ2005 > Janvier Février Mars Avril Mai Juin Juillet Août Septembre Octobre Novembre Décembre
V/Λ2004 > Janvier Février Mars Avril Mai Juin Juillet Août Septembre Octobre Novembre Décembre
V/Λ2003 > Janvier Février Mars Avril Mai Juin Juillet Août Septembre Octobre Novembre Décembre
V/Λ2002 > Janvier Février Mars Avril Mai Juin Juillet Août Septembre Octobre Novembre Décembre

Rapport pour Juillet 2009
                   Monthly Climatological Summary for juil. 2009

Name: IALSACEM4   City: Meyenheim   State: 
Elevation: 210 m  Lat: N 47 54' 42"   Lon: E 007 21' 22"

                  Temperature (C), Rain (mm), Wind Speed (km/h)

                                      Heat  Cool        Avg
    Mean                              Deg   Deg         Wind                 Dom
Day Temp  High   Time   Low    Time   Days  Days  Rain  Speed High   Time    Dir
----------------------------------------------------------------------------------
 1  24.4  31.2   16:28  17.5   06:11   0.0   6.1   0.0   2.8  16.9   16:59   NNE
 2  23.9  31.0   15:38  16.8   06:38   0.0   5.6   0.0   2.1  16.2   16:06    NE
 3  22.4  26.8   16:01  17.9   05:14   0.0   4.1   0.0   3.0  24.8   17:02     O
 4  22.1  28.0   12:45  16.1   05:09   0.0   3.8   0.0   1.4  15.5   14:36   ONO
 5  23.1  28.6   16:53  17.5   03:45   0.0   4.8   0.0   1.9  13.3   18:10     S
 6  23.0  27.5   17:04  18.4   07:05   0.0   4.7   2.0   4.0  26.3   15:53   OSO
 7  19.1  22.3   15:15  15.8   23:59   0.0   0.8   0.0   6.2  29.5   16:22    SO
 8  17.6  21.1   17:31  14.0   05:48   0.7   0.0   0.0   9.5  28.1   10:45    SO
 9  18.7  23.3   15:27  14.1   07:04   0.0   0.4   0.0   6.9  22.7   13:30    SO
10  17.8  22.8   17:22  12.7   06:08   0.5   0.0   0.0   5.1  28.1   13:14   OSO
11  17.6  22.5   18:18  12.7   06:12   0.7   0.0   0.0   2.0  19.1   13:01    SO
12  18.9  25.0   17:34  12.7   04:14   0.0   0.6   1.0   3.6  27.0   18:48    SO
13  22.8  28.1   17:39  17.4   05:01   0.0   4.5   0.0   4.2  14.0   13:43     S
14  22.5  27.0   16:49  18.0   07:10   0.0   4.2  10.0   5.2  22.0   18:30    NO
15  22.1  26.6   17:14  17.6   04:39   0.0   3.8  22.0   2.2  13.3   02:19     S
16  23.7  29.9   17:44  17.5   06:19   0.0   5.4   0.0   1.8  13.0   15:02   ENE
17  17.9  21.8   00:00  13.9   23:59   0.4   0.0   9.0   6.1  28.1   04:56   SSO
18  16.1  19.4   18:33  12.7   06:29   2.2   0.0   1.0   8.3  27.4   19:19    SO
19  18.0  22.2   16:48  13.7   06:10   0.3   0.0   0.0  10.2  30.2   15:26    SO
20  20.0  25.9   15:55  14.0   02:42   0.0   1.7   0.0   6.5  24.1   15:01    SO
21  23.3  32.1   17:09  14.4   06:50   0.0   5.0   0.0   3.8  20.5   17:09   SSO
22  23.1  28.0   17:12  18.1   12:53   0.0   4.8   1.0   6.1  30.2   07:33   SSO
23  21.3  24.2   10:57  18.4   23:59   0.0   3.0   1.0   5.5  22.0   18:12   SSO
24  20.1  24.3   18:05  15.9   05:23   0.0   1.8   0.0   7.6  24.1   20:25    SO
25  19.0  23.9   18:05  14.1   06:39   0.0   0.7   0.0   5.9  19.8   16:19    SO
26  18.1  25.9   16:49  10.2   06:51   0.2   0.0   0.0   1.2  10.8   14:04     E
27  21.4  30.9   14:20  11.8   06:33   0.0   3.1   4.0   3.5  24.1   18:35    SO
28  19.2  24.0   18:04  14.3   06:30   0.0   0.9   1.0   2.3  14.0   15:59    NE
29  22.0  31.4   18:09  12.5   07:03   0.0   3.7   0.0   2.6  16.9   17:49     S
30  21.2  25.7   18:08  16.6   23:59   0.0   2.9   0.0   6.0  27.4   04:58     O
31  19.2  25.0   16:41  13.3   06:43   0.0   0.9   0.0   4.2  17.6   12:49     N
----------------------------------------------------------------------------------
    20.6  32.1    21    10.2    26     5.0  77.3  52.0   4.6  30.2    19      SO

Max >=  30.0:  5
Max <=   0.0:  0
Min <= -10.0:  0
Min <= -18.0:  0
Max Rain: 22.0 on day 15
Days of Rain: 10 (>= 0.2 mm)  5 (>= 2.0 mm)  1 (>= 20.0 mm)
Heat Base: 18.3  Cool Base: 18.3  Method: Integration


Mise à jour : 18/10/2019 06:43:06
powered by Cumulus v3.0.0 (3043)