METEO Meyenheim

 Latitude N 47° 54' 42"    Longitude E 07° 21' 22"    Altitude 210 m

Rapports de type NOAA
Selectionner un rapport Annuel ou mensuel
V/Λ2019 > Janvier Février Mars Avril Mai Juin Juillet Août Septembre Octobre Novembre Décembre
V/Λ2018 > Janvier Février Mars Avril Mai Juin Juillet Août Septembre Octobre Novembre Décembre
V/Λ2017 > Janvier Février Mars Avril Mai Juin Juillet Août Septembre Octobre Novembre Décembre
V/Λ2016 > Janvier Février Mars Avril Mai Juin Juillet Août Septembre Octobre Novembre Décembre
V/Λ2015 > Janvier Février Mars Avril Mai Juin Juillet Août Septembre Octobre Novembre Décembre
V/Λ2014 > Janvier Février Mars Avril Mai Juin Juillet Août Septembre Octobre Novembre Décembre
V/Λ2013 > Janvier Février Mars Avril Mai Juin Juillet Août Septembre Octobre Novembre Décembre
V/Λ2012 > Janvier Février Mars Avril Mai Juin Juillet Août Septembre Octobre Novembre Décembre
V/Λ2011 > Janvier Février Mars Avril Mai Juin Juillet Août Septembre Octobre Novembre Décembre
V/Λ2010 > Janvier Février Mars Avril Mai Juin Juillet Août Septembre Octobre Novembre Décembre
V/Λ2009 > Janvier Février Mars Avril Mai Juin Juillet Août Septembre Octobre Novembre Décembre
V/Λ2008 > Janvier Février Mars Avril Mai Juin Juillet Août Septembre Octobre Novembre Décembre
V/Λ2007 > Janvier Février Mars Avril Mai Juin Juillet Août Septembre Octobre Novembre Décembre
V/Λ2006 > Janvier Février Mars Avril Mai Juin Juillet Août Septembre Octobre Novembre Décembre
V/Λ2005 > Janvier Février Mars Avril Mai Juin Juillet Août Septembre Octobre Novembre Décembre
V/Λ2004 > Janvier Février Mars Avril Mai Juin Juillet Août Septembre Octobre Novembre Décembre
V/Λ2003 > Janvier Février Mars Avril Mai Juin Juillet Août Septembre Octobre Novembre Décembre
V/Λ2002 > Janvier Février Mars Avril Mai Juin Juillet Août Septembre Octobre Novembre Décembre

Rapport pour Août 2009
                   Monthly Climatological Summary for aot 2009

Name: IALSACEM4   City: Meyenheim   State: 
Elevation: 210 m  Lat: N 47 54' 42"   Lon: E 007 21' 22"

                  Temperature (C), Rain (mm), Wind Speed (km/h)

                                      Heat  Cool        Avg
    Mean                              Deg   Deg         Wind                 Dom
Day Temp  High   Time   Low    Time   Days  Days  Rain  Speed High   Time    Dir
----------------------------------------------------------------------------------
 1  22.3  31.6   16:55  13.0   05:43   0.0   4.0   0.0   2.7  17.6   15:23   SSE
 2  21.0  25.8   15:59  16.1   23:59   0.0   2.7   5.0   6.2  31.7   16:24   SSO
 3  18.6  21.6   14:53  15.5   06:46   0.0   0.3   0.0   1.2  14.0   22:01   NNE
 4  18.7  25.3   16:42  12.0   06:13   0.0   0.4   0.0   2.9  13.3   18:29   NNE
 5  20.4  28.2   18:08  12.5   07:04   0.0   2.1   0.0   3.9  16.9   16:11     N
 6  22.1  29.8   16:40  14.3   07:16   0.0   3.8   0.0   3.1  16.2   15:45     N
 7  23.0  30.6   15:36  15.3   07:01   0.0   4.7   0.0   2.0  21.2   19:39    NE
 8  20.6  22.3   19:38  18.9   07:33   0.0   2.3   0.0   0.7  10.1   15:27   SSO
 9  22.4  26.8   16:47  17.9   01:59   0.0   4.1   0.0   1.8  14.0   13:21   NNE
10  20.1  22.0   12:57  18.2   10:00   0.0   1.8   5.0   2.2  13.3   22:37    SO
11  21.1  24.8   14:56  17.4   06:55   0.0   2.8   0.0   3.9  18.4   12:35    SO
12  22.6  28.7   16:58  16.5   07:14   0.0   4.3   0.0   1.7  15.5   16:10     S
13  23.2  29.9   16:24  16.4   03:50   0.0   4.9   0.0   4.9  22.7   18:21     O
14  21.4  25.8   16:56  17.0   06:47   0.0   3.1   0.0   3.3  13.3   07:11   NNE
15  22.6  31.3   18:11  13.9   07:21   0.0   4.3   0.0   1.6  13.3   13:21   ESE
16  24.8  33.1   16:16  16.4   05:47   0.0   6.5   0.0   3.3  14.0   17:24     S
17  25.8  33.6   16:09  18.0   06:26   0.0   7.5   0.0   6.4  25.6   16:36    SO
18  23.4  29.4   16:10  17.3   07:40   0.0   5.1   0.0   3.7  17.6   17:37   NNE
19  24.8  33.7   16:55  15.9   07:27   0.0   6.5   0.0   1.7  13.3   18:18    NE
20  28.1  37.6   15:42  18.6   07:26   0.0   9.8   0.0   3.7  24.8   18:47   SSO
21  23.8  29.4   15:48  18.2   23:59   0.0   5.5   0.0   4.6  23.4   15:22    SO
22  20.3  25.3   15:59  15.2   06:23   0.0   2.0   0.0   3.9  17.6   13:00     N
23  20.2  28.0   17:00  12.4   05:28   0.0   1.9   0.0   4.3  17.6   14:12     N
24  23.8  34.6   16:58  13.0   07:23   0.0   5.5  18.0   3.1  45.7   23:51   SSO
25  23.1  28.6   13:35  17.5   06:20   0.0   4.8   1.0   5.1  22.0   15:06   SSO
26  23.5  29.1   17:04  17.9   07:32   0.0   5.2   0.0   3.1  24.1   17:11     S
27  23.7  31.5   16:25  15.8   07:18   0.0   5.4   0.0   4.2  21.2   15:43    SO
28  21.7  27.1   13:18  16.3   23:46   0.0   3.4   0.0   6.3  28.1   16:57   OSO
29  17.9  22.9   13:02  12.9   23:59   0.4   0.0   0.0   3.1  16.2   16:49    NE
30  16.4  25.1   15:55   7.7   07:09   1.9   0.0   0.0   1.6  12.2   13:36   ENE
31  18.9  29.6   16:22   8.2   07:43   0.0   0.6   0.0   1.0  10.1   14:50   ESE
----------------------------------------------------------------------------------
    21.9  37.6    20     7.7    30     2.3 115.3  29.0   3.3  45.7    24     OSO

Max >=  30.0:  9
Max <=   0.0:  0
Min <= -10.0:  0
Min <= -18.0:  0
Max Rain: 18.0 on day 24
Days of Rain: 4 (>= 0.2 mm)  3 (>= 2.0 mm)  0 (>= 20.0 mm)
Heat Base: 18.3  Cool Base: 18.3  Method: Integration


Mise à jour : 13/10/2019 23:22:48
powered by Cumulus v3.0.0 (3043)