METEO Meyenheim

 Latitude N 47° 54' 42"    Longitude E 07° 21' 22"    Altitude 210 m

Rapports de type NOAA
Selectionner un rapport Annuel ou mensuel
V/Λ2019 > Janvier Février Mars Avril Mai Juin Juillet Août Septembre Octobre Novembre Décembre
V/Λ2018 > Janvier Février Mars Avril Mai Juin Juillet Août Septembre Octobre Novembre Décembre
V/Λ2017 > Janvier Février Mars Avril Mai Juin Juillet Août Septembre Octobre Novembre Décembre
V/Λ2016 > Janvier Février Mars Avril Mai Juin Juillet Août Septembre Octobre Novembre Décembre
V/Λ2015 > Janvier Février Mars Avril Mai Juin Juillet Août Septembre Octobre Novembre Décembre
V/Λ2014 > Janvier Février Mars Avril Mai Juin Juillet Août Septembre Octobre Novembre Décembre
V/Λ2013 > Janvier Février Mars Avril Mai Juin Juillet Août Septembre Octobre Novembre Décembre
V/Λ2012 > Janvier Février Mars Avril Mai Juin Juillet Août Septembre Octobre Novembre Décembre
V/Λ2011 > Janvier Février Mars Avril Mai Juin Juillet Août Septembre Octobre Novembre Décembre
V/Λ2010 > Janvier Février Mars Avril Mai Juin Juillet Août Septembre Octobre Novembre Décembre
V/Λ2009 > Janvier Février Mars Avril Mai Juin Juillet Août Septembre Octobre Novembre Décembre
V/Λ2008 > Janvier Février Mars Avril Mai Juin Juillet Août Septembre Octobre Novembre Décembre
V/Λ2007 > Janvier Février Mars Avril Mai Juin Juillet Août Septembre Octobre Novembre Décembre
V/Λ2006 > Janvier Février Mars Avril Mai Juin Juillet Août Septembre Octobre Novembre Décembre
V/Λ2005 > Janvier Février Mars Avril Mai Juin Juillet Août Septembre Octobre Novembre Décembre
V/Λ2004 > Janvier Février Mars Avril Mai Juin Juillet Août Septembre Octobre Novembre Décembre
V/Λ2003 > Janvier Février Mars Avril Mai Juin Juillet Août Septembre Octobre Novembre Décembre
V/Λ2002 > Janvier Février Mars Avril Mai Juin Juillet Août Septembre Octobre Novembre Décembre

Rapport pour Octobre 2009
                   Monthly Climatological Summary for oct. 2009

Name: IALSACEM4   City: Meyenheim   State: 
Elevation: 210 m  Lat: N 47 54' 42"   Lon: E 007 21' 22"

                  Temperature (C), Rain (mm), Wind Speed (km/h)

                                      Heat  Cool        Avg
    Mean                              Deg   Deg         Wind                 Dom
Day Temp  High   Time   Low    Time   Days  Days  Rain  Speed High   Time    Dir
----------------------------------------------------------------------------------
 1  14.4  22.9   14:42   7.0   08:00   3.9   0.0   0.0   1.7  16.2   16:29     O
 2  13.0  20.4   14:10   5.8   07:39   5.3   0.0   0.0   1.7  15.5   16:30     N
 3  13.0  20.8   14:04   5.5   07:54   5.3   0.0   0.0   4.7  21.2   21:01   SSO
 4  13.9  19.9   14:54   8.2   23:58   4.4   0.0   0.0   6.8  24.8   12:49    SO
 5  11.3  17.0   15:20   5.6   02:55   7.0   0.0   0.0   1.1  13.3   12:32   SSO
 6  18.9  24.8   13:16  12.2   01:53   0.0   0.6   0.0   7.1  24.8   19:22     S
 7  22.8  29.4   13:50  17.7   05:14   0.0   4.5   0.0   6.5  20.5   00:00   SSO
 8  17.7  23.6   02:17  15.1   23:50   0.6   0.0  29.0   2.7  21.2   03:02   SSO
 9  14.2  15.7   15:59  12.8   09:44   4.1   0.0   0.0   3.7  21.2   09:38   NNE
10  15.5  20.4   15:15  12.5   23:33   2.8   0.0   1.0   5.1  21.2   13:56    SO
11  13.3  18.4   12:53   8.3   08:02   5.0   0.0   0.0   5.7  24.8   23:44    SO
12  11.9  15.1   14:36   6.5   21:11   6.4   0.0   0.0   6.1  28.1   00:50    NO
13   9.5  14.8   13:48   5.7   08:24   8.8   0.0   0.0   1.1  16.2   17:33   ENE
14   6.6  11.1   13:54   2.6   23:50  11.7   0.0   0.0   8.3  25.6   13:31     N
15   3.2   8.2   15:59  -1.0   06:35  15.1   0.0   0.0   4.9  19.8   09:50     N
16   4.4   9.5   14:38  -1.9   08:05  13.9   0.0   0.0   3.7  17.6   14:02   SSO
17   6.7  11.6   15:18   4.2   00:06  11.6   0.0   3.0   2.6  22.7   15:28     N
18   5.4   9.0   15:36   0.4   23:58  12.9   0.0   1.0   2.0  17.6   14:34     N
19   1.9   9.6   16:07  -3.3   07:37  16.4   0.0   0.0   0.5   9.4   14:34     N
20   4.4  14.2   15:45  -3.1   06:28  13.9   0.0   0.0   0.7   9.4   10:56   SSO
21   8.5  14.1   14:11   4.4   00:00   9.8   0.0   0.0   1.8  14.0   16:32     N
22   9.7  17.1   15:30   4.4   07:27   8.6   0.0   0.0   0.8  10.1   15:26    SE
23   9.7  13.3   15:42   7.3   01:45   8.6   0.0   8.0   0.1   7.9   16:55    SE
24   9.5  15.4   15:16   3.0   08:14   8.8   0.0   0.0   3.4  19.8   21:19     S
25  13.4  17.0   14:12   8.3   23:42   4.9   0.0   0.0   3.4  19.8   01:49     S
26  11.2  16.7   12:52   6.0   23:59   7.1   0.0   0.0   1.1  14.0   10:36     O
27   8.3  17.0   13:03   2.6   07:20  10.0   0.0   0.0   1.2  13.0   13:54     N
28   8.0  17.0   14:17   1.9   06:09  10.3   0.0   0.0   1.0  13.0   11:33     S
29   8.3  15.9   14:26   1.9   07:40  10.0   0.0   0.0   3.3  19.8   20:06   NNE
30   7.8  10.0   15:17   2.4   23:55  10.5   0.0   0.0   1.7  13.0   01:45     N
31   6.0  12.6   13:54   1.1   05:17  12.3   0.0   0.0   0.8  10.1   18:03    NE
----------------------------------------------------------------------------------
    10.4  29.4     7    -3.3    19   250.0   5.1  42.0   3.1  28.1    12     OSO

Max >=  30.0:  0
Max <=   0.0:  0
Min <= -10.0:  0
Min <= -18.0:  0
Max Rain: 29.0 on day 8
Days of Rain: 5 (>= 0.2 mm)  3 (>= 2.0 mm)  1 (>= 20.0 mm)
Heat Base: 18.3  Cool Base: 18.3  Method: Integration


Mise à jour : 14/12/2019 19:46:29
powered by Cumulus v3.0.0 (3043)