METEO Meyenheim

 Latitude N 47° 54' 42"    Longitude E 07° 21' 22"    Altitude 210 m

Rapports de type NOAA
Selectionner un rapport Annuel ou mensuel
V/Λ2019 > Janvier Février Mars Avril Mai Juin Juillet Août Septembre Octobre Novembre Décembre
V/Λ2018 > Janvier Février Mars Avril Mai Juin Juillet Août Septembre Octobre Novembre Décembre
V/Λ2017 > Janvier Février Mars Avril Mai Juin Juillet Août Septembre Octobre Novembre Décembre
V/Λ2016 > Janvier Février Mars Avril Mai Juin Juillet Août Septembre Octobre Novembre Décembre
V/Λ2015 > Janvier Février Mars Avril Mai Juin Juillet Août Septembre Octobre Novembre Décembre
V/Λ2014 > Janvier Février Mars Avril Mai Juin Juillet Août Septembre Octobre Novembre Décembre
V/Λ2013 > Janvier Février Mars Avril Mai Juin Juillet Août Septembre Octobre Novembre Décembre
V/Λ2012 > Janvier Février Mars Avril Mai Juin Juillet Août Septembre Octobre Novembre Décembre
V/Λ2011 > Janvier Février Mars Avril Mai Juin Juillet Août Septembre Octobre Novembre Décembre
V/Λ2010 > Janvier Février Mars Avril Mai Juin Juillet Août Septembre Octobre Novembre Décembre
V/Λ2009 > Janvier Février Mars Avril Mai Juin Juillet Août Septembre Octobre Novembre Décembre
V/Λ2008 > Janvier Février Mars Avril Mai Juin Juillet Août Septembre Octobre Novembre Décembre
V/Λ2007 > Janvier Février Mars Avril Mai Juin Juillet Août Septembre Octobre Novembre Décembre
V/Λ2006 > Janvier Février Mars Avril Mai Juin Juillet Août Septembre Octobre Novembre Décembre
V/Λ2005 > Janvier Février Mars Avril Mai Juin Juillet Août Septembre Octobre Novembre Décembre
V/Λ2004 > Janvier Février Mars Avril Mai Juin Juillet Août Septembre Octobre Novembre Décembre
V/Λ2003 > Janvier Février Mars Avril Mai Juin Juillet Août Septembre Octobre Novembre Décembre
V/Λ2002 > Janvier Février Mars Avril Mai Juin Juillet Août Septembre Octobre Novembre Décembre

Rapport pour Novembre 2009
                   Monthly Climatological Summary for nov. 2009

Name: IALSACEM4   City: Meyenheim   State: 
Elevation: 210 m  Lat: N 47 54' 42"   Lon: E 007 21' 22"

                  Temperature (C), Rain (mm), Wind Speed (km/h)

                                      Heat  Cool        Avg
    Mean                              Deg   Deg         Wind                 Dom
Day Temp  High   Time   Low    Time   Days  Days  Rain  Speed High   Time    Dir
----------------------------------------------------------------------------------
 1  10.8  17.2   13:57   3.5   00:00   7.5   0.0   0.0   4.3  17.6   13:36   SSO
 2  10.3  14.2   00:50   5.7   20:31   8.0   0.0   4.0   8.2  24.8   01:00   SSO
 3   8.0  11.8   12:35   4.3   04:21  10.3   0.0   1.0   6.3  31.7   23:24   SSO
 4  10.3  13.4   12:04   6.5   22:48   8.0   0.0   4.0  11.1  39.6   12:19    SO
 5   8.4  13.5   13:59   5.7   23:58   9.9   0.0   0.0   9.2  26.3   12:31   SSO
 6   7.2  13.1   12:16   3.0   21:30  11.1   0.0   0.0   5.7  16.9   10:43   SSO
 7   6.2  10.4   14:50   2.3   00:43  12.1   0.0   3.0   7.5  21.2   11:47   SSO
 8   6.1   7.7   13:59   3.1   07:28  12.2   0.0   1.0   6.9  24.8   22:21     N
 9   5.4   6.5   10:16   3.8   23:43  12.9   0.0   7.0   4.2  17.6   10:56     N
10   5.2   7.1   14:34   3.8   00:10  13.1   0.0   0.0   0.3  10.1   12:43     O
11   4.9   9.7   15:34  -0.1   23:32  13.4   0.0   0.0   0.2   7.9   13:09    SE
12   6.0  12.4   13:40  -0.4   02:26  12.3   0.0   1.0   5.9  31.7   09:06   SSO
13  11.7  17.3   14:36   8.5   22:48   6.6   0.0   0.0   6.1  19.8   12:25   SSO
14  10.9  17.5   14:02   8.5   04:42   7.4   0.0   2.0   7.9  31.7   14:04   SSO
15   9.0  12.5   14:45   5.5   05:15   9.3   0.0   0.0   3.8  16.2   00:00     S
16  12.6  16.0   14:12   9.7   00:00   5.7   0.0   3.0   7.5  28.1   13:28     S
17  13.2  18.7   15:28   9.6   23:56   5.1   0.0   0.0   5.7  18.4   02:00   SSO
18   8.9  15.2   13:08   4.6   07:53   9.4   0.0   0.0   2.2  19.8   14:12   SSO
19   7.1  15.6   13:09   1.1   07:33  11.2   0.0   0.0   1.4  14.0   11:23   SSO
20  10.3  19.5   13:04   5.4   00:00   8.0   0.0   0.0   3.8  16.2   09:30     S
21   9.8  17.1   13:35   5.3   06:23   8.5   0.0   0.0   2.5  20.5   12:04   SSO
22  10.4  13.6   05:56   7.8   00:22   7.9   0.0   0.0  10.0  30.2   14:51   SSO
23  10.3  13.6   12:25   8.5   08:18   8.0   0.0   2.0  15.7  40.3   13:24   SSO
24  11.8  13.7   13:39   9.6   23:59   6.5   0.0   3.0  12.7  35.3   03:01   SSO
25  10.4  16.9   13:59   5.3   05:45   7.9   0.0   0.0   6.7  22.7   02:06     S
26  10.2  13.5   13:05   6.7   23:55   8.1   0.0   0.0  11.1  28.8   01:31    SO
27   7.8  11.2   13:57   4.8   01:46  10.5   0.0   0.0   9.7  27.4   08:03   SSO
28   9.2  13.4   14:27   5.3   23:52   9.1   0.0   0.0  10.6  28.1   13:55   SSO
29   7.0   9.7   13:59   3.7   06:44  11.3   0.0   0.0   4.6  22.0   00:45     S
30   5.0   7.3   00:00   4.0   07:32  13.3   0.0  12.0   2.2  17.6   06:26   SSO
----------------------------------------------------------------------------------
     8.8  19.5    20    -0.4    12   284.6   0.0  43.0   6.4  40.3    23     SSO

Max >=  30.0:  0
Max <=   0.0:  0
Min <= -10.0:  0
Min <= -18.0:  0
Max Rain: 12.0 on day 30
Days of Rain: 12 (>= 0.2 mm)  9 (>= 2.0 mm)  0 (>= 20.0 mm)
Heat Base: 18.3  Cool Base: 18.3  Method: Integration


Mise à jour : 17/09/2019 06:59:52
powered by Cumulus v3.0.0 (3043)