METEO Meyenheim

 Latitude N 47° 54' 42"    Longitude E 07° 21' 22"    Altitude 210 m

Rapports de type NOAA
Selectionner un rapport Annuel ou mensuel
V/Λ2019 > Janvier Février Mars Avril Mai Juin Juillet Août Septembre Octobre Novembre Décembre
V/Λ2018 > Janvier Février Mars Avril Mai Juin Juillet Août Septembre Octobre Novembre Décembre
V/Λ2017 > Janvier Février Mars Avril Mai Juin Juillet Août Septembre Octobre Novembre Décembre
V/Λ2016 > Janvier Février Mars Avril Mai Juin Juillet Août Septembre Octobre Novembre Décembre
V/Λ2015 > Janvier Février Mars Avril Mai Juin Juillet Août Septembre Octobre Novembre Décembre
V/Λ2014 > Janvier Février Mars Avril Mai Juin Juillet Août Septembre Octobre Novembre Décembre
V/Λ2013 > Janvier Février Mars Avril Mai Juin Juillet Août Septembre Octobre Novembre Décembre
V/Λ2012 > Janvier Février Mars Avril Mai Juin Juillet Août Septembre Octobre Novembre Décembre
V/Λ2011 > Janvier Février Mars Avril Mai Juin Juillet Août Septembre Octobre Novembre Décembre
V/Λ2010 > Janvier Février Mars Avril Mai Juin Juillet Août Septembre Octobre Novembre Décembre
V/Λ2009 > Janvier Février Mars Avril Mai Juin Juillet Août Septembre Octobre Novembre Décembre
V/Λ2008 > Janvier Février Mars Avril Mai Juin Juillet Août Septembre Octobre Novembre Décembre
V/Λ2007 > Janvier Février Mars Avril Mai Juin Juillet Août Septembre Octobre Novembre Décembre
V/Λ2006 > Janvier Février Mars Avril Mai Juin Juillet Août Septembre Octobre Novembre Décembre
V/Λ2005 > Janvier Février Mars Avril Mai Juin Juillet Août Septembre Octobre Novembre Décembre
V/Λ2004 > Janvier Février Mars Avril Mai Juin Juillet Août Septembre Octobre Novembre Décembre
V/Λ2003 > Janvier Février Mars Avril Mai Juin Juillet Août Septembre Octobre Novembre Décembre
V/Λ2002 > Janvier Février Mars Avril Mai Juin Juillet Août Septembre Octobre Novembre Décembre

Rapport pour Mars 2010
                   Monthly Climatological Summary for mars 2010

Name: IALSACEM4   City: Meyenheim   State: 
Elevation: 210 m  Lat: N 47 54' 42"   Lon: E 007 21' 22"

                  Temperature (C), Rain (mm), Wind Speed (km/h)

                                      Heat  Cool        Avg
    Mean                              Deg   Deg         Wind                 Dom
Day Temp  High   Time   Low    Time   Days  Days  Rain  Speed High   Time    Dir
----------------------------------------------------------------------------------
 1   8.4  13.8   12:46   3.3   07:41   9.9   0.0   0.0   5.6  28.1   01:44   SSW
 2   6.5  11.3   13:35   3.5   23:02  11.8   0.0   1.0   4.3  23.4   11:18    SW
 3   4.1   8.5   16:16   0.7   02:40  14.2   0.0   0.0  11.1  28.1   14:53     N
 4   3.1   6.7   15:34   0.6   07:11  15.2   0.0   0.0  14.2  31.7   10:30     N
 5   0.5   5.0   13:05  -3.9   07:15  17.8   0.0   0.0   5.0  21.2   09:15     N
 6   0.2   4.6   15:40  -3.3   23:51  18.1   0.0   0.0  13.0  38.9   06:39     W
 7  -1.8   2.7   15:27  -5.3   07:03  20.1   0.0   1.0  18.4  34.6   12:57     N
 8  -1.5   3.3   15:01  -5.4   06:45  19.8   0.0   0.0  17.6  36.7   14:54     N
 9  -1.7   1.7   13:09  -5.2   07:03  20.0   0.0   0.0  16.4  33.8   14:38     N
10  -0.3   2.7   15:25  -2.8   06:10  18.6   0.0   0.0  18.1  32.4   15:48     N
11  -1.1   0.9   13:43  -2.3   23:54  19.4   0.0   1.0   8.7  18.4   10:00     N
12  -1.9   3.8   13:06  -7.9   05:43  20.2   0.0   3.0   0.8  10.1   11:57   ENE
13   2.3   9.2   14:08  -4.2   00:43  16.0   0.0   0.0   2.2  13.3   17:51     S
14   3.9   6.9   14:28   1.9   03:58  14.4   0.0   0.0   2.8  14.0   14:47    SW
15   5.6  11.7   13:09   1.9   04:24  12.7   0.0   0.0   4.5  17.6   13:40     S
16   7.3  13.5   13:19   0.9   23:57  11.0   0.0   0.0   4.9  17.6   01:43    SW
17   7.1  17.0   14:24  -1.3   04:05  11.2   0.0   0.0   4.7  24.8   16:05   SSW
18  11.3  19.4   14:25   3.8   07:03   7.0   0.0   0.0   6.7  21.2   11:57     S
19  14.4  20.7   14:53   9.3   07:35   3.9   0.0   0.0   9.0  26.3   03:31     S
20  14.7  20.4   13:30  11.3   00:00   3.6   0.0   0.0  14.2  31.7   06:40    SW
21  12.7  17.1   15:45   5.7   23:57   5.6   0.0   2.0  10.2  28.1   15:06    SW
22   8.9  16.0   13:45   2.8   05:57   9.4   0.0   0.0   0.6  10.1   11:06    NW
23   9.5  19.1   13:37   0.9   06:49   8.8   0.0   0.0   1.0  10.1   13:58    NE
24  11.4  22.3   13:33   1.7   06:33   6.9   0.0   0.0   1.7  14.8   13:11     S
25  13.8  23.9   14:47   5.6   03:45   4.5   0.0   0.0   2.4  14.0   16:11   SSW
26  10.0  13.5   01:13   6.7   23:56   8.3   0.0   2.0  10.0  30.2   10:01   SSW
27   8.8  14.5   12:03   4.8   06:00   9.5   0.0   2.0  11.2  27.4   12:33   SSW
28   9.8  12.6   11:27   7.4   03:22   8.5   0.0   1.0  13.1  28.1   14:32   SSW
29  14.1  20.8   16:08  10.3   07:08   4.2   0.0   0.0   8.7  22.0   04:23   SSW
30  11.2  17.0   12:14   5.8   08:01   7.1   0.0   0.0   8.1  38.9   22:15    SW
31   8.5  13.1   16:10   5.6   21:43   9.8   0.0   2.0  14.5  39.6   15:02    SW
----------------------------------------------------------------------------------
     6.4  23.9    25    -7.9    12   367.5   0.0  15.0   8.5  39.6    31       W

Max >=  30.0:  0
Max <=   0.0:  0
Min <= -10.0:  0
Min <= -18.0:  0
Max Rain: 3.0 on day 12
Days of Rain: 9 (> 0.2 mm)  5 (> 2.0 mm)  0 (> 20.0 mm)
Heat Base: 18.3  Cool Base: 18.3  Method: Integration


Mise à jour : 18/10/2019 06:45:06
powered by Cumulus v3.0.0 (3043)