METEO Meyenheim

 Latitude N 47° 54' 42"    Longitude E 07° 21' 22"    Altitude 210 m

Rapports de type NOAA
Selectionner un rapport Annuel ou mensuel
V/Λ2019 > Janvier Février Mars Avril Mai Juin Juillet Août Septembre Octobre Novembre Décembre
V/Λ2018 > Janvier Février Mars Avril Mai Juin Juillet Août Septembre Octobre Novembre Décembre
V/Λ2017 > Janvier Février Mars Avril Mai Juin Juillet Août Septembre Octobre Novembre Décembre
V/Λ2016 > Janvier Février Mars Avril Mai Juin Juillet Août Septembre Octobre Novembre Décembre
V/Λ2015 > Janvier Février Mars Avril Mai Juin Juillet Août Septembre Octobre Novembre Décembre
V/Λ2014 > Janvier Février Mars Avril Mai Juin Juillet Août Septembre Octobre Novembre Décembre
V/Λ2013 > Janvier Février Mars Avril Mai Juin Juillet Août Septembre Octobre Novembre Décembre
V/Λ2012 > Janvier Février Mars Avril Mai Juin Juillet Août Septembre Octobre Novembre Décembre
V/Λ2011 > Janvier Février Mars Avril Mai Juin Juillet Août Septembre Octobre Novembre Décembre
V/Λ2010 > Janvier Février Mars Avril Mai Juin Juillet Août Septembre Octobre Novembre Décembre
V/Λ2009 > Janvier Février Mars Avril Mai Juin Juillet Août Septembre Octobre Novembre Décembre
V/Λ2008 > Janvier Février Mars Avril Mai Juin Juillet Août Septembre Octobre Novembre Décembre
V/Λ2007 > Janvier Février Mars Avril Mai Juin Juillet Août Septembre Octobre Novembre Décembre
V/Λ2006 > Janvier Février Mars Avril Mai Juin Juillet Août Septembre Octobre Novembre Décembre
V/Λ2005 > Janvier Février Mars Avril Mai Juin Juillet Août Septembre Octobre Novembre Décembre
V/Λ2004 > Janvier Février Mars Avril Mai Juin Juillet Août Septembre Octobre Novembre Décembre
V/Λ2003 > Janvier Février Mars Avril Mai Juin Juillet Août Septembre Octobre Novembre Décembre
V/Λ2002 > Janvier Février Mars Avril Mai Juin Juillet Août Septembre Octobre Novembre Décembre

Rapport pour Avril 2010
                   Monthly Climatological Summary for avr. 2010

Name: IALSACEM4   City: Meyenheim   State: 
Elevation: 210 m  Lat: N 47 54' 42"   Lon: E 007 21' 22"

                  Temperature (C), Rain (mm), Wind Speed (km/h)

                                      Heat  Cool        Avg
    Mean                              Deg   Deg         Wind                 Dom
Day Temp  High   Time   Low    Time   Days  Days  Rain  Speed High   Time    Dir
----------------------------------------------------------------------------------
 1   6.3  13.3   14:39   2.0   23:17  12.0   0.0   0.0  10.1  28.1   16:38    SW
 2   6.8  14.4   15:40  -0.4   05:50  11.5   0.0   1.0   4.8  21.2   21:45   SSW
 3   9.5  15.3   15:40   6.0   23:41   8.8   0.0   3.0  10.2  21.2   05:42   SSW
 4   9.0  15.2   16:31   5.9   06:47   9.3   0.0   0.0  11.1  31.0   13:49    SW
 5   8.4  14.5   16:19   3.4   07:58   9.9   0.0   0.0   3.3  22.7   14:30   SSW
 6   8.9  19.8   17:30  -0.7   07:02   9.4   0.0   0.0   1.0  10.1   16:00    NW
 7  12.8  25.1   15:55   2.1   07:01   5.5   0.0   0.0   4.4  20.5   18:10    SW
 8  12.9  18.7   13:13   8.5   06:26   5.4   0.0   0.0   2.8  17.6   18:19     N
 9  12.7  16.9   17:21   9.5   22:50   5.6   0.0   0.0  12.7  27.0   09:22     N
10  12.0  17.8   13:54   6.1   08:04   6.3   0.0   0.0  10.1  23.4   12:27     N
11   7.6  13.2   15:37   3.4   06:51  10.7   0.0   0.0  14.6  28.1   14:35     N
12   7.0  12.3   16:43   2.8   06:32  11.3   0.0   0.0  15.1  25.6   15:57     N
13   7.9  14.1   17:30   3.3   07:34  10.4   0.0   0.0  10.3  23.4   00:03     N
14   8.2  14.0   15:56   1.7   03:31  10.1   0.0   0.0   2.8  24.1   18:30     N
15   9.2  14.1   13:10   2.8   06:46   9.1   0.0   0.0   5.8  19.1   12:19     N
16  11.2  16.2   15:22   5.6   06:36   7.1   0.0   0.0   9.7  24.1   14:47     N
17  12.6  19.5   16:31   6.0   06:44   5.7   0.0   0.0  14.0  27.0   15:11     N
18  12.9  22.4   16:58   3.2   06:15   5.4   0.0   0.0   1.9  16.9   00:30   NNW
19  14.7  24.0   16:25   5.6   05:21   3.6   0.0   0.0   3.9  17.6   15:36     S
20  12.1  20.9   18:05   4.6   06:13   6.2   0.0   0.0   4.2  35.3   15:58    SW
21  11.9  20.5   16:00   3.2   06:41   6.4   0.0   0.0   4.5  16.2   17:31   NNE
22  11.8  19.6   17:28   3.8   06:52   6.5   0.0   0.0   9.6  18.4   17:58     N
23  13.0  22.2   17:08   4.7   06:51   5.3   0.0   0.0   6.5  17.6   14:38     N
24  14.4  25.2   16:54   2.6   07:05   3.9   0.0   0.0   3.9  16.9   14:09     N
25  16.5  26.8   16:05   4.8   06:54   1.8   0.0   0.0   2.0  13.0   12:58     S
26  15.5  22.0   13:59  10.8   23:58   2.8   0.0  10.0   1.9  33.1   15:27   ESE
27  15.4  23.9   16:22   6.8   06:29   2.9   0.0   0.0   5.7  17.6   13:37     N
28  17.3  26.7   17:39   8.1   07:13   1.0   0.0   0.0   2.9  14.0   00:03     N
29  19.1  29.3   15:44   7.3   06:55   0.0   0.8   0.0   6.0  24.8   13:00   SSW
30  17.0  21.7   01:05  12.2   23:58   1.3   0.0   0.0   8.0  27.4   03:32    SW
----------------------------------------------------------------------------------
    11.8  29.3    29    -0.7     6   195.2   0.8  14.0   6.8  35.3    20     NNW

Max >=  30.0:  0
Max <=   0.0:  0
Min <= -10.0:  0
Min <= -18.0:  0
Max Rain: 10.0 on day 26
Days of Rain: 3 (> 0.2 mm)  2 (> 2.0 mm)  0 (> 20.0 mm)
Heat Base: 18.3  Cool Base: 18.3  Method: Integration


Mise à jour : 06/12/2019 00:12:15
powered by Cumulus v3.0.0 (3043)