METEO Meyenheim

 Latitude N 47° 54' 42"    Longitude E 07° 21' 22"    Altitude 210 m

Rapports de type NOAA
Selectionner un rapport Annuel ou mensuel
V/Λ2019 > Janvier Février Mars Avril Mai Juin Juillet Août Septembre Octobre Novembre Décembre
V/Λ2018 > Janvier Février Mars Avril Mai Juin Juillet Août Septembre Octobre Novembre Décembre
V/Λ2017 > Janvier Février Mars Avril Mai Juin Juillet Août Septembre Octobre Novembre Décembre
V/Λ2016 > Janvier Février Mars Avril Mai Juin Juillet Août Septembre Octobre Novembre Décembre
V/Λ2015 > Janvier Février Mars Avril Mai Juin Juillet Août Septembre Octobre Novembre Décembre
V/Λ2014 > Janvier Février Mars Avril Mai Juin Juillet Août Septembre Octobre Novembre Décembre
V/Λ2013 > Janvier Février Mars Avril Mai Juin Juillet Août Septembre Octobre Novembre Décembre
V/Λ2012 > Janvier Février Mars Avril Mai Juin Juillet Août Septembre Octobre Novembre Décembre
V/Λ2011 > Janvier Février Mars Avril Mai Juin Juillet Août Septembre Octobre Novembre Décembre
V/Λ2010 > Janvier Février Mars Avril Mai Juin Juillet Août Septembre Octobre Novembre Décembre
V/Λ2009 > Janvier Février Mars Avril Mai Juin Juillet Août Septembre Octobre Novembre Décembre
V/Λ2008 > Janvier Février Mars Avril Mai Juin Juillet Août Septembre Octobre Novembre Décembre
V/Λ2007 > Janvier Février Mars Avril Mai Juin Juillet Août Septembre Octobre Novembre Décembre
V/Λ2006 > Janvier Février Mars Avril Mai Juin Juillet Août Septembre Octobre Novembre Décembre
V/Λ2005 > Janvier Février Mars Avril Mai Juin Juillet Août Septembre Octobre Novembre Décembre
V/Λ2004 > Janvier Février Mars Avril Mai Juin Juillet Août Septembre Octobre Novembre Décembre
V/Λ2003 > Janvier Février Mars Avril Mai Juin Juillet Août Septembre Octobre Novembre Décembre
V/Λ2002 > Janvier Février Mars Avril Mai Juin Juillet Août Septembre Octobre Novembre Décembre

Rapport pour Juin 2010
                   Monthly Climatological Summary for juin 2010

Name: IALSACEM4   City: Meyenheim   State: 
Elevation: 210 m  Lat: N 47 54' 42"   Lon: E 007 21' 22"

                  Temperature (C), Rain (mm), Wind Speed (km/h)

                                      Heat  Cool        Avg
    Mean                              Deg   Deg         Wind                 Dom
Day Temp  High   Time   Low    Time   Days  Days  Rain  Speed High   Time    Dir
----------------------------------------------------------------------------------
 1  14.9  20.4   16:13   8.7   05:18   3.4   0.0   0.0   1.7  15.5   12:02   SSW
 2  16.0  20.2   15:03  12.3   05:29   2.3   0.0   1.0   2.4  16.9   12:40   NNE
 3  16.0  18.7   18:29  14.6   00:00   2.3   0.0   0.0   7.2  21.2   12:11     N
 4  20.4  29.3   16:46  11.1   05:48   0.0   2.1   0.0   6.1  19.1   14:10     N
 5  21.7  32.0   17:20  10.8   06:11   0.0   3.4   0.0   1.4  14.0   14:56   NNE
 6  21.1  30.5   13:31  14.1   06:30   0.0   2.8   1.0   5.8  28.1   13:17   SSW
 7  20.1  25.7   17:58  15.5   23:46   0.0   1.8   0.0   7.8  21.2   11:00   SSW
 8  19.3  27.0   12:43  12.0   05:22   0.0   1.0   1.0   4.0  21.2   13:23   SSW
 9  21.8  31.5   15:42  16.5   05:48   0.0   3.5  29.0   3.0  35.3   20:01     N
10  22.9  32.2   17:54  16.8   03:51   0.0   4.6   5.0   6.2  22.7   07:57     N
11  21.3  27.7   14:33  17.7   01:16   0.0   3.0   1.0   2.8  16.2   15:48   SSW
12  19.9  28.5   16:37  16.1   07:15   0.0   1.6   0.0   6.0  19.8   16:19   SSW
13  17.5  21.7   15:44  14.4   22:26   0.8   0.0   0.0   8.3  17.6   12:27     N
14  17.4  23.6   14:10  11.9   05:42   0.9   0.0   2.0   2.9  24.1   14:41     N
15  18.1  22.0   15:51  14.6   07:53   0.2   0.0   1.0  15.3  30.2   13:45     N
16  15.8  18.5   00:00  14.1   23:39   2.5   0.0   7.0  16.3  31.7   09:07     N
17  16.1  19.7   18:11  13.8   06:00   2.2   0.0   1.0   4.7  17.6   15:29     N
18  17.0  21.6   16:48  15.1   05:46   1.3   0.0   2.0   3.0  16.2   18:52   SSW
19  13.7  16.3   16:08  10.4   23:59   4.6   0.0   5.0   5.1  22.0   09:23   NNE
20  13.2  18.3   16:52   9.2   01:34   5.1   0.0   0.0   8.3  24.8   18:12   NNE
21  14.0  19.3   15:12   8.4   04:15   4.3   0.0   0.0   8.0  20.5   10:13     N
22  16.1  21.6   16:43   9.8   06:20   2.2   0.0   0.0   6.3  19.8   13:50     N
23  18.0  24.4   16:25  10.2   05:56   0.3   0.0   0.0   8.9  21.2   12:08     N
24  19.4  25.9   16:39  10.9   06:03   0.0   1.1   0.0   4.0  16.9   12:16     N
25  20.7  28.2   16:40  12.5   06:12   0.0   2.4   0.0   1.8  12.2   13:12   ENE
26  22.1  28.7   15:10  14.2   05:48   0.0   3.8   0.0   5.5  15.5   10:44     N
27  23.6  30.3   16:44  16.3   05:47   0.0   5.3   0.0   5.2  15.5   15:31   NNE
28  23.5  30.6   16:35  16.3   05:19   0.0   5.2   0.0   3.2  16.2   15:08   NNE
29  23.3  30.9   16:11  16.1   05:59   0.0   5.0   0.0   2.6  19.8   16:38     N
30  23.2  29.4   16:14  16.6   05:37   0.0   4.9   0.0   2.9  15.5   17:19   NNE
----------------------------------------------------------------------------------
    18.9  32.2    10     8.4    21    32.4  51.5  56.0   5.6  35.3     9       N

Max >=  30.0:  7
Max <=   0.0:  0
Min <= -10.0:  0
Min <= -18.0:  0
Max Rain: 29.0 on day 9
Days of Rain: 12 (> 0.2 mm)  6 (> 2.0 mm)  1 (> 20.0 mm)
Heat Base: 18.3  Cool Base: 18.3  Method: Integration


Mise à jour : 14/12/2019 18:48:29
powered by Cumulus v3.0.0 (3043)