METEO Meyenheim

 Latitude N 47° 54' 42"    Longitude E 07° 21' 22"    Altitude 210 m

Rapports de type NOAA
Selectionner un rapport Annuel ou mensuel
V/Λ2019 > Janvier Février Mars Avril Mai Juin Juillet Août Septembre Octobre Novembre Décembre
V/Λ2018 > Janvier Février Mars Avril Mai Juin Juillet Août Septembre Octobre Novembre Décembre
V/Λ2017 > Janvier Février Mars Avril Mai Juin Juillet Août Septembre Octobre Novembre Décembre
V/Λ2016 > Janvier Février Mars Avril Mai Juin Juillet Août Septembre Octobre Novembre Décembre
V/Λ2015 > Janvier Février Mars Avril Mai Juin Juillet Août Septembre Octobre Novembre Décembre
V/Λ2014 > Janvier Février Mars Avril Mai Juin Juillet Août Septembre Octobre Novembre Décembre
V/Λ2013 > Janvier Février Mars Avril Mai Juin Juillet Août Septembre Octobre Novembre Décembre
V/Λ2012 > Janvier Février Mars Avril Mai Juin Juillet Août Septembre Octobre Novembre Décembre
V/Λ2011 > Janvier Février Mars Avril Mai Juin Juillet Août Septembre Octobre Novembre Décembre
V/Λ2010 > Janvier Février Mars Avril Mai Juin Juillet Août Septembre Octobre Novembre Décembre
V/Λ2009 > Janvier Février Mars Avril Mai Juin Juillet Août Septembre Octobre Novembre Décembre
V/Λ2008 > Janvier Février Mars Avril Mai Juin Juillet Août Septembre Octobre Novembre Décembre
V/Λ2007 > Janvier Février Mars Avril Mai Juin Juillet Août Septembre Octobre Novembre Décembre
V/Λ2006 > Janvier Février Mars Avril Mai Juin Juillet Août Septembre Octobre Novembre Décembre
V/Λ2005 > Janvier Février Mars Avril Mai Juin Juillet Août Septembre Octobre Novembre Décembre
V/Λ2004 > Janvier Février Mars Avril Mai Juin Juillet Août Septembre Octobre Novembre Décembre
V/Λ2003 > Janvier Février Mars Avril Mai Juin Juillet Août Septembre Octobre Novembre Décembre
V/Λ2002 > Janvier Février Mars Avril Mai Juin Juillet Août Septembre Octobre Novembre Décembre

Rapport pour Juillet 2010
                   Monthly Climatological Summary for juil. 2010

Name: IALSACEM4   City: Meyenheim   State: 
Elevation: 210 m  Lat: N 47 54' 42"   Lon: E 007 21' 22"

                  Temperature (C), Rain (mm), Wind Speed (km/h)

                                      Heat  Cool        Avg
    Mean                              Deg   Deg         Wind                 Dom
Day Temp  High   Time   Low    Time   Days  Days  Rain  Speed High   Time    Dir
----------------------------------------------------------------------------------
 1  23.7  31.0   16:41  15.9   06:12   0.0   5.4   0.0   2.0  10.1   12:11    NE
 2  25.5  33.2   14:57  16.4   06:02   0.0   7.2   0.0   3.0  14.0   12:22   SSE
 3  25.3  33.3   13:32  19.1   06:03   0.0   7.0   0.0   3.7  24.8   17:27     W
 4  22.6  27.1   12:20  18.9   06:14   0.0   4.3  33.0   2.3  21.2   02:24   SSW
 5  22.5  28.5   16:36  18.0   04:13   0.0   4.2   0.0   1.6  10.1   12:29    NE
 6  21.5  24.9   16:57  17.2   23:51   0.0   3.2   0.0   3.8  14.0   13:26   NNE
 7  20.8  27.5   16:36  13.2   05:51   0.0   2.5   0.0   2.0  16.2   16:07    NE
 8  23.2  31.8   16:42  14.1   06:17   0.0   4.9   0.0   1.8  12.2   14:22    SE
 9  25.2  33.6   16:28  16.6   05:49   0.0   6.9   0.0   2.4  12.2   10:02   ENE
10  26.7  34.4   16:42  18.7   05:59   0.0   8.4   0.0   2.4  16.9   21:18     S
11  26.4  31.6   13:32  20.3   05:40   0.0   8.1   0.0   3.8  21.2   00:21     S
12  23.5  33.8   14:02  18.7   22:57   0.0   5.2  12.0   5.8  43.6   17:04   WSW
13  22.9  30.3   16:30  17.3   03:37   0.0   4.6   0.0   4.1  17.6   14:27    SW
14  25.5  35.1   17:44  19.3   06:08   0.0   7.2   3.0   4.4  26.3   18:35   SSW
15  22.2  27.3   16:51  18.2   04:59   0.0   3.9   1.0   6.8  22.7   11:58    SW
16  24.0  32.9   16:21  15.1   05:53   0.0   5.7   0.0   2.9  14.0   12:55   SSW
17  20.3  22.5   10:16  17.9   23:54   0.0   2.0   0.0   2.3  13.3   17:03   ESE
18  19.7  25.8   16:52  12.2   06:15   0.0   1.4   0.0   7.1  21.2   18:11     N
19  22.1  28.6   16:15  15.2   06:28   0.0   3.8   0.0  10.8  21.2   12:36     N
20  22.9  30.8   16:38  14.2   06:04   0.0   4.6   0.0   2.4  13.0   10:04    NE
21  25.0  34.2   14:51  17.2   05:38   0.0   6.7   2.0   6.7  24.8   11:16    SW
22  19.9  22.1   17:17  18.3   04:54   0.0   1.6   6.0   0.2   8.6   13:36   ENE
23  17.2  19.1   00:00  14.9   17:17   1.1   0.0  12.0   2.6  24.1   16:39   SSW
24  16.6  20.7   14:29  14.1   04:00   1.7   0.0   1.0   1.3  14.0   00:17     N
25  16.5  21.9   14:39  10.0   05:51   1.8   0.0   0.0   1.4  10.1   10:14    SE
26  18.0  23.0   13:49  15.2   05:56   0.3   0.0   4.0   2.1  17.6   17:26    SW
27  18.9  23.5   16:51  14.9   04:38   0.0   0.6   0.0   1.8  13.0   13:02   ENE
28  18.0  23.5   18:10  14.2   05:38   0.3   0.0   6.0   5.5  21.2   15:20   SSW
29  17.8  21.9   13:15  15.4   23:50   0.5   0.0   3.0   2.3  21.1   13:43   WNW
30  17.5  21.6   17:30  14.0   07:07   0.8   0.0   1.0   1.4  15.9   13:33    NW
31  18.8  26.6   17:06  10.7   06:16   0.0   0.5   0.0   2.1  15.9   16:07     S
----------------------------------------------------------------------------------
    21.6  35.1    14    10.0    25     6.5 109.9  84.0   3.3  43.6    12      SW

Max >=  30.0: 13
Max <=   0.0:  0
Min <= -10.0:  0
Min <= -18.0:  0
Max Rain: 33.0 on day 4
Days of Rain: 12 (> 0.2 mm)  9 (> 2.0 mm)  1 (> 20.0 mm)
Heat Base: 18.3  Cool Base: 18.3  Method: Integration


Mise à jour : 14/12/2019 18:52:29
powered by Cumulus v3.0.0 (3043)