METEO Meyenheim

 Latitude N 47° 54' 42"    Longitude E 07° 21' 22"    Altitude 210 m

Rapports de type NOAA
Selectionner un rapport Annuel ou mensuel
V/Λ2019 > Janvier Février Mars Avril Mai Juin Juillet Août Septembre Octobre Novembre Décembre
V/Λ2018 > Janvier Février Mars Avril Mai Juin Juillet Août Septembre Octobre Novembre Décembre
V/Λ2017 > Janvier Février Mars Avril Mai Juin Juillet Août Septembre Octobre Novembre Décembre
V/Λ2016 > Janvier Février Mars Avril Mai Juin Juillet Août Septembre Octobre Novembre Décembre
V/Λ2015 > Janvier Février Mars Avril Mai Juin Juillet Août Septembre Octobre Novembre Décembre
V/Λ2014 > Janvier Février Mars Avril Mai Juin Juillet Août Septembre Octobre Novembre Décembre
V/Λ2013 > Janvier Février Mars Avril Mai Juin Juillet Août Septembre Octobre Novembre Décembre
V/Λ2012 > Janvier Février Mars Avril Mai Juin Juillet Août Septembre Octobre Novembre Décembre
V/Λ2011 > Janvier Février Mars Avril Mai Juin Juillet Août Septembre Octobre Novembre Décembre
V/Λ2010 > Janvier Février Mars Avril Mai Juin Juillet Août Septembre Octobre Novembre Décembre
V/Λ2009 > Janvier Février Mars Avril Mai Juin Juillet Août Septembre Octobre Novembre Décembre
V/Λ2008 > Janvier Février Mars Avril Mai Juin Juillet Août Septembre Octobre Novembre Décembre
V/Λ2007 > Janvier Février Mars Avril Mai Juin Juillet Août Septembre Octobre Novembre Décembre
V/Λ2006 > Janvier Février Mars Avril Mai Juin Juillet Août Septembre Octobre Novembre Décembre
V/Λ2005 > Janvier Février Mars Avril Mai Juin Juillet Août Septembre Octobre Novembre Décembre
V/Λ2004 > Janvier Février Mars Avril Mai Juin Juillet Août Septembre Octobre Novembre Décembre
V/Λ2003 > Janvier Février Mars Avril Mai Juin Juillet Août Septembre Octobre Novembre Décembre
V/Λ2002 > Janvier Février Mars Avril Mai Juin Juillet Août Septembre Octobre Novembre Décembre

Rapport pour Août 2010
                   Monthly Climatological Summary for aot 2010

Name: IALSACEM4   City: Meyenheim   State: 
Elevation: 210 m  Lat: N 47 54' 42"   Lon: E 007 21' 22"

                  Temperature (C), Rain (mm), Wind Speed (km/h)

                                      Heat  Cool        Avg
    Mean                              Deg   Deg         Wind                 Dom
Day Temp  High   Time   Low    Time   Days  Days  Rain  Speed High   Time    Dir
----------------------------------------------------------------------------------
 1  22.0  30.0   17:40  15.9   04:14   0.0   3.7   1.0   7.0  40.2   20:25   SSW
 2  19.0  22.4   13:22  16.7   23:49   0.0   0.7   4.0   5.0  25.7   02:14   SSW
 3  18.1  22.2   16:12  15.0   05:30   0.2   0.0   2.0   1.8  16.8   12:36   ESE
 4  17.9  24.2   15:41  11.7   06:09   0.4   0.0   0.0   4.6  23.9   15:48    SW
 5  16.5  19.1   13:19  15.2   08:21   1.8   0.0   5.0   3.1  18.3   02:25   SSW
 6  17.0  22.2   16:16  12.1   05:51   1.3   0.0   0.0   1.6  17.3   16:42    NE
 7  17.6  25.1   16:03   9.4   06:32   0.7   0.0   0.0   2.9  18.3   18:43     S
 8  19.6  24.1   12:05  15.7   23:57   0.0   1.3   0.0   5.2  27.6   12:26   SSW
 9  19.0  25.6   14:54  11.6   06:19   0.0   0.7   0.0   2.3  20.1   19:06    NE
10  20.9  28.8   17:05  12.9   05:40   0.0   2.6   0.0   2.7  24.8   14:40    SW
11  22.0  26.6   16:09  18.7   06:15   0.0   3.7   0.0   6.2  24.8   11:48    SW
12  19.7  24.5   16:01  15.3   23:58   0.0   1.4   7.0   3.9  27.6   14:16   WSW
13  17.5  23.7   14:58  11.2   06:17   0.8   0.0   0.0   3.7  22.0   16:01     N
14  16.4  19.7   16:43  12.7   05:25   1.9   0.0  12.0   2.4  22.9   23:47     N
15  16.4  19.1   18:16  14.8   23:54   1.9   0.0  17.0  12.5  38.4   13:28    SW
16  14.5  16.5   16:08  13.5   10:55   3.8   0.0   3.0  16.5  44.0   18:13   SSW
17  16.9  19.6   12:00  14.7   01:45   1.4   0.0   0.0  11.9  35.6   05:09   SSW
18  17.0  19.8   17:34  15.0   06:50   1.3   0.0   0.0   7.6  32.3   15:14   SSW
19  19.4  25.0   16:53  14.4   06:48   0.0   1.1   0.0   5.4  22.9   02:26   SSW
20  20.2  27.4   16:12  13.8   06:20   0.0   1.9   0.0   0.8  13.1   13:56     E
21  22.9  29.9   16:17  16.0   06:07   0.0   4.6   0.0   2.6  17.3   12:05     S
22  23.3  30.6   14:31  16.6   06:52   0.0   5.0   0.0   2.9  25.7   18:58    SW
23  21.3  26.2   15:27  18.2   06:47   0.0   3.0   1.0   8.4  30.4   11:11   SSW
24  19.5  23.7   11:55  15.6   23:52   0.0   1.2   4.0  10.3  35.6   10:42    SW
25  17.6  23.5   17:04  10.2   07:11   0.7   0.0   0.0   3.1  18.3   11:31   SSW
26  23.4  31.7   15:57  16.9   07:26   0.0   5.1   0.0   8.2  30.4   15:27   SSW
27  20.9  25.1   15:29  17.6   23:54   0.0   2.6   7.0  10.0  40.2   09:04    SW
28  15.9  18.6   17:00  12.9   23:54   2.4   0.0   2.0   3.5  18.3   04:08   NNW
29  14.6  19.9   14:41   9.4   07:08   3.7   0.0   0.0   5.2  26.7   16:23    SW
30  13.5  16.5   18:25  10.9   07:03   4.8   0.0   1.0   8.4  36.5   13:00   WSW
31  14.7  19.4   17:04  10.2   23:59   3.6   0.0   0.0   3.9  22.9   15:54   NNE
----------------------------------------------------------------------------------
    18.6  31.7    26     9.4     7    30.7  38.6  66.0   5.6  44.0    16      SW

Max >=  30.0:  3
Max <=   0.0:  0
Min <= -10.0:  0
Min <= -18.0:  0
Max Rain: 17.0 on day 15
Days of Rain: 13 (> 0.2 mm)  10 (> 2.0 mm)  0 (> 20.0 mm)
Heat Base: 18.3  Cool Base: 18.3  Method: Integration


Mise à jour : 18/10/2019 05:43:06
powered by Cumulus v3.0.0 (3043)