METEO Meyenheim

 Latitude N 47° 54' 42"    Longitude E 07° 21' 22"    Altitude 210 m

Rapports de type NOAA
Selectionner un rapport Annuel ou mensuel
V/Λ2019 > Janvier Février Mars Avril Mai Juin Juillet Août Septembre Octobre Novembre Décembre
V/Λ2018 > Janvier Février Mars Avril Mai Juin Juillet Août Septembre Octobre Novembre Décembre
V/Λ2017 > Janvier Février Mars Avril Mai Juin Juillet Août Septembre Octobre Novembre Décembre
V/Λ2016 > Janvier Février Mars Avril Mai Juin Juillet Août Septembre Octobre Novembre Décembre
V/Λ2015 > Janvier Février Mars Avril Mai Juin Juillet Août Septembre Octobre Novembre Décembre
V/Λ2014 > Janvier Février Mars Avril Mai Juin Juillet Août Septembre Octobre Novembre Décembre
V/Λ2013 > Janvier Février Mars Avril Mai Juin Juillet Août Septembre Octobre Novembre Décembre
V/Λ2012 > Janvier Février Mars Avril Mai Juin Juillet Août Septembre Octobre Novembre Décembre
V/Λ2011 > Janvier Février Mars Avril Mai Juin Juillet Août Septembre Octobre Novembre Décembre
V/Λ2010 > Janvier Février Mars Avril Mai Juin Juillet Août Septembre Octobre Novembre Décembre
V/Λ2009 > Janvier Février Mars Avril Mai Juin Juillet Août Septembre Octobre Novembre Décembre
V/Λ2008 > Janvier Février Mars Avril Mai Juin Juillet Août Septembre Octobre Novembre Décembre
V/Λ2007 > Janvier Février Mars Avril Mai Juin Juillet Août Septembre Octobre Novembre Décembre
V/Λ2006 > Janvier Février Mars Avril Mai Juin Juillet Août Septembre Octobre Novembre Décembre
V/Λ2005 > Janvier Février Mars Avril Mai Juin Juillet Août Septembre Octobre Novembre Décembre
V/Λ2004 > Janvier Février Mars Avril Mai Juin Juillet Août Septembre Octobre Novembre Décembre
V/Λ2003 > Janvier Février Mars Avril Mai Juin Juillet Août Septembre Octobre Novembre Décembre
V/Λ2002 > Janvier Février Mars Avril Mai Juin Juillet Août Septembre Octobre Novembre Décembre

Rapport pour Décembre 2010
                   Monthly Climatological Summary for dc. 2010

Name: IALSACEM4   City: Meyenheim   State: 
Elevation: 210 m  Lat: N 47 54' 42"   Lon: E 007 21' 22"

                  Temperature (C), Rain (mm), Wind Speed (km/h)

                                      Heat  Cool        Avg
    Mean                              Deg   Deg         Wind                 Dom
Day Temp  High   Time   Low    Time   Days  Days  Rain  Speed High   Time    Dir
----------------------------------------------------------------------------------
 1  -2.3  -1.8   00:12  -3.1   23:36  20.6   0.0   0.0   6.5  25.7   09:01     N
 2  -2.9   1.9   14:21  -6.9   21:06  21.2   0.0   5.0   3.1  22.9   06:57     S
 3  -6.2  -4.5   23:27  -9.6   08:01  24.5   0.0   0.0   0.6  11.2   10:54   NNE
 4  -2.9   1.4   14:29  -6.9   07:41  21.2   0.0   1.0   6.2  32.3   22:02     S
 5  -0.3   3.6   14:12  -4.1   02:10  18.6   0.0  15.0   9.9  35.6   10:09   SSW
 6   1.0   1.5   01:24   0.7   19:22  17.3   0.0  31.0   2.1  15.9   10:49     N
 7   1.8   2.6   12:05   0.9   00:00  16.5   0.0  15.0   2.2  17.3   12:32     N
 8   4.8  12.1   20:16   1.6   03:30  13.5   0.0   3.0   3.1  39.3   20:30    NE
 9   1.6   5.0   12:44   0.0   06:37  16.7   0.0   3.0   3.9  22.0   16:00    SW
10   1.7   3.0   12:44   0.7   00:00  16.6   0.0   0.0   9.8  27.6   20:47   SSW
11   3.8   8.2   12:49   0.1   23:56  14.5   0.0   0.0  10.4  32.3   04:32   SSW
12   3.0   7.0   13:50  -0.4   00:29  15.3   0.0   0.0   0.5  13.1   11:49   SSW
13  -1.1   2.0   00:19  -6.5   23:20  19.4   0.0   0.0   8.2  35.1   10:37     N
14  -3.6  -1.7   13:26  -6.9   01:01  21.9   0.0   0.0   6.8  25.7   12:01     N
15  -3.7  -1.0   12:43  -5.1   08:25  22.0   0.0   0.0   4.0  21.1   17:38   SSW
16  -3.4  -0.6   13:05  -7.1   08:41  21.7   0.0   0.0   9.9  47.7   19:00   SSW
17  -0.6   1.3   05:59  -4.5   23:09  18.9   0.0   2.0   8.1  38.4   01:55   SSW
18  -2.4  -0.4   12:35  -4.6   06:52  20.7   0.0   0.0  11.5  37.4   05:56     S
19   2.5   7.6   20:53  -2.2   02:13  15.8   0.0   3.0  13.6  50.5   20:45     S
20   4.7   8.9   13:38   1.4   23:59  13.6   0.0   9.0   9.6  46.8   14:44   SSW
21   4.9   7.9   13:10   1.0   00:33  13.4   0.0   6.0   4.8  25.7   05:10   SSW
22   5.9   7.9   14:26   4.5   01:47  12.4   0.0   9.0   0.2  11.2   11:43   WSW
23   4.3   5.2   12:43   3.2   23:55  14.0   0.0   0.0   2.9  18.3   18:06     N
24   0.8   3.2   00:00  -1.9   23:31  17.5   0.0   5.0   3.1  21.1   07:06     N
25  -3.5  -1.9   00:00  -7.5   23:45  21.8   0.0   0.0   5.0  22.9   18:28     N
26  -9.5  -3.7   13:31 -13.7   07:48  27.8   0.0   1.0   1.0  14.0   13:39   NNE
27  -7.5  -2.0   14:18 -12.0   06:33  25.8   0.0   1.0   0.4  18.3   23:21     S
28  -1.4   0.7   14:27  -4.4   00:29  19.7   0.0   0.0   1.0  16.8   06:46     S
29   0.4   1.0   13:12  -0.2   00:00  17.9   0.0   1.0   1.0  13.1   20:02   NNE
30   0.2   0.9   12:48  -0.2   21:52  18.1   0.0   0.0   4.3  16.8   15:44   NNE
31   0.1   0.9   12:47  -0.3   05:57  18.2   0.0   0.0   4.2  17.3   17:55     N
----------------------------------------------------------------------------------
    -0.3  12.1     8   -13.7    26   577.1   0.0 110.0   5.1  50.5    19     SSW

Max >=  30.0:  0
Max <=   0.0:  9
Min <= -10.0:  2
Min <= -18.0:  0
Max Rain: 31.0 on day 6
Days of Rain: 16 (> 0.2 mm)  12 (> 2.0 mm)  1 (> 20.0 mm)
Heat Base: 18.3  Cool Base: 18.3  Method: Integration


Mise à jour : 21/08/2019 06:39:18
powered by Cumulus v3.0.0 (3043)