METEO Meyenheim

 Latitude N 47° 54' 42"    Longitude E 07° 21' 22"    Altitude 210 m

Rapports de type NOAA
Selectionner un rapport Annuel ou mensuel
V/Λ2019 > Janvier Février Mars Avril Mai Juin Juillet Août Septembre Octobre Novembre Décembre
V/Λ2018 > Janvier Février Mars Avril Mai Juin Juillet Août Septembre Octobre Novembre Décembre
V/Λ2017 > Janvier Février Mars Avril Mai Juin Juillet Août Septembre Octobre Novembre Décembre
V/Λ2016 > Janvier Février Mars Avril Mai Juin Juillet Août Septembre Octobre Novembre Décembre
V/Λ2015 > Janvier Février Mars Avril Mai Juin Juillet Août Septembre Octobre Novembre Décembre
V/Λ2014 > Janvier Février Mars Avril Mai Juin Juillet Août Septembre Octobre Novembre Décembre
V/Λ2013 > Janvier Février Mars Avril Mai Juin Juillet Août Septembre Octobre Novembre Décembre
V/Λ2012 > Janvier Février Mars Avril Mai Juin Juillet Août Septembre Octobre Novembre Décembre
V/Λ2011 > Janvier Février Mars Avril Mai Juin Juillet Août Septembre Octobre Novembre Décembre
V/Λ2010 > Janvier Février Mars Avril Mai Juin Juillet Août Septembre Octobre Novembre Décembre
V/Λ2009 > Janvier Février Mars Avril Mai Juin Juillet Août Septembre Octobre Novembre Décembre
V/Λ2008 > Janvier Février Mars Avril Mai Juin Juillet Août Septembre Octobre Novembre Décembre
V/Λ2007 > Janvier Février Mars Avril Mai Juin Juillet Août Septembre Octobre Novembre Décembre
V/Λ2006 > Janvier Février Mars Avril Mai Juin Juillet Août Septembre Octobre Novembre Décembre
V/Λ2005 > Janvier Février Mars Avril Mai Juin Juillet Août Septembre Octobre Novembre Décembre
V/Λ2004 > Janvier Février Mars Avril Mai Juin Juillet Août Septembre Octobre Novembre Décembre
V/Λ2003 > Janvier Février Mars Avril Mai Juin Juillet Août Septembre Octobre Novembre Décembre
V/Λ2002 > Janvier Février Mars Avril Mai Juin Juillet Août Septembre Octobre Novembre Décembre

Rapport pour Février 2011
                   Monthly Climatological Summary for fvr. 2011

Name: IALSACEM4   City: Meyenheim   State: 
Elevation: 210 m  Lat: N 47 54' 42"   Lon: E 007 21' 22"

                  Temperature (C), Rain (mm), Wind Speed (km/h)

                                      Heat  Cool        Avg
    Mean                              Deg   Deg         Wind                 Dom
Day Temp  High   Time   Low    Time   Days  Days  Rain  Speed High   Time    Dir
----------------------------------------------------------------------------------
 1  -1.5   0.0   14:50  -2.5   05:20  19.8   0.0   0.0   1.4  13.1   14:22    SE
 2  -0.5   2.0   13:14  -2.6   07:53  18.8   0.0   0.0   1.6  13.1   00:00   SSW
 3   0.0   3.3   16:05  -3.5   02:44  18.3   0.0   1.0   5.2  30.4   12:49   SSW
 4   5.8   9.5   14:30  -0.3   00:41  12.5   0.0   0.0  11.9  35.6   10:57   SSW
 5   8.6  12.8   12:58   1.8   23:59   9.7   0.0   0.0  12.1  36.5   13:48   SSW
 6   4.9  14.6   14:20  -0.5   08:10  13.4   0.0   0.0   3.6  26.7   11:47     S
 7   4.8  15.7   14:22  -2.2   05:08  13.5   0.0   0.0   3.4  21.1   13:00   SSW
 8   5.1  13.3   13:56  -1.6   08:13  13.2   0.0   0.0   4.6  22.9   15:55     N
 9   2.6   3.9   13:48   0.4   01:20  15.7   0.0   0.0   0.4  13.1   23:44    NW
10   6.0  14.3   15:03  -0.7   08:17  12.3   0.0   0.0   5.9  27.6   13:21   SSW
11  10.2  17.0   13:54   3.7   23:30   8.1   0.0   0.0   7.6  32.3   14:25   SSW
12   7.6  15.7   14:00   1.4   06:10  10.7   0.0   0.0   4.5  22.0   10:50     S
13   7.6  13.2   14:11   2.2   23:22  10.7   0.0   0.0   2.2  19.2   00:47   SSW
14   7.5  14.8   15:09   1.9   00:51  10.8   0.0   0.0   3.1  22.9   23:18   SSW
15   5.7   8.1   00:00   2.4   22:59  12.6   0.0   7.0   4.6  22.9   01:02   SSW
16   4.7   9.6   15:22   0.0   07:15  13.6   0.0   0.0   2.2  15.0   14:45   NNW
17   4.2   5.8   16:16   2.9   07:34  14.1   0.0   0.0   6.5  22.0   01:34     N
18   4.3   5.7   13:46   3.3   07:51  14.0   0.0   0.0   2.6  15.9   04:53   NNE
19   4.9   9.4   13:08   3.1   06:44  13.4   0.0   0.0   2.0  16.8   11:05     N
20   2.8   3.8   00:00   1.6   23:30  15.5   0.0   4.0   4.5  18.3   10:48   NNE
21   0.7   1.6   00:00   0.0   21:04  17.6   0.0   0.0   6.9  17.3   12:09   NNE
22  -0.2   0.4   14:10  -1.9   23:59  18.5   0.0   0.0   7.8  24.8   14:57     N
23  -0.5   4.9   14:48  -5.1   06:27  18.8   0.0   0.0   1.9  13.1   03:22   NNE
24   2.3   4.4   16:00  -0.2   00:18  16.0   0.0   1.0   4.7  22.9   11:01     S
25   5.3   9.5   15:23   2.4   05:53  13.0   0.0   0.0   1.4  15.9   17:41   NNE
26   6.4   9.9   13:48   4.3   06:58  11.9   0.0   1.0   6.8  32.3   19:37   SSW
27   5.7   8.8   12:15   0.8   23:43  12.6   0.0   0.0   0.7  16.8   00:45   WSW
28   4.3   7.7   15:20   0.6   04:55  14.0   0.0   0.0   9.1  33.2   12:41     N
----------------------------------------------------------------------------------
     4.3  17.0    11    -5.1    23   393.1   0.0  14.0   4.6  36.5     5     SSW

Max >=  30.0:  0
Max <=   0.0:  1
Min <= -10.0:  0
Min <= -18.0:  0
Max Rain: 7.0 on day 15
Days of Rain: 5 (> 0.2 mm)  2 (> 2.0 mm)  0 (> 20.0 mm)
Heat Base: 18.3  Cool Base: 18.3  Method: Integration


Mise à jour : 08/12/2019 20:32:49
powered by Cumulus v3.0.0 (3043)