METEO Meyenheim

 Latitude N 47° 54' 42"    Longitude E 07° 21' 22"    Altitude 210 m

Rapports de type NOAA
Selectionner un rapport Annuel ou mensuel
V/Λ2019 > Janvier Février Mars Avril Mai Juin Juillet Août Septembre Octobre Novembre Décembre
V/Λ2018 > Janvier Février Mars Avril Mai Juin Juillet Août Septembre Octobre Novembre Décembre
V/Λ2017 > Janvier Février Mars Avril Mai Juin Juillet Août Septembre Octobre Novembre Décembre
V/Λ2016 > Janvier Février Mars Avril Mai Juin Juillet Août Septembre Octobre Novembre Décembre
V/Λ2015 > Janvier Février Mars Avril Mai Juin Juillet Août Septembre Octobre Novembre Décembre
V/Λ2014 > Janvier Février Mars Avril Mai Juin Juillet Août Septembre Octobre Novembre Décembre
V/Λ2013 > Janvier Février Mars Avril Mai Juin Juillet Août Septembre Octobre Novembre Décembre
V/Λ2012 > Janvier Février Mars Avril Mai Juin Juillet Août Septembre Octobre Novembre Décembre
V/Λ2011 > Janvier Février Mars Avril Mai Juin Juillet Août Septembre Octobre Novembre Décembre
V/Λ2010 > Janvier Février Mars Avril Mai Juin Juillet Août Septembre Octobre Novembre Décembre
V/Λ2009 > Janvier Février Mars Avril Mai Juin Juillet Août Septembre Octobre Novembre Décembre
V/Λ2008 > Janvier Février Mars Avril Mai Juin Juillet Août Septembre Octobre Novembre Décembre
V/Λ2007 > Janvier Février Mars Avril Mai Juin Juillet Août Septembre Octobre Novembre Décembre
V/Λ2006 > Janvier Février Mars Avril Mai Juin Juillet Août Septembre Octobre Novembre Décembre
V/Λ2005 > Janvier Février Mars Avril Mai Juin Juillet Août Septembre Octobre Novembre Décembre
V/Λ2004 > Janvier Février Mars Avril Mai Juin Juillet Août Septembre Octobre Novembre Décembre
V/Λ2003 > Janvier Février Mars Avril Mai Juin Juillet Août Septembre Octobre Novembre Décembre
V/Λ2002 > Janvier Février Mars Avril Mai Juin Juillet Août Septembre Octobre Novembre Décembre

Rapport pour Mars 2011
                   Monthly Climatological Summary for mars 2011

Name: IALSACEM4   City: Meyenheim   State: 
Elevation: 210 m  Lat: N 47 54' 42"   Lon: E 007 21' 22"

                  Temperature (C), Rain (mm), Wind Speed (km/h)

                                      Heat  Cool        Avg
    Mean                              Deg   Deg         Wind                 Dom
Day Temp  High   Time   Low    Time   Days  Days  Rain  Speed High   Time    Dir
----------------------------------------------------------------------------------
 1   6.5  11.7   14:55   2.4   07:42  11.8   0.0   0.0  14.9  41.2   16:29     N
 2   5.1  11.3   16:11   0.9   06:05  13.2   0.0   0.0  16.4  44.9   14:27     N
 3   3.2   8.3   14:41  -0.6   07:21  15.1   0.0   0.0  10.6  25.7   14:52     N
 4   3.4   9.9   15:56  -1.9   07:02  14.9   0.0   0.0   5.8  19.2   01:02     N
 5   3.7  12.4   16:18  -3.7   07:41  14.6   0.0   0.0   4.1  21.1   13:49     N
 6   2.7   6.7   15:01  -0.7   07:32  15.6   0.0   0.0  13.4  36.5   12:50     N
 7   1.9  10.1   13:44  -1.0   05:09  16.4   0.0   0.0   6.2  28.5   13:03     N
 8   6.0  16.9   14:18  -3.4   05:33  12.3   0.0   0.0   4.1  27.6   15:41   SSW
 9   8.8  16.8   15:21  -0.5   07:01   9.5   0.0   0.0   6.6  34.2   14:22   SSW
10   9.9  14.2   13:38   6.8   06:07   8.4   0.0   0.0   9.1  32.3   15:51    SW
11   9.0  15.9   15:21   1.9   23:59   9.3   0.0   0.0   4.9  22.9   11:43   SSW
12   7.5  15.5   15:26  -1.0   06:51  10.8   0.0   0.0   1.0  17.3   15:15   SSW
13   9.2  11.7   16:01   7.0   23:44   9.1   0.0   1.0   3.3  21.1   08:12     N
14  11.7  18.4   14:18   7.0   00:00   6.6   0.0   0.0   5.4  22.0   12:19     W
15  11.2  19.2   16:45   2.9   06:28   7.1   0.0   0.0   5.4  25.7   15:55     N
16  10.6  13.0   00:00   9.1   07:14   7.7   0.0   3.0  10.3  32.3   08:25     N
17   7.8   9.3   00:01   6.9   23:56  10.5   0.0   5.0   1.9  16.8   05:29     N
18   7.5  11.1   13:09   4.0   07:46  10.8   0.0   1.0   2.8  22.9   13:44    SW
19   6.3   9.5   15:15   3.5   22:38  12.0   0.0  10.0   8.9  32.3   11:25     N
20   6.1  12.9   16:04   1.3   07:05  12.2   0.0   0.0  10.1  29.5   15:45     N
21   7.4  14.9   16:16   0.3   06:45  10.9   0.0   0.0  11.0  32.3   14:39     N
22   8.6  16.8   16:10  -0.7   07:04   9.7   0.0   0.0   6.0  22.0   15:42     N
23  10.9  19.3   15:38   1.3   05:15   7.4   0.0   0.0   6.8  32.3   13:08     N
24  11.0  20.3   15:38   1.7   06:58   7.3   0.0   0.0   1.2  15.9   12:39     N
25  12.8  23.5   14:22   2.8   03:01   5.5   0.0   0.0   4.9  25.7   17:14    SW
26  12.3  18.8   15:54   7.8   01:51   6.0   0.0   0.0   1.3  21.1   17:19    SW
27  10.3  14.9   15:31   7.3   08:12   8.0   0.0   5.0   0.9  14.0   17:57     N
28  11.4  18.2   15:21   6.9   23:59   6.9   0.0   1.0   1.1  18.3   15:43   NNW
29  10.2  20.0   15:48   2.9   05:29   8.1   0.0   0.0   0.7  14.0   13:46   SSE
30  12.2  17.8   16:30   7.3   00:53   6.1   0.0   1.0   6.9  29.5   19:19    SW
31  12.3  15.3   16:47   9.2   04:28   6.0   0.0   2.0  12.4  41.2   09:36   SSW
----------------------------------------------------------------------------------
     8.3  23.5    25    -3.7     5   309.8   0.0  29.0   6.4  44.9     2     NNW

Max >=  30.0:  0
Max <=   0.0:  0
Min <= -10.0:  0
Min <= -18.0:  0
Max Rain: 10.0 on day 19
Days of Rain: 9 (> 0.2 mm)  5 (> 2.0 mm)  0 (> 20.0 mm)
Heat Base: 18.3  Cool Base: 18.3  Method: Integration


Mise à jour : 24/08/2019 01:55:32
powered by Cumulus v3.0.0 (3043)