METEO Meyenheim

 Latitude N 47° 54' 42"    Longitude E 07° 21' 22"    Altitude 210 m

Rapports de type NOAA
Selectionner un rapport Annuel ou mensuel
V/Λ2019 > Janvier Février Mars Avril Mai Juin Juillet Août Septembre Octobre Novembre Décembre
V/Λ2018 > Janvier Février Mars Avril Mai Juin Juillet Août Septembre Octobre Novembre Décembre
V/Λ2017 > Janvier Février Mars Avril Mai Juin Juillet Août Septembre Octobre Novembre Décembre
V/Λ2016 > Janvier Février Mars Avril Mai Juin Juillet Août Septembre Octobre Novembre Décembre
V/Λ2015 > Janvier Février Mars Avril Mai Juin Juillet Août Septembre Octobre Novembre Décembre
V/Λ2014 > Janvier Février Mars Avril Mai Juin Juillet Août Septembre Octobre Novembre Décembre
V/Λ2013 > Janvier Février Mars Avril Mai Juin Juillet Août Septembre Octobre Novembre Décembre
V/Λ2012 > Janvier Février Mars Avril Mai Juin Juillet Août Septembre Octobre Novembre Décembre
V/Λ2011 > Janvier Février Mars Avril Mai Juin Juillet Août Septembre Octobre Novembre Décembre
V/Λ2010 > Janvier Février Mars Avril Mai Juin Juillet Août Septembre Octobre Novembre Décembre
V/Λ2009 > Janvier Février Mars Avril Mai Juin Juillet Août Septembre Octobre Novembre Décembre
V/Λ2008 > Janvier Février Mars Avril Mai Juin Juillet Août Septembre Octobre Novembre Décembre
V/Λ2007 > Janvier Février Mars Avril Mai Juin Juillet Août Septembre Octobre Novembre Décembre
V/Λ2006 > Janvier Février Mars Avril Mai Juin Juillet Août Septembre Octobre Novembre Décembre
V/Λ2005 > Janvier Février Mars Avril Mai Juin Juillet Août Septembre Octobre Novembre Décembre
V/Λ2004 > Janvier Février Mars Avril Mai Juin Juillet Août Septembre Octobre Novembre Décembre
V/Λ2003 > Janvier Février Mars Avril Mai Juin Juillet Août Septembre Octobre Novembre Décembre
V/Λ2002 > Janvier Février Mars Avril Mai Juin Juillet Août Septembre Octobre Novembre Décembre

Rapport pour Juin 2011
                   Monthly Climatological Summary for juin 2011

Name: IALSACEM4   City: Meyenheim   State: 
Elevation: 210 m  Lat: N 47 54' 42"   Lon: E 007 21' 22"

                  Temperature (C), Rain (mm), Wind Speed (km/h)

                                      Heat  Cool        Avg
    Mean                              Deg   Deg         Wind                 Dom
Day Temp  High   Time   Low    Time   Days  Days  Rain  Speed High   Time    Dir
----------------------------------------------------------------------------------
 1  11.2  13.0   14:45  10.2   10:05   7.1   0.0   5.0  10.4  39.3   13:58     N
 2  16.8  22.4   16:46  11.3   03:36   1.5   0.0   0.0  13.8  39.3   16:07     N
 3  20.2  26.1   16:29  14.5   06:09   0.0   1.9   0.0   9.9  34.2   10:34     N
 4  21.8  26.8   15:27  15.5   06:06   0.0   3.5   0.0   2.5  18.3   08:21   NNE
 5  21.3  28.6   16:10  15.8   05:07   0.0   3.0   1.0   5.3  39.3   17:05   SSW
 6  19.0  24.7   16:33  14.9   06:10   0.0   0.7   0.0   2.3  25.7   15:40   SSW
 7  20.0  26.8   15:02  13.9   05:54   0.0   1.7   0.0   1.4  23.9   18:09   ESE
 8  15.0  16.4   00:00  13.8   23:43   3.3   0.0   7.0   3.2  18.3   10:50   SSW
 9  14.6  18.1   16:56  11.4   06:03   3.7   0.0   1.0   0.7  13.1   17:50     S
10  15.5  21.3   13:19   8.2   05:45   2.8   0.0   0.0   1.8  18.3   14:50   ENE
11  16.6  21.0   14:29  12.9   06:09   1.7   0.0   0.0   2.7  17.3   03:10    SW
12  17.1  23.7   16:39   9.0   05:31   1.2   0.0   0.0   1.2  17.3   14:19    SE
13  17.9  22.1   17:11  14.3   05:22   0.4   0.0   0.0   1.6  18.3   12:16    SW
14  18.9  24.9   11:29  15.1   05:30   0.0   0.6  16.0   2.0  22.0   12:17   NNE
15  20.2  25.3   16:20  13.8   06:05   0.0   1.9   1.0   1.5  21.1   15:46     N
16  19.2  27.7   12:48  14.0   05:29   0.0   0.9   2.0   5.2  28.5   12:21    SW
17  18.9  24.9   15:30  13.7   06:19   0.0   0.6   6.0   4.7  28.5   22:57   SSW
18  16.4  19.8   19:05  12.5   23:23   1.9   0.0   1.0   8.9  35.6   14:03    SW
19  15.1  19.6   16:21  10.5   04:23   3.2   0.0   2.0   7.7  39.3   10:35   WSW
20  18.2  22.7   19:20  13.2   04:25   0.1   0.0   0.0   5.1  31.4   13:54   WSW
21  22.5  28.8   15:34  16.9   06:19   0.0   4.2   0.0   7.0  33.2   15:20    SW
22  19.8  27.5   15:04  16.1   23:46   0.0   1.5   5.0   2.6  54.8   15:25    SW
23  17.7  22.8   16:11  12.9   04:49   0.6   0.0   0.0   5.2  27.6   20:10    SW
24  17.0  22.1   18:06  11.4   06:21   1.3   0.0   0.0   1.8  26.7   16:28     W
25  17.4  23.5   18:17   9.5   04:55   0.9   0.0   0.0   2.4  18.3   12:09    SW
26  21.6  29.3   17:05  13.3   06:04   0.0   3.3   0.0   2.7  17.3   18:12   NNE
27  25.0  34.3   17:00  15.0   06:00   0.0   6.7   0.0   1.3  14.0   16:08    SE
28  26.4  33.9   15:39  18.6   05:55   0.0   8.1   0.0   1.4  17.3   15:13   NNE
29  20.1  23.0   00:00  17.1   23:24   0.0   1.8  27.0   2.2  25.7   08:11    NE
30  17.8  21.2   16:49  14.3   23:58   0.5   0.0   2.0   2.0  18.3   13:25     N
----------------------------------------------------------------------------------
    18.6  34.3    27     8.2    10    30.2  40.4  76.0   4.0  54.8    22       W

Max >=  30.0:  2
Max <=   0.0:  0
Min <= -10.0:  0
Min <= -18.0:  0
Max Rain: 27.0 on day 29
Days of Rain: 13 (> 0.2 mm)  9 (> 2.0 mm)  1 (> 20.0 mm)
Heat Base: 18.3  Cool Base: 18.3  Method: Integration


Mise à jour : 21/08/2019 06:47:18
powered by Cumulus v3.0.0 (3043)