METEO Meyenheim

 Latitude N 47° 54' 42"    Longitude E 07° 21' 22"    Altitude 210 m

Rapports de type NOAA
Selectionner un rapport Annuel ou mensuel
V/Λ2019 > Janvier Février Mars Avril Mai Juin Juillet Août Septembre Octobre Novembre Décembre
V/Λ2018 > Janvier Février Mars Avril Mai Juin Juillet Août Septembre Octobre Novembre Décembre
V/Λ2017 > Janvier Février Mars Avril Mai Juin Juillet Août Septembre Octobre Novembre Décembre
V/Λ2016 > Janvier Février Mars Avril Mai Juin Juillet Août Septembre Octobre Novembre Décembre
V/Λ2015 > Janvier Février Mars Avril Mai Juin Juillet Août Septembre Octobre Novembre Décembre
V/Λ2014 > Janvier Février Mars Avril Mai Juin Juillet Août Septembre Octobre Novembre Décembre
V/Λ2013 > Janvier Février Mars Avril Mai Juin Juillet Août Septembre Octobre Novembre Décembre
V/Λ2012 > Janvier Février Mars Avril Mai Juin Juillet Août Septembre Octobre Novembre Décembre
V/Λ2011 > Janvier Février Mars Avril Mai Juin Juillet Août Septembre Octobre Novembre Décembre
V/Λ2010 > Janvier Février Mars Avril Mai Juin Juillet Août Septembre Octobre Novembre Décembre
V/Λ2009 > Janvier Février Mars Avril Mai Juin Juillet Août Septembre Octobre Novembre Décembre
V/Λ2008 > Janvier Février Mars Avril Mai Juin Juillet Août Septembre Octobre Novembre Décembre
V/Λ2007 > Janvier Février Mars Avril Mai Juin Juillet Août Septembre Octobre Novembre Décembre
V/Λ2006 > Janvier Février Mars Avril Mai Juin Juillet Août Septembre Octobre Novembre Décembre
V/Λ2005 > Janvier Février Mars Avril Mai Juin Juillet Août Septembre Octobre Novembre Décembre
V/Λ2004 > Janvier Février Mars Avril Mai Juin Juillet Août Septembre Octobre Novembre Décembre
V/Λ2003 > Janvier Février Mars Avril Mai Juin Juillet Août Septembre Octobre Novembre Décembre
V/Λ2002 > Janvier Février Mars Avril Mai Juin Juillet Août Septembre Octobre Novembre Décembre

Rapport pour Juillet 2011
                   Monthly Climatological Summary for juil. 2011

Name: IALSACEM4   City: Meyenheim   State: 
Elevation: 210 m  Lat: N 47 54' 42"   Lon: E 007 21' 22"

                  Temperature (C), Rain (mm), Wind Speed (km/h)

                                      Heat  Cool        Avg
    Mean                              Deg   Deg         Wind                 Dom
Day Temp  High   Time   Low    Time   Days  Days  Rain  Speed High   Time    Dir
----------------------------------------------------------------------------------
 1  15.5  20.8   16:27  10.3   06:12   2.8   0.0   0.0   2.4  24.8   18:38   NNE
 2  15.3  20.5   17:30   8.8   06:08   3.0   0.0   0.0   2.6  26.7   16:07   NNE
 3  16.4  23.0   17:28   8.5   05:51   1.9   0.0   0.0   1.5  16.8   14:11    NE
 4  19.0  26.6   17:50  10.4   06:18   0.0   0.7   0.0   2.0  15.9   09:48   NNE
 5  21.3  29.3   16:56  12.3   05:57   0.0   3.0   0.0   2.2  22.0   19:33     S
 6  21.1  26.6   15:50  15.5   05:38   0.0   2.8   0.0   3.8  26.7   12:14    SW
 7  18.7  23.8   12:31  15.9   23:55   0.0   0.4  10.0   1.1  21.1   15:51    SW
 8  18.6  24.4   16:16  13.9   06:47   0.0   0.3   6.0   7.7  27.6   12:43   SSW
 9  20.7  28.1   13:45  14.3   04:01   0.0   2.4   0.0   5.0  31.4   11:02    SW
10  18.8  22.1   18:51  15.1   06:34   0.0   0.5   3.0   1.6  21.1   18:06    SW
11  20.2  26.4   18:04  14.4   06:04   0.0   1.9   0.0   2.1  17.3   12:58   NNE
12  19.1  30.9   17:32  15.3   06:24   0.0   0.8  13.0   1.3  54.8   22:47   WNW
13  18.8  21.3   10:26  15.1   22:29   0.0   0.5   6.0   4.9  25.7   02:52   SSW
14  16.5  20.8   16:01  12.5   07:11   1.8   0.0   1.0   4.0  25.7   18:10   WSW
15  16.4  22.2   17:23   9.9   04:25   1.9   0.0   0.0   0.3  13.1   13:57   SSE
16  18.9  26.7   16:28   9.5   05:53   0.0   0.6   0.0   4.5  32.3   15:26    SW
17  16.7  21.2   01:40  13.1   13:58   1.6   0.0   8.0   7.8  36.5   06:14   SSW
18  16.4  20.7   16:33  13.2   04:21   1.9   0.0   0.0  10.5  39.3   14:01    SW
19  14.6  20.7   13:15   9.7   06:20   3.7   0.0   1.0   2.7  31.4   23:10    SW
20  15.9  20.5   16:25  12.7   02:50   2.4   0.0   2.0   8.6  32.3   01:58    SW
21  15.8  20.1   18:40  12.2   05:58   2.5   0.0   1.0   3.8  26.7   15:01   SSW
22  17.3  22.1   13:15  14.9   05:42   1.0   0.0   9.0   1.6  18.3   13:18    SE
23  15.8  19.5   17:28  12.6   23:51   2.5   0.0   4.0   2.6  32.3   20:15   SSE
24  14.2  16.7   19:35  10.9   05:00   4.1   0.0   0.0   5.5  27.6   15:01    SW
25  16.7  22.0   18:01  10.9   06:18   0.2   0.6   0.0   4.8  22.9   12:46    SW
26  17.4  22.9   15:11  12.5   02:15   2.0   1.1   0.0   2.2  22.0   17:17   WSW
27  18.2  22.1   13:23  15.2   05:54   1.1   1.0   0.0   1.7  18.3   13:37    NW
28  18.6  22.6   12:38  14.2   06:09   1.2   1.4   0.0   1.3  22.0   14:08     N
29  19.0  24.6   14:01  13.4   06:26   1.4   2.2   0.0   1.6  26.7   16:37   NNW
30  18.2  21.8   17:38  15.8   03:09   1.0   0.9   0.0   4.2  22.9   00:57   NNE
31  16.8  21.5   16:15  12.1   06:36   2.2   0.7   0.0   4.4  27.6   18:41     N
----------------------------------------------------------------------------------
    17.6  30.9    12     8.5     3    40.2  21.8  64.0   3.6  54.8    12      SW

Max >=  30.0:  1
Max <=   0.0:  0
Min <= -10.0:  0
Min <= -18.0:  0
Max Rain: 13.0 on day 12
Days of Rain: 12 (> 0.2 mm)  9 (> 2.0 mm)  0 (> 20.0 mm)
Heat Base: 18.3  Cool Base: 18.3  Method: Integration


Mise à jour : 13/10/2019 22:28:48
powered by Cumulus v3.0.0 (3043)