METEO Meyenheim

 Latitude N 47° 54' 42"    Longitude E 07° 21' 22"    Altitude 210 m

Rapports de type NOAA
Selectionner un rapport Annuel ou mensuel
V/Λ2019 > Janvier Février Mars Avril Mai Juin Juillet Août Septembre Octobre Novembre Décembre
V/Λ2018 > Janvier Février Mars Avril Mai Juin Juillet Août Septembre Octobre Novembre Décembre
V/Λ2017 > Janvier Février Mars Avril Mai Juin Juillet Août Septembre Octobre Novembre Décembre
V/Λ2016 > Janvier Février Mars Avril Mai Juin Juillet Août Septembre Octobre Novembre Décembre
V/Λ2015 > Janvier Février Mars Avril Mai Juin Juillet Août Septembre Octobre Novembre Décembre
V/Λ2014 > Janvier Février Mars Avril Mai Juin Juillet Août Septembre Octobre Novembre Décembre
V/Λ2013 > Janvier Février Mars Avril Mai Juin Juillet Août Septembre Octobre Novembre Décembre
V/Λ2012 > Janvier Février Mars Avril Mai Juin Juillet Août Septembre Octobre Novembre Décembre
V/Λ2011 > Janvier Février Mars Avril Mai Juin Juillet Août Septembre Octobre Novembre Décembre
V/Λ2010 > Janvier Février Mars Avril Mai Juin Juillet Août Septembre Octobre Novembre Décembre
V/Λ2009 > Janvier Février Mars Avril Mai Juin Juillet Août Septembre Octobre Novembre Décembre
V/Λ2008 > Janvier Février Mars Avril Mai Juin Juillet Août Septembre Octobre Novembre Décembre
V/Λ2007 > Janvier Février Mars Avril Mai Juin Juillet Août Septembre Octobre Novembre Décembre
V/Λ2006 > Janvier Février Mars Avril Mai Juin Juillet Août Septembre Octobre Novembre Décembre
V/Λ2005 > Janvier Février Mars Avril Mai Juin Juillet Août Septembre Octobre Novembre Décembre
V/Λ2004 > Janvier Février Mars Avril Mai Juin Juillet Août Septembre Octobre Novembre Décembre
V/Λ2003 > Janvier Février Mars Avril Mai Juin Juillet Août Septembre Octobre Novembre Décembre
V/Λ2002 > Janvier Février Mars Avril Mai Juin Juillet Août Septembre Octobre Novembre Décembre

Rapport pour Août 2011
                   Monthly Climatological Summary for aot 2011

Name: IALSACEM4   City: Meyenheim   State: 
Elevation: 210 m  Lat: N 47 54' 42"   Lon: E 007 21' 22"

                  Temperature (C), Rain (mm), Wind Speed (km/h)

                                      Heat  Cool        Avg
    Mean                              Deg   Deg         Wind                 Dom
Day Temp  High   Time   Low    Time   Days  Days  Rain  Speed High   Time    Dir
----------------------------------------------------------------------------------
 1  18.2  25.2   17:39  10.4   06:18   2.3   2.2   0.0   1.5  16.8   16:57   NNE
 2  21.3  29.5   16:44  13.1   06:09   1.4   4.4   0.0   1.2  15.9   13:23     E
 3  21.1  26.8   13:24  16.8   05:22   0.2   3.0   2.0   5.4  32.3   10:34    SW
 4  22.6  29.2   16:26  17.9   05:34   0.1   4.3   1.0   2.3  18.3   16:04   SSW
 5  21.4  27.8   16:20  18.6   23:53   0.0   3.1   2.0   2.9  22.9   16:02    SW
 6  21.3  26.1   15:19  16.0   06:30   0.4   3.5   0.0   4.7  35.1   18:52   SSW
 7  18.8  21.2   17:36  15.8   23:41   0.5   1.0   9.0   6.7  32.3   01:30   SSW
 8  16.3  21.3   13:53  14.0   05:22   2.4   0.4   2.0  10.3  53.4   14:32    SW
 9  16.3  20.6   14:49  12.9   03:31   2.3   0.3   0.0   8.8  31.4   12:38   WSW
10  15.8  21.0   16:47  10.4   06:49   3.1   0.6   0.0   0.8  18.3   15:20     E
11  17.9  26.6   16:45   9.9   03:30   3.0   2.6   0.0   3.5  22.0   16:50   SSW
12  20.3  27.0   14:44  14.5   06:11   0.9   2.9   0.0   5.5  35.6   13:21    SW
13  21.3  27.7   16:50  15.9   06:31   0.4   3.4   0.0   3.1  24.8   12:29    SW
14  21.0  28.7   13:32  15.9   05:51   0.6   3.3   0.0   5.7  43.1   13:45    SW
15  19.5  22.6   19:20  17.4   11:06   0.1   1.3   6.0   2.3  21.1   02:07     N
16  19.7  26.0   15:59  13.8   06:29   1.2   2.6   0.0   1.2  16.8   12:21   ENE
17  21.2  29.0   17:43  13.8   06:26   1.2   4.1   0.0   1.0  13.1   11:24   NNE
18  23.5  31.5   16:58  18.1   07:25   0.0   5.2   1.0   3.9  22.9   12:15     S
19  24.5  30.0   16:45  19.0   07:12   0.0   6.2   2.0   7.1  36.5   12:23    SW
20  23.1  29.2   16:56  17.6   07:06   0.0   4.8   0.0   2.8  17.3   13:22     N
21  25.2  32.5   16:20  18.1   04:45   0.0   6.9   0.0   2.0  22.9   13:01    SW
22  26.3  34.3   16:36  19.8   04:43   0.0   8.0   0.0   1.7  17.3   16:09   NNE
23  26.8  34.7   15:41  19.3   06:32   0.0   8.5   0.0   4.6  32.3   13:28    SW
24  24.2  32.1   15:39  18.7   06:08   0.0   5.9   0.0   1.8  28.5   15:17   WSW
25  22.9  29.4   17:14  18.2   04:31   0.0   4.6   0.0   0.1  13.1   05:35     N
26  22.0  33.6   15:01  13.4   23:49   0.7   4.4   7.0   3.7  38.4   19:17    SW
27  14.7  18.4   15:35  11.7   06:27   3.6   0.0   4.0   9.8  35.6   12:32    SW
28  17.2  23.7   16:19  10.5   07:00   2.6   1.5   0.0   5.4  25.7   14:59   SSW
29  16.5  23.4   16:52  11.2   06:18   2.9   1.1   0.0   1.6  21.1   16:29   SSW
30  15.8  22.3   16:11   9.9   05:32   3.4   1.0   0.0   1.7  18.3   16:32   NNE
31  16.8  23.7   17:17  10.3   07:10   2.9   1.4   0.0   1.9  16.8   15:26   NNE
----------------------------------------------------------------------------------
    20.4  34.7    23     9.9    11    36.2 102.5  36.0   3.7  53.4     8      SW

Max >=  30.0:  7
Max <=   0.0:  0
Min <= -10.0:  0
Min <= -18.0:  0
Max Rain: 9.0 on day 7
Days of Rain: 10 (> 0.2 mm)  8 (> 2.0 mm)  0 (> 20.0 mm)
Heat Base: 18.3  Cool Base: 18.3  Method: Integration


Mise à jour : 21/08/2019 07:10:18
powered by Cumulus v3.0.0 (3043)