METEO Meyenheim

 Latitude N 47° 54' 42"    Longitude E 07° 21' 22"    Altitude 210 m

Rapports de type NOAA
Selectionner un rapport Annuel ou mensuel
V/Λ2019 > Janvier Février Mars Avril Mai Juin Juillet Août Septembre Octobre Novembre Décembre
V/Λ2018 > Janvier Février Mars Avril Mai Juin Juillet Août Septembre Octobre Novembre Décembre
V/Λ2017 > Janvier Février Mars Avril Mai Juin Juillet Août Septembre Octobre Novembre Décembre
V/Λ2016 > Janvier Février Mars Avril Mai Juin Juillet Août Septembre Octobre Novembre Décembre
V/Λ2015 > Janvier Février Mars Avril Mai Juin Juillet Août Septembre Octobre Novembre Décembre
V/Λ2014 > Janvier Février Mars Avril Mai Juin Juillet Août Septembre Octobre Novembre Décembre
V/Λ2013 > Janvier Février Mars Avril Mai Juin Juillet Août Septembre Octobre Novembre Décembre
V/Λ2012 > Janvier Février Mars Avril Mai Juin Juillet Août Septembre Octobre Novembre Décembre
V/Λ2011 > Janvier Février Mars Avril Mai Juin Juillet Août Septembre Octobre Novembre Décembre
V/Λ2010 > Janvier Février Mars Avril Mai Juin Juillet Août Septembre Octobre Novembre Décembre
V/Λ2009 > Janvier Février Mars Avril Mai Juin Juillet Août Septembre Octobre Novembre Décembre
V/Λ2008 > Janvier Février Mars Avril Mai Juin Juillet Août Septembre Octobre Novembre Décembre
V/Λ2007 > Janvier Février Mars Avril Mai Juin Juillet Août Septembre Octobre Novembre Décembre
V/Λ2006 > Janvier Février Mars Avril Mai Juin Juillet Août Septembre Octobre Novembre Décembre
V/Λ2005 > Janvier Février Mars Avril Mai Juin Juillet Août Septembre Octobre Novembre Décembre
V/Λ2004 > Janvier Février Mars Avril Mai Juin Juillet Août Septembre Octobre Novembre Décembre
V/Λ2003 > Janvier Février Mars Avril Mai Juin Juillet Août Septembre Octobre Novembre Décembre
V/Λ2002 > Janvier Février Mars Avril Mai Juin Juillet Août Septembre Octobre Novembre Décembre

Rapport pour Septembre 2011
                   Monthly Climatological Summary for sept. 2011

Name: IALSACEM4   City: Meyenheim   State: 
Elevation: 210 m  Lat: N 47 54' 42"   Lon: E 007 21' 22"

                  Temperature (C), Rain (mm), Wind Speed (km/h)

                                      Heat  Cool        Avg
    Mean                              Deg   Deg         Wind                 Dom
Day Temp  High   Time   Low    Time   Days  Days  Rain  Speed High   Time    Dir
----------------------------------------------------------------------------------
 1  20.3  28.2   16:26  14.7   07:22   1.0   3.0   0.0   1.9  18.3   17:49   NNE
 2  22.5  30.6   16:42  16.9   05:54   0.3   4.5   0.0   2.4  22.9   12:37    SW
 3  22.9  31.4   15:28  15.8   07:10   0.5   5.1   3.0   1.5  32.3   21:56   SSW
 4  19.7  23.6   13:13  17.5   06:14   0.1   1.5   9.0   3.3  22.0   13:05   SSW
 5  18.0  22.2   16:43  13.5   23:54   1.1   0.7   1.0   4.3  30.4   15:27   WSW
 6  16.8  22.6   15:22  10.8   04:32   2.6   1.2   0.0   7.9  35.1   12:30   SSW
 7  17.4  19.9   18:05  15.0   09:35   1.1   0.2   0.0  13.7  47.7   04:43    SW
 8  17.8  23.0   14:58  13.3   02:48   1.5   1.0   0.0   7.7  41.2   17:22   SSW
 9  21.4  27.8   16:00  16.9   07:08   0.2   3.3   0.0   7.5  27.6   01:12   SSW
10  22.8  31.2   17:20  15.0   07:37   0.6   5.1   0.0   3.8  22.9   15:05    SW
11  22.1  28.8   13:21  16.9   23:18   0.1   3.9   4.0   8.2  36.5   16:54   SSW
12  18.9  24.4   16:26  13.3   06:29   1.3   1.9   0.0   8.3  38.4   15:25   SSW
13  20.4  24.9   16:36  17.1   03:13   0.2   2.3   0.0   9.3  32.3   11:25   SSW
14  18.1  22.3   13:49  13.8   23:46   1.1   0.9   0.0   1.7  16.8   12:58   ESE
15  15.3  22.0   15:46   8.8   07:44   3.8   0.8   0.0   3.0  22.0   11:19     N
16  16.2  25.3   16:07   8.3   07:01   3.8   1.6   0.0   0.9  18.3   18:37     N
17  19.1  26.1   14:42  16.5   23:06   0.5   1.4   0.0   7.4  35.6   17:06   SSW
18  14.0  16.8   00:23   8.7   23:40   4.3   0.0   1.0   8.1  35.1   13:02   SSW
19  12.4  16.5   15:20   8.8   00:00   5.9   0.0   0.0   3.7  22.9   06:38   SSW
20  13.0  20.8   16:10   5.7   07:27   5.8   0.5   0.0   1.0  13.1   12:01   SSE
21  13.9  22.9   16:10   6.0   07:20   5.3   1.0   0.0   0.7  13.1   11:40   SSW
22  15.2  22.3   14:52   8.5   06:13   4.1   0.9   0.0   1.1  15.9   14:54   NNE
23  16.0  22.1   15:50  11.8   08:06   3.1   0.8   0.0   2.1  18.3   12:51   NNE
24  16.1  26.0   16:26   7.9   07:33   4.1   1.9   0.0   1.5  17.3   16:32   SSW
25  18.0  27.2   14:55  10.9   06:49   2.8   2.5   0.0   1.1  15.9   11:00    SW
26  18.1  27.7   15:52  10.3   07:33   2.8   2.7   0.0   0.5  16.8   15:16     N
27  18.6  27.0   15:14  11.8   07:54   2.2   2.5   0.0   2.2  25.7   16:22     N
28  19.0  26.6   16:14  12.3   07:03   1.6   2.3   0.0   2.5  23.9   15:54     N
29  17.6  25.5   15:51  10.7   07:40   2.6   2.0   0.0   0.7  13.1   17:22     N
30  17.5  25.8   15:46  10.1   07:46   2.7   2.0   0.0   1.1  15.9   18:09     S
----------------------------------------------------------------------------------
    18.0  31.4     3     5.7    20    67.1  57.5  18.0   4.0  47.7     7      SW

Max >=  30.0:  3
Max <=   0.0:  0
Min <= -10.0:  0
Min <= -18.0:  0
Max Rain: 9.0 on day 4
Days of Rain: 5 (> 0.2 mm)  3 (> 2.0 mm)  0 (> 20.0 mm)
Heat Base: 18.3  Cool Base: 18.3  Method: Integration


Mise à jour : 17/09/2019 06:50:52
powered by Cumulus v3.0.0 (3043)