METEO Meyenheim

 Latitude N 47° 54' 42"    Longitude E 07° 21' 22"    Altitude 210 m

Rapports de type NOAA
Selectionner un rapport Annuel ou mensuel
V/Λ2019 > Janvier Février Mars Avril Mai Juin Juillet Août Septembre Octobre Novembre Décembre
V/Λ2018 > Janvier Février Mars Avril Mai Juin Juillet Août Septembre Octobre Novembre Décembre
V/Λ2017 > Janvier Février Mars Avril Mai Juin Juillet Août Septembre Octobre Novembre Décembre
V/Λ2016 > Janvier Février Mars Avril Mai Juin Juillet Août Septembre Octobre Novembre Décembre
V/Λ2015 > Janvier Février Mars Avril Mai Juin Juillet Août Septembre Octobre Novembre Décembre
V/Λ2014 > Janvier Février Mars Avril Mai Juin Juillet Août Septembre Octobre Novembre Décembre
V/Λ2013 > Janvier Février Mars Avril Mai Juin Juillet Août Septembre Octobre Novembre Décembre
V/Λ2012 > Janvier Février Mars Avril Mai Juin Juillet Août Septembre Octobre Novembre Décembre
V/Λ2011 > Janvier Février Mars Avril Mai Juin Juillet Août Septembre Octobre Novembre Décembre
V/Λ2010 > Janvier Février Mars Avril Mai Juin Juillet Août Septembre Octobre Novembre Décembre
V/Λ2009 > Janvier Février Mars Avril Mai Juin Juillet Août Septembre Octobre Novembre Décembre
V/Λ2008 > Janvier Février Mars Avril Mai Juin Juillet Août Septembre Octobre Novembre Décembre
V/Λ2007 > Janvier Février Mars Avril Mai Juin Juillet Août Septembre Octobre Novembre Décembre
V/Λ2006 > Janvier Février Mars Avril Mai Juin Juillet Août Septembre Octobre Novembre Décembre
V/Λ2005 > Janvier Février Mars Avril Mai Juin Juillet Août Septembre Octobre Novembre Décembre
V/Λ2004 > Janvier Février Mars Avril Mai Juin Juillet Août Septembre Octobre Novembre Décembre
V/Λ2003 > Janvier Février Mars Avril Mai Juin Juillet Août Septembre Octobre Novembre Décembre
V/Λ2002 > Janvier Février Mars Avril Mai Juin Juillet Août Septembre Octobre Novembre Décembre

Rapport pour Octobre 2011
                   Monthly Climatological Summary for oct. 2011

Name: IALSACEM4   City: Meyenheim   State: 
Elevation: 210 m  Lat: N 47 54' 42"   Lon: E 007 21' 22"

                  Temperature (C), Rain (mm), Wind Speed (km/h)

                                      Heat  Cool        Avg
    Mean                              Deg   Deg         Wind                 Dom
Day Temp  High   Time   Low    Time   Days  Days  Rain  Speed High   Time    Dir
----------------------------------------------------------------------------------
 1  17.3  25.9   15:31   9.7   07:49   3.0   2.0   0.0   1.0  16.8   17:45   NNE
 2  17.5  26.3   15:45  10.1   07:47   3.0   2.2   0.0   0.3  13.1   13:44    NE
 3  18.0  26.4   16:11  11.3   08:13   2.6   2.3   0.0   1.3  15.9   10:28   SSW
 4  17.7  27.4   15:53  10.2   07:23   3.0   2.5   0.0   3.6  26.7   14:11    SW
 5  17.3  23.2   16:30  12.1   23:42   2.1   1.1   0.0   1.6  21.1   16:22    SW
 6  15.8  21.9   14:55  11.4   04:54   3.2   0.7   3.0   9.2  48.7   14:32    SW
 7  10.3  13.5   16:16   8.5   10:23   8.0   0.0   5.0   5.4  25.7   21:29    SW
 8   9.3  12.1   16:55   8.2   08:52   9.0   0.0   6.0   2.6  21.1   00:36    SW
 9  11.0  16.1   15:28   6.9   07:47   7.3   0.0   3.0   3.9  27.6   23:56   SSW
10  15.5  20.8   15:23  11.3   00:00   3.1   0.3   0.0  10.0  39.3   13:20   SSW
11  14.7  19.6   12:48   9.5   08:10   3.7   0.1   0.0   5.9  33.2   16:22   SSW
12  14.5  17.1   14:19  12.2   00:56   3.8   0.0   0.0   6.4  26.7   11:19    SW
13  13.0  14.9   11:26  12.2   23:48   3.9   0.0   0.0   4.2  22.9   23:19     N
14  11.4  15.8   16:03   7.6   08:17   6.9   0.0   0.0  10.8  30.4   15:29     N
15   8.0  13.5   16:24   3.5   07:43  10.3   0.0   0.0   4.4  19.2   09:47     N
16   8.7  18.2   15:53   1.5   08:06   9.6   0.0   0.0   2.1  18.3   16:09   SSW
17  10.8  19.6   15:30   3.7   05:30   7.7   0.1   0.0   2.9  21.1   16:05   SSW
18  15.8  21.7   15:26   8.7   03:43   2.9   0.7   0.0  10.6  41.2   16:49   SSW
19   7.0  17.4   00:00   3.2   23:56  11.3   0.0  22.0   3.8  30.4   01:30     N
20   6.6  12.2   14:41   2.7   08:42  11.7   0.0   0.0   1.1  13.1   13:41   NNE
21   4.1   7.2   16:52   0.8   05:16  14.2   0.0   0.0   2.3  18.3   12:13     N
22   5.6  10.4   15:43   1.7   23:57  12.7   0.0   0.0   0.6  13.1   11:56     E
23   4.0  11.0   13:54  -0.4   06:31  14.3   0.0   0.0   2.7  18.3   14:12     N
24   4.1   6.9   16:47   2.1   06:21  14.2   0.0   0.0   1.2  14.0   16:14     N
25   8.0  11.9   16:26   5.5   04:12  10.3   0.0   0.0   0.3  15.9   13:34   NNW
26  10.6  16.3   15:21   4.4   23:56   7.7   0.0   1.0   3.7  22.9   02:10   SSW
27   6.9  15.5   15:54   0.9   08:18  11.4   0.0   0.0   1.0  16.8   12:28    SE
28   9.4  18.2   15:35   2.4   03:32   8.9   0.0   0.0   0.6  12.2   11:14     N
29  10.8  17.6   15:48   5.3   08:14   7.5   0.0   0.0   0.4  13.1   11:53   SSW
30  12.8  17.6   13:57   9.3   02:02   5.7   0.0   0.0   0.5  11.2   15:47     N
31   9.9  13.5   14:59   6.7   23:28   8.4   0.0   0.0   0.2  11.2   10:52     N
----------------------------------------------------------------------------------
    11.2  27.4     4    -0.4    23   231.4  12.0  40.0   3.3  48.7     6      SW

Max >=  30.0:  0
Max <=   0.0:  0
Min <= -10.0:  0
Min <= -18.0:  0
Max Rain: 22.0 on day 19
Days of Rain: 6 (> 0.2 mm)  5 (> 2.0 mm)  1 (> 20.0 mm)
Heat Base: 18.3  Cool Base: 18.3  Method: Integration


Mise à jour : 18/10/2019 05:39:06
powered by Cumulus v3.0.0 (3043)