METEO Meyenheim

 Latitude N 47° 54' 42"    Longitude E 07° 21' 22"    Altitude 210 m

Rapports de type NOAA
Selectionner un rapport Annuel ou mensuel
V/Λ2019 > Janvier Février Mars Avril Mai Juin Juillet Août Septembre Octobre Novembre Décembre
V/Λ2018 > Janvier Février Mars Avril Mai Juin Juillet Août Septembre Octobre Novembre Décembre
V/Λ2017 > Janvier Février Mars Avril Mai Juin Juillet Août Septembre Octobre Novembre Décembre
V/Λ2016 > Janvier Février Mars Avril Mai Juin Juillet Août Septembre Octobre Novembre Décembre
V/Λ2015 > Janvier Février Mars Avril Mai Juin Juillet Août Septembre Octobre Novembre Décembre
V/Λ2014 > Janvier Février Mars Avril Mai Juin Juillet Août Septembre Octobre Novembre Décembre
V/Λ2013 > Janvier Février Mars Avril Mai Juin Juillet Août Septembre Octobre Novembre Décembre
V/Λ2012 > Janvier Février Mars Avril Mai Juin Juillet Août Septembre Octobre Novembre Décembre
V/Λ2011 > Janvier Février Mars Avril Mai Juin Juillet Août Septembre Octobre Novembre Décembre
V/Λ2010 > Janvier Février Mars Avril Mai Juin Juillet Août Septembre Octobre Novembre Décembre
V/Λ2009 > Janvier Février Mars Avril Mai Juin Juillet Août Septembre Octobre Novembre Décembre
V/Λ2008 > Janvier Février Mars Avril Mai Juin Juillet Août Septembre Octobre Novembre Décembre
V/Λ2007 > Janvier Février Mars Avril Mai Juin Juillet Août Septembre Octobre Novembre Décembre
V/Λ2006 > Janvier Février Mars Avril Mai Juin Juillet Août Septembre Octobre Novembre Décembre
V/Λ2005 > Janvier Février Mars Avril Mai Juin Juillet Août Septembre Octobre Novembre Décembre
V/Λ2004 > Janvier Février Mars Avril Mai Juin Juillet Août Septembre Octobre Novembre Décembre
V/Λ2003 > Janvier Février Mars Avril Mai Juin Juillet Août Septembre Octobre Novembre Décembre
V/Λ2002 > Janvier Février Mars Avril Mai Juin Juillet Août Septembre Octobre Novembre Décembre

Rapport pour Février 2012
                   Monthly Climatological Summary for fvr. 2012

Name: IALSACEM4   City: Meyenheim   State: 
Elevation: 210 m  Lat: N 47 54' 42"   Lon: E 007 21' 22"

                  Temperature (C), Rain (mm), Wind Speed (km/h)

                                      Heat  Cool        Avg
    Mean                              Deg   Deg         Wind                 Dom
Day Temp  High   Time   Low    Time   Days  Days  Rain  Speed High   Time    Dir
----------------------------------------------------------------------------------
 1  -4.4  -2.2   00:00  -6.1   08:11  16.4   0.0   0.0  16.1  37.4   15:42     N
 2  -6.9  -5.5   16:29  -8.9   08:39  25.2   0.0   0.0  17.9  43.1   02:23     N
 3  -9.1  -6.2   14:15 -11.6   08:04  24.4   0.0   0.0  14.2  33.2   12:48     N
 4  -8.6  -4.7   15:29 -11.2   01:52  26.9   0.0   0.0  11.9  40.2   10:08     N
 5  -9.5  -4.2   15:25 -15.3   08:32  27.8   0.0   0.0   5.3  22.9   16:28     N
 6  -9.0  -4.8   15:07 -12.9   06:51  27.3   0.0   0.0   7.3  22.9   16:36     N
 7 -10.7  -8.8   14:46 -12.9   07:26  29.0   0.0   0.0  14.8  41.2   18:16     N
 8  -7.2  -3.2   15:37  -9.5   06:28  25.5   0.0   0.0  10.5  32.3   00:11     N
 9  -7.4  -2.9   15:46 -12.7   08:04  25.7   0.0   0.0   3.4  23.9   18:56     N
10  -6.3  -3.3   12:58  -9.2   23:49  24.6   0.0   0.0  12.9  35.6   15:31     N
11  -8.6  -5.4   14:53 -11.6   08:08  25.5   0.0   0.0  16.4  41.2   14:06     N
12  -8.0  -2.9   15:47 -11.8   07:24  26.3   0.0   0.0   8.9  26.7   09:10     N
13  -5.6   0.3   15:14 -13.3   03:47  23.9   0.0   0.0   6.2  22.9   16:05     S
14  -0.4   3.1   13:59  -3.4   07:08  18.6   0.0   0.0   3.9  18.3   15:32     S
15   2.8   4.9   16:56   0.4   00:00  15.5   0.0   0.0   9.0  27.6   07:25    SW
16   3.3   7.1   13:38   1.0   23:52  15.0   0.0   0.0   0.9  15.9   11:53    NE
17   3.9   9.3   12:37   1.0   00:00  14.4   0.0   0.0   3.6  18.3   12:39     S
19   4.6   8.0   13:25  -1.4   23:34  25.3   0.0   0.0   7.0  33.2   06:55   SSW
20   0.9   5.2   13:54  -2.8   03:10  17.4   0.0   0.0   6.2  25.7   10:37     N
21  -0.7   5.7   14:57  -6.7   07:45  19.0   0.0   0.0   1.0  15.9   15:26   NNE
22   0.6   9.3   15:10  -6.0   06:50  17.7   0.0   0.0   0.4  12.2   10:34   SSE
23   4.5   9.9   13:27  -0.6   00:00  13.8   0.0   0.0   4.4  27.6   13:27   SSW
24   5.7  12.9   14:56   1.4   00:08  12.6   0.0   0.0   2.6  17.3   12:28     S
25   7.1  13.5   14:33   2.9   01:12  11.2   0.0   0.0   1.7  16.8   15:59   SSW
26   6.2  10.2   15:16   1.3   22:13  12.1   0.0   0.0   3.5  22.9   10:47   NNE
27   3.8  11.3   14:39  -2.5   07:22  14.5   0.0   0.0   0.5  15.9   13:11    SE
28   5.2  12.5   16:01  -0.9   01:21  12.3   0.0   0.0   2.0  17.3   11:37     S
29   7.6  15.6   15:13  -0.7   04:17  10.7   0.0   0.0   4.3  22.9   15:20     N
----------------------------------------------------------------------------------
    -1.7  15.6    29   -15.3     5   558.6   0.0   0.0   6.9  43.1     2       N

Max >=  30.0:  0
Max <=   0.0: 12
Min <= -10.0:  9
Min <= -18.0:  0
Max Rain: 0.0 on day 0
Days of Rain: 0 (>= 0.2 mm)  0 (>= 2.0 mm)  0 (>= 20.0 mm)
Heat Base: 18.3  Cool Base: 18.3  Method: Integration


Mise à jour : 18/10/2019 05:32:06
powered by Cumulus v3.0.0 (3043)