METEO Meyenheim

 Latitude N 47° 54' 42"    Longitude E 07° 21' 22"    Altitude 210 m

Rapports de type NOAA
Selectionner un rapport Annuel ou mensuel
V/Λ2019 > Janvier Février Mars Avril Mai Juin Juillet Août Septembre Octobre Novembre Décembre
V/Λ2018 > Janvier Février Mars Avril Mai Juin Juillet Août Septembre Octobre Novembre Décembre
V/Λ2017 > Janvier Février Mars Avril Mai Juin Juillet Août Septembre Octobre Novembre Décembre
V/Λ2016 > Janvier Février Mars Avril Mai Juin Juillet Août Septembre Octobre Novembre Décembre
V/Λ2015 > Janvier Février Mars Avril Mai Juin Juillet Août Septembre Octobre Novembre Décembre
V/Λ2014 > Janvier Février Mars Avril Mai Juin Juillet Août Septembre Octobre Novembre Décembre
V/Λ2013 > Janvier Février Mars Avril Mai Juin Juillet Août Septembre Octobre Novembre Décembre
V/Λ2012 > Janvier Février Mars Avril Mai Juin Juillet Août Septembre Octobre Novembre Décembre
V/Λ2011 > Janvier Février Mars Avril Mai Juin Juillet Août Septembre Octobre Novembre Décembre
V/Λ2010 > Janvier Février Mars Avril Mai Juin Juillet Août Septembre Octobre Novembre Décembre
V/Λ2009 > Janvier Février Mars Avril Mai Juin Juillet Août Septembre Octobre Novembre Décembre
V/Λ2008 > Janvier Février Mars Avril Mai Juin Juillet Août Septembre Octobre Novembre Décembre
V/Λ2007 > Janvier Février Mars Avril Mai Juin Juillet Août Septembre Octobre Novembre Décembre
V/Λ2006 > Janvier Février Mars Avril Mai Juin Juillet Août Septembre Octobre Novembre Décembre
V/Λ2005 > Janvier Février Mars Avril Mai Juin Juillet Août Septembre Octobre Novembre Décembre
V/Λ2004 > Janvier Février Mars Avril Mai Juin Juillet Août Septembre Octobre Novembre Décembre
V/Λ2003 > Janvier Février Mars Avril Mai Juin Juillet Août Septembre Octobre Novembre Décembre
V/Λ2002 > Janvier Février Mars Avril Mai Juin Juillet Août Septembre Octobre Novembre Décembre

Rapport pour Mars 2012
                   Monthly Climatological Summary for mars 2012

Name: IALSACEM4   City: Meyenheim   State: 
Elevation: 210 m  Lat: N 47 54' 42"   Lon: E 007 21' 22"

                  Temperature (C), Rain (mm), Wind Speed (km/h)

                                      Heat  Cool        Avg
    Mean                              Deg   Deg         Wind                 Dom
Day Temp  High   Time   Low    Time   Days  Days  Rain  Speed High   Time    Dir
----------------------------------------------------------------------------------
 1   6.7  11.7   14:33   1.9   05:01  11.6   0.0   0.0   1.3  21.1   15:02   NNE
 2   6.5  11.2   15:28   3.2   07:38  11.8   0.0   0.0   3.0  22.9   18:58     N
 3   9.3  16.4   14:45   4.9   23:16   9.0   0.0   0.0   3.0  17.3   16:16     N
 4   8.2  13.1   14:52   5.4   00:00  10.1   0.0   0.0   0.3  12.2   14:33     E
 5   5.4   7.4   03:14   3.0   08:17  12.9   0.0   1.0   9.7  47.7   04:39    SO
 6   5.2  10.9   14:15  -0.5   07:26  13.1   0.0   0.0   3.5  21.1   17:20    NE
 7   4.8  11.9   13:34  -3.3   06:46  13.5   0.0   0.0   7.5  36.5   23:21   SSO
 8   5.3  10.6   13:17  -0.4   23:57  13.0   0.0   0.0   6.3  33.2   01:10   ONO
 9   3.6  11.3   15:14  -3.2   07:07  14.7   0.0   0.0   3.2  22.0   15:36     N
10   5.5  13.8   14:46  -2.8   06:10  12.8   0.0   0.0   3.0  22.0   13:04   NNE
11   7.8  11.4   15:44   4.7   07:08  10.5   0.0   0.0   2.5  26.7   15:49     N
12  10.5  16.7   15:13   5.5   07:37   7.8   0.0   0.0   3.2  22.0   13:03     N
13   9.7  16.4   15:19   3.9   07:20   8.6   0.0   0.0   7.7  22.9   00:15     N
14   8.1  15.9   15:50   0.4   07:25   0.0  10.2   0.0   4.1  22.0   17:20   NNE
15  11.2  19.7   16:03  -0.1   07:07  14.7   0.1   0.0   0.4  12.2   16:22   NNE
16  12.4  24.6   15:14   0.9   04:38   7.3   1.4   0.0   4.4  30.4   16:04     S
17  13.8  20.1   15:20   6.6   05:25   4.6   0.1   0.0   8.4  38.4   10:42   SSO
18   9.0  12.6   00:16   6.1   23:37   9.3   0.0   2.0   8.7  35.6   09:30   SSO
19   7.0   9.5   15:01   4.7   04:54  11.3   0.0   5.0   5.0  22.9   15:09     N
20   8.4  14.3   15:21   3.6   23:49   9.9   0.0   0.0   6.5  27.6   08:05     N
21   9.6  17.7   16:12   0.7   05:36   8.7   0.0   0.0   3.5  22.0   13:44     N
22  11.6  20.0   16:15   1.9   06:28   6.9   0.2   0.0   3.2  20.1   15:07     N
23  11.7  20.3   14:53   2.4   05:54   6.9   0.3   0.0   1.9  17.3   14:05     N
24  12.9  20.6   14:50   4.1   06:35   5.8   0.4   0.0   4.3  24.8   13:38     N
25  13.9  21.2   15:43   5.2   07:47   4.7   0.5   0.0   6.2  32.3   18:42     N
26  14.1  20.4   15:41   8.2   07:29   4.6   0.3   0.0  10.0  33.2   19:01     N
27  14.4  20.5   15:56   5.1   07:50   3.7   0.3   0.0   8.5  31.4   17:52     N
28  14.9  21.9   15:21   7.7   04:09   4.2   0.8   0.0   6.5  30.4   09:19     N
29  14.9  20.2   17:47   8.2   02:58   1.4   0.1   0.0   4.2  23.9   17:53   NNO
30  13.2  18.6   15:55   7.1   23:57   5.1   0.0   0.0   2.3  21.1   17:50   NNE
31  10.6  18.6   15:46   2.3   07:32   7.7   0.0   0.0   3.9  34.2   19:20     N
----------------------------------------------------------------------------------
     9.7  24.6    16    -3.3     7   266.2  14.7   8.0   4.8  47.7     5       N

Max >=  30.0:  0
Max <=   0.0:  0
Min <= -10.0:  0
Min <= -18.0:  0
Max Rain: 5.0 on day 19
Days of Rain: 3 (>= 0.2 mm)  2 (>= 2.0 mm)  0 (>= 20.0 mm)
Heat Base: 18.3  Cool Base: 18.3  Method: Integration


Mise à jour : 21/08/2019 06:39:18
powered by Cumulus v3.0.0 (3043)