METEO Meyenheim

 Latitude N 47° 54' 42"    Longitude E 07° 21' 22"    Altitude 210 m

Rapports de type NOAA
Selectionner un rapport Annuel ou mensuel
V/Λ2019 > Janvier Février Mars Avril Mai Juin Juillet Août Septembre Octobre Novembre Décembre
V/Λ2018 > Janvier Février Mars Avril Mai Juin Juillet Août Septembre Octobre Novembre Décembre
V/Λ2017 > Janvier Février Mars Avril Mai Juin Juillet Août Septembre Octobre Novembre Décembre
V/Λ2016 > Janvier Février Mars Avril Mai Juin Juillet Août Septembre Octobre Novembre Décembre
V/Λ2015 > Janvier Février Mars Avril Mai Juin Juillet Août Septembre Octobre Novembre Décembre
V/Λ2014 > Janvier Février Mars Avril Mai Juin Juillet Août Septembre Octobre Novembre Décembre
V/Λ2013 > Janvier Février Mars Avril Mai Juin Juillet Août Septembre Octobre Novembre Décembre
V/Λ2012 > Janvier Février Mars Avril Mai Juin Juillet Août Septembre Octobre Novembre Décembre
V/Λ2011 > Janvier Février Mars Avril Mai Juin Juillet Août Septembre Octobre Novembre Décembre
V/Λ2010 > Janvier Février Mars Avril Mai Juin Juillet Août Septembre Octobre Novembre Décembre
V/Λ2009 > Janvier Février Mars Avril Mai Juin Juillet Août Septembre Octobre Novembre Décembre
V/Λ2008 > Janvier Février Mars Avril Mai Juin Juillet Août Septembre Octobre Novembre Décembre
V/Λ2007 > Janvier Février Mars Avril Mai Juin Juillet Août Septembre Octobre Novembre Décembre
V/Λ2006 > Janvier Février Mars Avril Mai Juin Juillet Août Septembre Octobre Novembre Décembre
V/Λ2005 > Janvier Février Mars Avril Mai Juin Juillet Août Septembre Octobre Novembre Décembre
V/Λ2004 > Janvier Février Mars Avril Mai Juin Juillet Août Septembre Octobre Novembre Décembre
V/Λ2003 > Janvier Février Mars Avril Mai Juin Juillet Août Septembre Octobre Novembre Décembre
V/Λ2002 > Janvier Février Mars Avril Mai Juin Juillet Août Septembre Octobre Novembre Décembre

Rapport pour Avril 2012
                   Monthly Climatological Summary for avr. 2012

Name: IALSACEM4   City: Meyenheim   State: 
Elevation: 210 m  Lat: N 47 54' 42"   Lon: E 007 21' 22"

                  Temperature (C), Rain (mm), Wind Speed (km/h)

                                      Heat  Cool        Avg
    Mean                              Deg   Deg         Wind                 Dom
Day Temp  High   Time   Low    Time   Days  Days  Rain  Speed High   Time    Dir
----------------------------------------------------------------------------------
 1   9.4  13.9   17:18   4.6   06:32   7.4   0.0   0.0  11.0  36.5   03:57     N
 2   9.3  18.8   17:25  -0.3   06:53   9.0   0.0   0.0   1.1  16.8   09:43   NNE
 3  11.7  21.6   15:14   3.9   06:52   6.8   0.3   4.0   6.9  36.5   18:38   SSO
 4  10.8  13.3   16:36   8.3   23:14   7.5   0.0   2.0   2.8  22.9   00:48   SSO
 5   9.1  10.9   14:47   7.5   01:53   9.2   0.0   4.0   8.6  31.4   13:26     N
 6   9.7  14.3   15:57   6.9   07:43   8.6   0.0   0.0   6.0  22.0   11:54   NNE
 7   9.2  13.0   15:29   7.1   03:01   9.1   0.0   0.0   3.7  22.0   13:10   NNE
 8   5.7   9.4   16:06   1.7   23:58  12.6   0.0   0.0   5.8  27.6   10:08     N
 9   6.6  11.1   18:41   1.4   02:44  11.7   0.0   0.0  10.0  36.5   11:24     S
10  12.5  20.0   12:28   8.2   03:27   6.0   0.2   2.0   8.3  45.9   15:54   SSO
11   9.5  13.2   15:30   4.9   23:50   8.8   0.0   1.0   5.8  27.6   00:21    SO
12   8.6  12.8   17:07   4.7   00:40   9.7   0.0   0.0   6.5  26.7   13:35   SSO
13   8.7  15.5   15:43   1.7   05:59   9.6   0.0   0.0   3.3  23.9   17:40     N
14   9.9  15.0   14:41   5.3   07:05   8.4   0.0   1.0   8.9  31.4   12:44     N
15   9.2  11.5   12:03   7.5   23:40   9.1   0.0   6.0  15.6  39.3   12:42     N
16   6.3   7.5   00:00   3.8   23:58  12.0   0.0   4.0  15.5  41.2   09:40     N
17   7.6  14.1   17:32   0.3   06:40  10.7   0.0   0.0   3.7  35.1   15:45   SSO
18   9.8  14.9   17:09   5.4   05:29   8.5   0.0   0.0  10.2  35.1   01:10   SSO
19  10.1  14.5   12:15   5.7   23:54   8.2   0.0   0.0   7.9  31.4   14:37   SSO
20   9.2  14.3   14:31   4.9   01:21   9.1   0.0   1.0   8.5  37.4   13:59    SO
21   9.6  15.8   15:39   6.2   01:39   8.7   0.0   3.0  11.4  45.9   14:25    SO
22   8.1  11.4   15:30   6.3   00:00   9.5   0.0   1.0   8.3  36.5   15:39   SSO
23   9.5  14.9   16:57   5.9   03:52   8.8   0.0   4.0   7.2  44.9   23:46   SSO
24   8.0  11.7   15:01   5.1   04:16  10.3   0.0   5.0  11.5  44.0   16:27    SO
25  11.8  17.4   15:26   6.8   00:21   6.5   0.0   0.0   8.2  27.6   16:12   SSO
26  14.8  21.3   17:04   9.1   05:53   4.1   0.6   0.0   5.5  37.4   11:00    SO
27  15.3  23.6   16:59   6.5   06:33   4.2   1.2   0.0   1.8  17.3   20:02     N
28  22.5  29.4   16:57  12.7   05:19   0.7   3.9   0.0   3.4  22.0   15:38     N
29  18.3  24.3   16:43  13.7   23:55   1.2   1.2   2.0   4.3  46.8   20:27   OSO
30  16.3  21.1   16:25  12.0   05:27   2.6   0.6   2.0   6.3  41.2   22:35   NNO
----------------------------------------------------------------------------------
    10.6  29.4    28    -0.3     2   238.6   8.0  42.0   7.3  46.8    29     OSO

Max >=  30.0:  0
Max <=   0.0:  0
Min <= -10.0:  0
Min <= -18.0:  0
Max Rain: 6.0 on day 15
Days of Rain: 15 (>= 0.2 mm)  11 (>= 2.0 mm)  0 (>= 20.0 mm)
Heat Base: 18.3  Cool Base: 18.3  Method: Integration


Mise à jour : 18/10/2019 05:49:06
powered by Cumulus v3.0.0 (3043)