METEO Meyenheim

 Latitude N 47° 54' 42"    Longitude E 07° 21' 22"    Altitude 210 m

Rapports de type NOAA
Selectionner un rapport Annuel ou mensuel
V/Λ2019 > Janvier Février Mars Avril Mai Juin Juillet Août Septembre Octobre Novembre Décembre
V/Λ2018 > Janvier Février Mars Avril Mai Juin Juillet Août Septembre Octobre Novembre Décembre
V/Λ2017 > Janvier Février Mars Avril Mai Juin Juillet Août Septembre Octobre Novembre Décembre
V/Λ2016 > Janvier Février Mars Avril Mai Juin Juillet Août Septembre Octobre Novembre Décembre
V/Λ2015 > Janvier Février Mars Avril Mai Juin Juillet Août Septembre Octobre Novembre Décembre
V/Λ2014 > Janvier Février Mars Avril Mai Juin Juillet Août Septembre Octobre Novembre Décembre
V/Λ2013 > Janvier Février Mars Avril Mai Juin Juillet Août Septembre Octobre Novembre Décembre
V/Λ2012 > Janvier Février Mars Avril Mai Juin Juillet Août Septembre Octobre Novembre Décembre
V/Λ2011 > Janvier Février Mars Avril Mai Juin Juillet Août Septembre Octobre Novembre Décembre
V/Λ2010 > Janvier Février Mars Avril Mai Juin Juillet Août Septembre Octobre Novembre Décembre
V/Λ2009 > Janvier Février Mars Avril Mai Juin Juillet Août Septembre Octobre Novembre Décembre
V/Λ2008 > Janvier Février Mars Avril Mai Juin Juillet Août Septembre Octobre Novembre Décembre
V/Λ2007 > Janvier Février Mars Avril Mai Juin Juillet Août Septembre Octobre Novembre Décembre
V/Λ2006 > Janvier Février Mars Avril Mai Juin Juillet Août Septembre Octobre Novembre Décembre
V/Λ2005 > Janvier Février Mars Avril Mai Juin Juillet Août Septembre Octobre Novembre Décembre
V/Λ2004 > Janvier Février Mars Avril Mai Juin Juillet Août Septembre Octobre Novembre Décembre
V/Λ2003 > Janvier Février Mars Avril Mai Juin Juillet Août Septembre Octobre Novembre Décembre
V/Λ2002 > Janvier Février Mars Avril Mai Juin Juillet Août Septembre Octobre Novembre Décembre

Rapport pour Juin 2012
                   Monthly Climatological Summary for juin 2012

Name: IALSACEM4   City: Meyenheim   State: 
Elevation: 210 m  Lat: N 47 54' 42"   Lon: E 007 21' 22"

                  Temperature (C), Rain (mm), Wind Speed (km/h)

                                      Heat  Cool        Avg
    Mean                              Deg   Deg         Wind                 Dom
Day Temp  High   Time   Low    Time   Days  Days  Rain  Speed High   Time    Dir
----------------------------------------------------------------------------------
 1  18.9  21.6   15:22  15.2   23:57   0.5   1.1   0.0   1.1  32.3   00:01    NO
 2  19.0  26.4   16:51  11.2   05:59   2.0   2.7   0.0   2.0  18.3   17:21   NNE
 3  17.1  20.2   13:39  14.5   04:58   1.5   0.2   1.0   8.5  39.3   14:11   SSO
 4  15.7  19.8   14:43  13.1   04:24   2.7   0.1  10.0   5.7  35.1   18:25    SO
 5  14.2  19.0   17:58   9.8   05:14   4.1   0.0   0.0   2.6  18.3   04:30   NNE
 6  16.7  21.5   17:51  12.9   04:56   2.2   0.5   0.0   6.2  41.2   13:49    SO
 7  19.2  26.8   15:52  15.0   05:52   1.0   1.9   5.0   4.3  32.3   18:39   SSO
 8  16.7  19.8   17:33  15.1   23:56   1.7   0.1   6.0   6.8  36.5   17:11   SSO
 9  17.4  21.8   16:38  13.7   06:45   1.8   0.9   0.0   5.1  31.4   13:41    SO
10  16.4  21.7   14:45  11.7   04:35   2.6   0.7   1.0   1.0  16.8   13:22     S
11  16.4  20.4   14:54  13.5   06:42   2.4   0.4   9.0   6.2  32.3   08:56    SO
12  13.9  15.6   14:20  12.8   01:33   4.4   0.0  15.0   2.3  19.2   14:40    SO
13  14.8  19.2   14:02  11.1   03:24   3.6   0.0   1.0   8.6  35.6   10:34    SO
14  16.5  22.2   18:03  10.1   05:47   2.9   1.2   0.0   1.0  14.0   14:22   ESE
15  20.1  27.2   18:03  12.2   05:47   1.7   3.5   0.0   5.1  41.2   12:25    SO
16  22.2  29.1   17:55  16.0   06:23   0.5   4.4   0.0   8.2  31.4   17:40   SSO
17  18.7  23.6   17:37  15.1   04:46   1.2   1.5   0.0   2.7  21.1   18:13     N
18  19.4  27.0   17:50  14.8   04:02   0.9   1.6   0.0   2.0  26.7   10:10    SO
19  20.3  23.6   14:58  16.4   04:44   0.3   2.3   2.0   3.9  22.9   07:43     N
20  20.8  24.5   16:38  18.6   04:15   0.0   2.5   4.0   6.4  32.3   11:41   SSO
21  20.1  28.1   16:30  15.1   06:02   0.7   2.5  16.0   1.9  52.4   19:19     S
22  18.3  23.1   16:24  13.3   06:28   1.4   1.4   0.0   7.5  32.3   11:43    SO
23  18.3  25.1   17:20  10.4   05:35   2.4   2.5   0.0   3.2  25.7   15:35   SSO
24  18.6  23.7   12:31  11.3   05:59   1.8   2.1   0.0   7.1  34.2   18:06    SO
25  18.6  24.5   16:21  14.2   07:33   1.3   1.6   2.0   4.5  35.6   00:31    SO
26  18.0  24.6   16:23  10.7   05:43   2.3   1.9   0.0   1.4  16.8   14:15     S
27  22.3  29.1   17:13  16.2   05:34   0.5   4.5   0.0   1.8  21.1   20:36   ENE
28  24.0  31.5   18:14  16.1   06:03   0.3   6.0   0.0   2.7  18.3   20:30   SSO
29  25.6  32.6   14:44  20.1   07:28   0.0   7.3   2.0   5.5  27.6   18:05    SO
30  25.1  32.1   17:18  18.5   23:54   0.0   6.8  10.0   2.8  25.7   23:11   NNO
----------------------------------------------------------------------------------
    18.8  32.6    29     9.8     5    48.7  62.2  84.0   4.3  52.4    21      SO

Max >=  30.0:  3
Max <=   0.0:  0
Min <= -10.0:  0
Min <= -18.0:  0
Max Rain: 16.0 on day 21
Days of Rain: 14 (>= 0.2 mm)  11 (>= 2.0 mm)  0 (>= 20.0 mm)
Heat Base: 18.3  Cool Base: 18.3  Method: Integration


Mise à jour : 19/11/2019 19:40:01
powered by Cumulus v3.0.0 (3043)