METEO Meyenheim

 Latitude N 47° 54' 42"    Longitude E 07° 21' 22"    Altitude 210 m

Rapports de type NOAA
Selectionner un rapport Annuel ou mensuel
V/Λ2019 > Janvier Février Mars Avril Mai Juin Juillet Août Septembre Octobre Novembre Décembre
V/Λ2018 > Janvier Février Mars Avril Mai Juin Juillet Août Septembre Octobre Novembre Décembre
V/Λ2017 > Janvier Février Mars Avril Mai Juin Juillet Août Septembre Octobre Novembre Décembre
V/Λ2016 > Janvier Février Mars Avril Mai Juin Juillet Août Septembre Octobre Novembre Décembre
V/Λ2015 > Janvier Février Mars Avril Mai Juin Juillet Août Septembre Octobre Novembre Décembre
V/Λ2014 > Janvier Février Mars Avril Mai Juin Juillet Août Septembre Octobre Novembre Décembre
V/Λ2013 > Janvier Février Mars Avril Mai Juin Juillet Août Septembre Octobre Novembre Décembre
V/Λ2012 > Janvier Février Mars Avril Mai Juin Juillet Août Septembre Octobre Novembre Décembre
V/Λ2011 > Janvier Février Mars Avril Mai Juin Juillet Août Septembre Octobre Novembre Décembre
V/Λ2010 > Janvier Février Mars Avril Mai Juin Juillet Août Septembre Octobre Novembre Décembre
V/Λ2009 > Janvier Février Mars Avril Mai Juin Juillet Août Septembre Octobre Novembre Décembre
V/Λ2008 > Janvier Février Mars Avril Mai Juin Juillet Août Septembre Octobre Novembre Décembre
V/Λ2007 > Janvier Février Mars Avril Mai Juin Juillet Août Septembre Octobre Novembre Décembre
V/Λ2006 > Janvier Février Mars Avril Mai Juin Juillet Août Septembre Octobre Novembre Décembre
V/Λ2005 > Janvier Février Mars Avril Mai Juin Juillet Août Septembre Octobre Novembre Décembre
V/Λ2004 > Janvier Février Mars Avril Mai Juin Juillet Août Septembre Octobre Novembre Décembre
V/Λ2003 > Janvier Février Mars Avril Mai Juin Juillet Août Septembre Octobre Novembre Décembre
V/Λ2002 > Janvier Février Mars Avril Mai Juin Juillet Août Septembre Octobre Novembre Décembre

Rapport pour Juillet 2012
                   Monthly Climatological Summary for juil. 2012

Name: IALSACEM4   City: Meyenheim   State: 
Elevation: 210 m  Lat: N 47 54' 42"   Lon: E 007 21' 22"

                  Temperature (C), Rain (mm), Wind Speed (km/h)

                                      Heat  Cool        Avg
    Mean                              Deg   Deg         Wind                 Dom
Day Temp  High   Time   Low    Time   Days  Days  Rain  Speed High   Time    Dir
----------------------------------------------------------------------------------
 1  16.9  18.5   00:00  15.8   22:50   0.0   1.4  15.0   1.0  17.3   00:05   OSO
 2  17.7  20.1   17:50  13.7   06:55   0.7   0.3   7.0   3.3  22.9   09:48     N
 3  18.1  22.5   18:15  16.1   05:51   1.0   0.8   4.0   0.1  10.3   18:25   NNE
 4  20.7  26.9   19:14  14.0   06:03   1.1   3.6   0.0   0.4  18.3   23:43   SSO
 5  21.2  27.0   16:48  15.3   05:56   0.5   3.4   5.0   2.9  24.8   21:35   SSO
 6  19.5  24.1   16:04  16.4   10:07   0.6   1.8   9.0   4.8  25.7   17:12   SSO
 7  21.0  27.2   17:29  15.0   06:01   0.7   3.3   0.0   3.3  26.7   10:05   SSO
 8  20.0  25.3   17:01  15.4   08:20   0.3   1.9   4.0   7.8  40.2   13:08    SO
 9  20.6  26.4   17:22  14.1   05:55   0.7   3.0   0.0   4.0  22.9   14:21   SSO
10  20.3  27.8   16:22  14.0   06:09   1.1   3.1   1.0   4.9  32.3   14:52    SO
11  18.8  22.8   17:00  15.6   06:12   0.7   1.2   0.0   7.8  43.1   12:34    SO
12  17.2  21.6   17:17  13.9   04:28   1.7   0.5   0.0   7.7  35.1   14:06    SO
13  16.9  20.9   15:31  14.4   04:16   1.9   0.5   4.0   7.9  33.2   14:54    SO
14  18.7  22.1   17:41  15.8   00:02   0.6   1.0   1.0  13.3  46.8   07:02    SO
15  15.7  18.3   15:25  12.7   23:21   2.6   0.0   2.0   8.8  26.7   09:08    SO
16  16.8  22.2   14:57  11.3   05:58   2.6   1.1   0.0   5.7  26.7   18:22    SO
17  19.6  24.3   17:57  15.5   03:25   0.8   2.0   0.0   9.2  35.1   10:30    SO
18  21.4  27.5   18:40  14.8   04:58   0.9   4.0   0.0   8.9  35.6   18:39    SO
19  20.2  23.0   11:02  17.0   23:54   0.1   2.0   0.0   6.8  32.3   10:22   OSO
20  16.6  19.9   13:07  13.8   23:58   2.0   0.2   9.0   0.5  15.9   14:56   NNE
21  15.5  19.5   15:36  12.5   23:44   2.8   0.1   5.0   1.7  27.6   19:06   NNE
22  15.9  21.7   17:16   9.7   04:48   3.3   0.9   0.0   7.2  32.3   18:06     N
23  18.6  25.9   17:26  11.2   05:24   2.2   2.5   0.0  10.8  35.6   17:35     N
24  20.8  28.1   17:11  12.5   06:27   1.3   3.8   0.0   0.6  13.1   12:19   NNE
25  23.3  30.8   16:03  15.0   06:04   0.7   5.6   0.0   0.6  12.2   10:48    SE
26  25.2  32.9   17:18  17.0   06:12   0.1   7.0   0.0   1.2  15.0   19:48   SSE
27  25.8  35.0   17:20  17.2   05:35   7.5   0.0   0.0   2.2  18.3   15:05   SSO
28  22.8  27.9   17:21  18.8   23:32   0.1  10.5   5.0   6.9  53.4   04:37    SO
29  19.7  23.5   17:05  15.3   23:53   0.2   1.5   1.0   2.3  23.9   18:11   OSO
30  18.9  25.0   15:45  13.0   05:36   1.6   2.2   0.0   4.4  27.6   14:38    SO
31  20.7  28.0   17:20  14.0   04:27   1.2   3.7   0.0   2.6  25.7   13:04    SO
----------------------------------------------------------------------------------
    19.5  35.0    27     9.7    22    41.6  72.9  72.0   4.8  53.4    28      SO

Max >=  30.0:  3
Max <=   0.0:  0
Min <= -10.0:  0
Min <= -18.0:  0
Max Rain: 15.0 on day 1
Days of Rain: 14 (>= 0.2 mm)  11 (>= 2.0 mm)  0 (>= 20.0 mm)
Heat Base: 18.3  Cool Base: 18.3  Method: Integration


Mise à jour : 18/10/2019 06:27:06
powered by Cumulus v3.0.0 (3043)