METEO Meyenheim

 Latitude N 47° 54' 42"    Longitude E 07° 21' 22"    Altitude 210 m

Rapports de type NOAA
Selectionner un rapport Annuel ou mensuel
V/Λ2019 > Janvier Février Mars Avril Mai Juin Juillet Août Septembre Octobre Novembre Décembre
V/Λ2018 > Janvier Février Mars Avril Mai Juin Juillet Août Septembre Octobre Novembre Décembre
V/Λ2017 > Janvier Février Mars Avril Mai Juin Juillet Août Septembre Octobre Novembre Décembre
V/Λ2016 > Janvier Février Mars Avril Mai Juin Juillet Août Septembre Octobre Novembre Décembre
V/Λ2015 > Janvier Février Mars Avril Mai Juin Juillet Août Septembre Octobre Novembre Décembre
V/Λ2014 > Janvier Février Mars Avril Mai Juin Juillet Août Septembre Octobre Novembre Décembre
V/Λ2013 > Janvier Février Mars Avril Mai Juin Juillet Août Septembre Octobre Novembre Décembre
V/Λ2012 > Janvier Février Mars Avril Mai Juin Juillet Août Septembre Octobre Novembre Décembre
V/Λ2011 > Janvier Février Mars Avril Mai Juin Juillet Août Septembre Octobre Novembre Décembre
V/Λ2010 > Janvier Février Mars Avril Mai Juin Juillet Août Septembre Octobre Novembre Décembre
V/Λ2009 > Janvier Février Mars Avril Mai Juin Juillet Août Septembre Octobre Novembre Décembre
V/Λ2008 > Janvier Février Mars Avril Mai Juin Juillet Août Septembre Octobre Novembre Décembre
V/Λ2007 > Janvier Février Mars Avril Mai Juin Juillet Août Septembre Octobre Novembre Décembre
V/Λ2006 > Janvier Février Mars Avril Mai Juin Juillet Août Septembre Octobre Novembre Décembre
V/Λ2005 > Janvier Février Mars Avril Mai Juin Juillet Août Septembre Octobre Novembre Décembre
V/Λ2004 > Janvier Février Mars Avril Mai Juin Juillet Août Septembre Octobre Novembre Décembre
V/Λ2003 > Janvier Février Mars Avril Mai Juin Juillet Août Septembre Octobre Novembre Décembre
V/Λ2002 > Janvier Février Mars Avril Mai Juin Juillet Août Septembre Octobre Novembre Décembre

Rapport pour Août 2012
                   Monthly Climatological Summary for aot 2012

Name: IALSACEM4   City: Meyenheim   State: 
Elevation: 210 m  Lat: N 47 54' 42"   Lon: E 007 21' 22"

                  Temperature (C), Rain (mm), Wind Speed (km/h)

                                      Heat  Cool        Avg
    Mean                              Deg   Deg         Wind                 Dom
Day Temp  High   Time   Low    Time   Days  Days  Rain  Speed High   Time    Dir
----------------------------------------------------------------------------------
 1  22.6  31.3   16:57  14.0   06:20   0.9   5.2   0.0   1.0  32.3   23:11   NNO
 2  22.4  28.2   16:38  17.7   06:26   0.0   4.2   0.0   5.1  31.4   02:35    SO
 3  22.0  28.7   17:10  16.1   06:50   0.3   4.1   0.0   2.1  24.8   17:04    SO
 4  22.1  28.7   17:34  15.7   06:14   0.4   4.1   0.0   1.0  20.1   22:16   SSE
 5  21.5  26.8   17:37  16.8   22:25   0.2   3.4  18.0   5.0  52.4   22:01   SSO
 6  18.1  20.3   17:33  16.5   07:02   0.7   0.5   0.0   8.1  27.6   17:31   SSO
 7  19.3  24.7   17:23  14.5   06:33   0.9   2.0   1.0   6.4  26.7   12:18    SO
 8  18.6  24.9   16:39  11.6   06:45   1.9   2.2   0.0   2.6  18.3   13:44   NNE
 9  19.7  26.6   16:30  12.8   06:33   1.6   2.9   0.0   1.9  19.2   17:29   NNE
10  20.1  25.5   14:36  14.4   07:03   0.8   2.6   0.0   4.5  26.7   14:39     N
11  19.5  25.6   16:36  13.7   05:54   1.2   2.4   0.0   6.9  22.9   11:03     N
12  20.1  27.5   16:46  12.2   06:03   1.5   3.3   0.0   1.6  13.1   09:48    NE
13  21.3  28.2   16:21  15.9   06:40   0.5   3.5   0.0   2.0  21.1   16:35   NNE
14  22.1  29.5   17:17  15.1   06:49   0.7   4.5   0.0   0.4  12.2   13:41   ENE
15  25.1  33.4   16:49  18.5   05:53   0.0   6.7   1.0   2.0  57.6   22:31     O
16  20.1  25.0   17:00  17.1   23:59   0.0   1.9   8.0   1.4  18.3   00:39   ENE
17  20.9  28.9   16:50  13.5   06:39   1.3   4.0   0.0   0.5  12.2   15:47     E
18  23.7  32.8   16:50  15.1   06:31   0.6   6.1   0.0   0.6  15.9   13:36    SE
19  26.3  37.2   16:45  17.2   05:54   0.1   8.1   0.0   2.0  16.8   13:43   SSO
20  26.3  34.7   14:10  21.7   07:35   8.0   0.0   8.0   3.9  22.9   14:55   SSO
21  28.8  32.8   15:52  25.0   22:46   0.0   9.3   0.0   3.5  19.2   18:37   SSO
22  25.0  28.6   15:04  19.4   23:58   0.0   6.7   0.0   2.0  16.8   15:11   NNE
23  21.4  27.3   17:13  16.2   06:42   0.4   3.4   3.0   2.4  26.7   21:56     N
24  19.7  24.6   13:29  18.4   02:29   0.0   1.4  17.0   7.8  27.6   04:47   SSO
25  19.7  25.4   13:42  16.4   23:37   0.5   1.9   0.0   8.7  47.7   12:05    SO
26  17.3  21.3   14:31  14.1   06:42   1.7   0.6   0.0   9.5  38.4   15:08    SO
27  17.6  25.0   17:33  11.2   06:49   2.5   1.8   0.0   0.8  13.1   12:20   OSO
28  19.6  27.9   13:41  13.4   04:26   1.4   2.7   0.0   3.7  24.8   07:30   SSO
29  20.9  29.1   15:41  14.2   05:48   1.1   3.7   0.0   4.2  43.1   18:56   SSO
30  18.8  21.1   15:17  15.2   23:21   0.5   1.0   0.0   3.0  30.4   02:23   SSO
31  15.5  19.7   15:30  13.3   05:29   2.9   0.0   0.0   4.3  31.4   21:05   NNO
----------------------------------------------------------------------------------
    21.2  37.2    19    11.2    27    32.6 104.2  56.0   3.5  57.6    15      SO

Max >=  30.0:  6
Max <=   0.0:  0
Min <= -10.0:  0
Min <= -18.0:  0
Max Rain: 18.0 on day 5
Days of Rain: 7 (>= 0.2 mm)  5 (>= 2.0 mm)  0 (>= 20.0 mm)
Heat Base: 18.3  Cool Base: 18.3  Method: Integration


Mise à jour : 14/12/2019 20:06:29
powered by Cumulus v3.0.0 (3043)