METEO Meyenheim

 Latitude N 47° 54' 42"    Longitude E 07° 21' 22"    Altitude 210 m

Rapports de type NOAA
Selectionner un rapport Annuel ou mensuel
V/Λ2019 > Janvier Février Mars Avril Mai Juin Juillet Août Septembre Octobre Novembre Décembre
V/Λ2018 > Janvier Février Mars Avril Mai Juin Juillet Août Septembre Octobre Novembre Décembre
V/Λ2017 > Janvier Février Mars Avril Mai Juin Juillet Août Septembre Octobre Novembre Décembre
V/Λ2016 > Janvier Février Mars Avril Mai Juin Juillet Août Septembre Octobre Novembre Décembre
V/Λ2015 > Janvier Février Mars Avril Mai Juin Juillet Août Septembre Octobre Novembre Décembre
V/Λ2014 > Janvier Février Mars Avril Mai Juin Juillet Août Septembre Octobre Novembre Décembre
V/Λ2013 > Janvier Février Mars Avril Mai Juin Juillet Août Septembre Octobre Novembre Décembre
V/Λ2012 > Janvier Février Mars Avril Mai Juin Juillet Août Septembre Octobre Novembre Décembre
V/Λ2011 > Janvier Février Mars Avril Mai Juin Juillet Août Septembre Octobre Novembre Décembre
V/Λ2010 > Janvier Février Mars Avril Mai Juin Juillet Août Septembre Octobre Novembre Décembre
V/Λ2009 > Janvier Février Mars Avril Mai Juin Juillet Août Septembre Octobre Novembre Décembre
V/Λ2008 > Janvier Février Mars Avril Mai Juin Juillet Août Septembre Octobre Novembre Décembre
V/Λ2007 > Janvier Février Mars Avril Mai Juin Juillet Août Septembre Octobre Novembre Décembre
V/Λ2006 > Janvier Février Mars Avril Mai Juin Juillet Août Septembre Octobre Novembre Décembre
V/Λ2005 > Janvier Février Mars Avril Mai Juin Juillet Août Septembre Octobre Novembre Décembre
V/Λ2004 > Janvier Février Mars Avril Mai Juin Juillet Août Septembre Octobre Novembre Décembre
V/Λ2003 > Janvier Février Mars Avril Mai Juin Juillet Août Septembre Octobre Novembre Décembre
V/Λ2002 > Janvier Février Mars Avril Mai Juin Juillet Août Septembre Octobre Novembre Décembre

Rapport pour Septembre 2012
                   Monthly Climatological Summary for sept. 2012

Name: IALSACEM4   City: Meyenheim   State: 
Elevation: 210 m  Lat: N 47 54' 42"   Lon: E 007 21' 22"

                  Temperature (C), Rain (mm), Wind Speed (km/h)

                                      Heat  Cool        Avg
    Mean                              Deg   Deg         Wind                 Dom
Day Temp  High   Time   Low    Time   Days  Days  Rain  Speed High   Time    Dir
----------------------------------------------------------------------------------
 1  13.8  16.9   16:19  11.2   05:57   4.5   0.0   4.0   8.0  32.3   15:26     N
 2  16.8  20.8   16:49  14.2   06:35   1.9   0.4   0.0   7.8  25.7   07:01     N
 3  18.7  23.1   14:50  14.5   06:45   1.1   1.5   0.0   6.3  31.4   14:50     N
 4  20.3  25.4   16:19  16.4   07:21   0.3   2.3   0.0  10.5  32.3   15:16     N
 5  20.4  26.1   16:23  14.7   07:10   0.6   2.7   0.0   7.6  25.7   20:42     N
 6  18.3  22.8   16:21  13.5   23:53   1.1   1.1   0.0   9.5  29.5   05:20     N
 7  16.5  25.1   16:26   8.6   07:17   3.6   1.8   0.0   0.5  15.0   14:17   ESE
 8  17.8  27.7   16:14   8.9   06:49   3.2   2.7   0.0   0.4  12.2   12:47     E
 9  19.9  30.4   15:12  10.9   05:29   2.4   4.0   0.0   3.7  27.6   17:20   SSO
10  22.2  30.6   15:20  15.5   06:18   0.5   4.4   0.0   4.7  22.9   14:05   SSO
11  19.3  24.1   12:48  17.0   23:49   0.3   1.3   1.0   5.7  36.5   13:18   SSO
12  14.6  18.3   14:37  10.2   23:48   3.7   0.0   1.0   3.5  25.7   00:44    SO
13  13.1  17.9   14:02   9.1   03:22   5.2   0.0   1.0   1.1  15.9   13:13   SSO
14  13.9  21.1   15:13   6.5   06:22   4.9   0.5   0.0   5.6  29.5   17:05   SSO
15  15.9  20.6   16:42  11.9   23:51   2.8   0.4   0.0   0.7  15.9   16:53     N
16  15.6  23.6   15:51   8.2   07:39   4.0   1.2   0.0   0.7  13.1   14:01     S
17  18.0  25.4   16:15  12.9   04:29   2.3   2.0   0.0   3.0  17.3   16:33   SSO
18  17.8  25.1   13:05  12.5   07:48   2.2   1.8  11.0   5.4  30.4   15:05   SSO
19  14.4  18.1   13:00   9.3   23:53   3.9   0.0   0.0   2.1  20.1   16:54     N
20  11.3  18.6   15:33   4.3   07:45   7.0   0.0   0.0   0.7  16.8   12:37   NNE
21  14.4  24.0   16:13   5.1   05:08   5.3   1.3   2.0   4.5  26.7   13:23   SSO
22  14.3  16.8   00:00  12.5   12:34   4.0   0.0   5.0   0.6  16.8   10:44   NNE
23  15.5  21.7   16:34  11.1   07:40   3.4   0.5   0.0   0.1  12.2   08:54     N
24  16.8  21.1   15:28  13.2   02:22   1.9   0.4   2.0   8.5  48.7   08:31    SO
25  13.6  20.3   12:16  11.2   06:47   4.7   0.1   8.0   3.8  26.7   02:52   SSO
26  12.1  14.5   15:57   9.9   03:50   6.2   0.0   3.0   2.7  23.9   17:05    SO
27  12.8  19.3   15:25   8.7   04:44   5.5   0.0   5.0  10.0  39.3   15:57   SSO
28  13.6  20.5   15:29   7.9   08:00   5.1   0.4   0.0   3.0  22.9   00:20   SSO
29  11.7  16.4   14:56   7.1   05:42   6.6   0.0   0.0   0.3  10.3   10:03   SSE
30  11.4  15.9   15:43   6.6   04:38   6.9   0.0   0.0   2.1  19.2   11:03   NNE
----------------------------------------------------------------------------------
    15.8  30.6    10     4.3    20   105.1  30.8  43.0   4.1  48.7    24       O

Max >=  30.0:  2
Max <=   0.0:  0
Min <= -10.0:  0
Min <= -18.0:  0
Max Rain: 11.0 on day 18
Days of Rain: 11 (>= 0.2 mm)  8 (>= 2.0 mm)  0 (>= 20.0 mm)
Heat Base: 18.3  Cool Base: 18.3  Method: Integration


Mise à jour : 18/10/2019 06:54:06
powered by Cumulus v3.0.0 (3043)