METEO Meyenheim

 Latitude N 47° 54' 42"    Longitude E 07° 21' 22"    Altitude 210 m

Rapports de type NOAA
Selectionner un rapport Annuel ou mensuel
V/Λ2019 > Janvier Février Mars Avril Mai Juin Juillet Août Septembre Octobre Novembre Décembre
V/Λ2018 > Janvier Février Mars Avril Mai Juin Juillet Août Septembre Octobre Novembre Décembre
V/Λ2017 > Janvier Février Mars Avril Mai Juin Juillet Août Septembre Octobre Novembre Décembre
V/Λ2016 > Janvier Février Mars Avril Mai Juin Juillet Août Septembre Octobre Novembre Décembre
V/Λ2015 > Janvier Février Mars Avril Mai Juin Juillet Août Septembre Octobre Novembre Décembre
V/Λ2014 > Janvier Février Mars Avril Mai Juin Juillet Août Septembre Octobre Novembre Décembre
V/Λ2013 > Janvier Février Mars Avril Mai Juin Juillet Août Septembre Octobre Novembre Décembre
V/Λ2012 > Janvier Février Mars Avril Mai Juin Juillet Août Septembre Octobre Novembre Décembre
V/Λ2011 > Janvier Février Mars Avril Mai Juin Juillet Août Septembre Octobre Novembre Décembre
V/Λ2010 > Janvier Février Mars Avril Mai Juin Juillet Août Septembre Octobre Novembre Décembre
V/Λ2009 > Janvier Février Mars Avril Mai Juin Juillet Août Septembre Octobre Novembre Décembre
V/Λ2008 > Janvier Février Mars Avril Mai Juin Juillet Août Septembre Octobre Novembre Décembre
V/Λ2007 > Janvier Février Mars Avril Mai Juin Juillet Août Septembre Octobre Novembre Décembre
V/Λ2006 > Janvier Février Mars Avril Mai Juin Juillet Août Septembre Octobre Novembre Décembre
V/Λ2005 > Janvier Février Mars Avril Mai Juin Juillet Août Septembre Octobre Novembre Décembre
V/Λ2004 > Janvier Février Mars Avril Mai Juin Juillet Août Septembre Octobre Novembre Décembre
V/Λ2003 > Janvier Février Mars Avril Mai Juin Juillet Août Septembre Octobre Novembre Décembre
V/Λ2002 > Janvier Février Mars Avril Mai Juin Juillet Août Septembre Octobre Novembre Décembre

Rapport pour Octobre 2012
                   Monthly Climatological Summary for oct. 2012

Name: IALSACEM4   City: Meyenheim   State: 
Elevation: 210 m  Lat: N 47 54' 42"   Lon: E 007 21' 22"

                  Temperature (C), Rain (mm), Wind Speed (km/h)

                                      Heat  Cool        Avg
    Mean                              Deg   Deg         Wind                 Dom
Day Temp  High   Time   Low    Time   Days  Days  Rain  Speed High   Time    Dir
----------------------------------------------------------------------------------
 1  13.8  17.9   16:47   9.9   23:57   4.5   0.0   0.0   0.5  11.2   17:04   NNO
 2  13.3  20.7   15:26   7.6   05:39   5.3   0.4   0.0   5.3  26.7   14:15   SSO
 3  14.8  20.4   14:28  11.1   06:05   3.8   0.3   0.0   7.7  30.4   11:58   SSO
 4  15.4  19.9   13:50  10.7   23:55   2.8   0.1   0.0  11.2  45.9   13:41   SSO
 5  15.9  22.3   14:43   9.9   01:19   3.3   1.0   0.0   7.2  32.3   08:54   SSO
 6  17.1  23.1   15:17  10.8   06:32   2.4   1.2   0.0   6.2  35.1   13:13    SO
 7  13.8  17.4   12:21   7.6   23:53   4.5   0.0   1.0   5.3  31.4   12:44    NO
 8  10.9  14.0   15:47   6.8   01:12   7.4   0.0   2.0   0.5  13.1   23:25    SO
 9  15.2  19.9   14:50  12.4   23:51   3.2   0.1  15.0   4.0  25.7   13:50   OSO
10  10.7  12.4   00:00   9.0   08:09   7.6   0.0   8.0   1.8  18.3   12:40     N
11  12.2  17.3   16:21   9.6   08:01   6.1   0.0   1.0   0.0   9.4   03:57   NNE
12  13.2  17.5   15:17   8.4   23:58   5.1   0.0   3.0   5.3  35.6   13:04    SO
13  10.1  16.2   16:11   4.8   07:45   8.2   0.0   0.0   5.6  29.5   16:44   SSO
14  11.4  15.4   15:11   8.5   08:21   6.9   0.0   2.0   5.5  36.5   23:36   SSO
15   8.0  10.6   00:00   5.6   23:54  10.3   0.0   2.0   7.6  35.6   00:51    SO
16   8.0  13.2   13:30   2.7   05:40  10.3   0.0   0.0   6.3  33.2   15:51   SSO
17  12.5  19.4   14:38   7.0   07:33   5.9   0.1   0.0   4.0  22.9   10:22   SSO
18  12.8  19.7   15:40   7.4   06:55   5.6   0.1   0.0   0.8  15.9   10:29   SSO
19  15.1  23.1   16:10   9.1   08:17   4.0   0.8   0.0   0.9  15.0   04:48   SSO
20  15.0  23.5   15:47   8.9   04:54   4.3   0.9   0.0   1.0  15.9   10:24   NNE
21  15.1  22.8   16:03   8.8   08:04   4.0   0.8   0.0   0.9  15.9   17:25     N
22  11.5  13.4   00:00  10.3   22:28   6.8   0.0   0.0   0.7  15.0   16:26   NNE
23   9.8  10.4   00:00   8.6   07:36   8.5   0.0   0.0   4.1  20.1   05:42     N
24   9.6  12.6   15:46   5.6   23:51   8.7   0.0   0.0   1.1  15.9   11:15     N
25   8.2  14.5   15:53   3.6   03:27  10.1   0.0   0.0   0.2  12.2   08:17     N
26   8.5  10.6   16:16   6.2   00:09   9.8   0.0   2.0   2.0  17.3   04:50     N
27   3.4   7.8   00:00   1.0   20:52  14.9   0.0  21.0  13.4  35.6   21:27     N
28   2.5   4.4   14:22   1.1   07:12  16.4   0.0   0.0  13.3  36.5   10:03     N
29   4.0   9.1   14:33   2.6   23:53  14.3   0.0   0.0   3.8  22.9   19:09   SSO
30   5.7  13.5   14:15   1.2   23:55  12.6   0.0   0.0   4.9  25.7   15:50   SSO
31   5.4  13.4   12:49  -0.8   07:33  12.9   0.0   0.0   1.6  17.3   13:06   SSO
----------------------------------------------------------------------------------
    11.1  23.5    20    -0.8    31   230.5   5.8  57.0   4.3  45.9     4      SO

Max >=  30.0:  0
Max <=   0.0:  0
Min <= -10.0:  0
Min <= -18.0:  0
Max Rain: 21.0 on day 27
Days of Rain: 10 (>= 0.2 mm)  8 (>= 2.0 mm)  1 (>= 20.0 mm)
Heat Base: 18.3  Cool Base: 18.3  Method: Integration


Mise à jour : 20/11/2019 07:47:03
powered by Cumulus v3.0.0 (3043)