METEO Meyenheim

 Latitude N 47° 54' 42"    Longitude E 07° 21' 22"    Altitude 210 m

Rapports de type NOAA
Selectionner un rapport Annuel ou mensuel
V/Λ2019 > Janvier Février Mars Avril Mai Juin Juillet Août Septembre Octobre Novembre Décembre
V/Λ2018 > Janvier Février Mars Avril Mai Juin Juillet Août Septembre Octobre Novembre Décembre
V/Λ2017 > Janvier Février Mars Avril Mai Juin Juillet Août Septembre Octobre Novembre Décembre
V/Λ2016 > Janvier Février Mars Avril Mai Juin Juillet Août Septembre Octobre Novembre Décembre
V/Λ2015 > Janvier Février Mars Avril Mai Juin Juillet Août Septembre Octobre Novembre Décembre
V/Λ2014 > Janvier Février Mars Avril Mai Juin Juillet Août Septembre Octobre Novembre Décembre
V/Λ2013 > Janvier Février Mars Avril Mai Juin Juillet Août Septembre Octobre Novembre Décembre
V/Λ2012 > Janvier Février Mars Avril Mai Juin Juillet Août Septembre Octobre Novembre Décembre
V/Λ2011 > Janvier Février Mars Avril Mai Juin Juillet Août Septembre Octobre Novembre Décembre
V/Λ2010 > Janvier Février Mars Avril Mai Juin Juillet Août Septembre Octobre Novembre Décembre
V/Λ2009 > Janvier Février Mars Avril Mai Juin Juillet Août Septembre Octobre Novembre Décembre
V/Λ2008 > Janvier Février Mars Avril Mai Juin Juillet Août Septembre Octobre Novembre Décembre
V/Λ2007 > Janvier Février Mars Avril Mai Juin Juillet Août Septembre Octobre Novembre Décembre
V/Λ2006 > Janvier Février Mars Avril Mai Juin Juillet Août Septembre Octobre Novembre Décembre
V/Λ2005 > Janvier Février Mars Avril Mai Juin Juillet Août Septembre Octobre Novembre Décembre
V/Λ2004 > Janvier Février Mars Avril Mai Juin Juillet Août Septembre Octobre Novembre Décembre
V/Λ2003 > Janvier Février Mars Avril Mai Juin Juillet Août Septembre Octobre Novembre Décembre
V/Λ2002 > Janvier Février Mars Avril Mai Juin Juillet Août Septembre Octobre Novembre Décembre

Rapport pour Décembre 2012
                   Monthly Climatological Summary for dc. 2012

Name: IALSACEM4   City: Meyenheim   State: 
Elevation: 210 m  Lat: N 47 54' 42"   Lon: E 007 21' 22"

                  Temperature (C), Rain (mm), Wind Speed (km/h)

                                      Heat  Cool        Avg
    Mean                              Deg   Deg         Wind                 Dom
Day Temp  High   Time   Low    Time   Days  Days  Rain  Speed High   Time    Dir
----------------------------------------------------------------------------------
 1  -0.5   1.9   14:40  -2.8   08:03  18.8   0.0   0.0   2.3  16.8   18:38     S
 2   1.2   3.1   11:50  -1.7   00:00  17.1   0.0   0.0   7.9  35.1   03:58   SSO
 3   1.2   5.8   23:59  -1.3   08:28  17.1   0.0   0.0  11.0  37.4   15:58     S
 4   5.1   7.5   10:53   3.0   23:51  13.2   0.0   0.0  10.2  36.5   03:49   SSO
 5   2.8   6.9   13:29   0.6   21:57  15.5   0.0   1.0   5.2  22.0   12:45    SO
 6   0.4   3.7   13:26  -2.3   21:15  17.9   0.0   2.0   1.0  16.8   13:59     O
 7  -1.0   0.4   18:51  -2.4   01:02  19.3   0.0   0.0   7.0  27.6   10:37     S
 8  -1.4   0.4   00:00  -2.6   16:43  19.7   0.0   1.0   2.9  22.9   04:59     N
 9  -1.9   1.7   23:08  -7.9   08:42  20.2   0.0   1.0   8.6  47.7   19:54   SSO
10   1.5   2.2   19:56   1.2   06:57  16.8   0.0   1.0   7.8  37.4   02:14    SO
11   0.1   1.7   00:00  -2.8   23:43  18.2   0.0   0.0   2.2  20.1   01:47   NNO
12  -3.9   0.1   12:54  -6.6   22:20  22.2   0.0   0.0   0.7  11.2   13:31     N
13  -1.8   1.1   12:33  -6.4   00:00  20.1   0.0   1.0   4.0  18.3   10:20    SO
14   3.0   4.7   13:53   0.9   00:00  15.3   0.0   8.0   7.0  24.8   13:13    SO
15   5.8  10.4   14:51   4.5   00:00  12.4   0.0  10.0  10.1  34.2   11:18     S
16   8.3  10.7   14:41   7.1   01:40  10.0   0.0   9.0  12.1  34.2   16:40   SSO
17   7.7  12.9   11:21   6.4   20:20  10.6   0.0   5.0  10.8  32.3   00:00   SSO
18   5.2   6.6   00:00   4.2   21:54  13.0   0.0   1.0   4.2  22.9   10:17   SSO
19   4.5  13.6   14:39   1.4   23:31  13.8   0.0   0.0   0.0   8.4   11:33     O
20   2.2   5.1   07:12   0.6   02:37  16.1   0.0   3.0   1.0  18.3   23:50    SO
21   7.3  12.5   12:54   3.9   22:16  11.0   0.0   0.0   6.6  26.7   02:56   SSO
22   6.3  10.9   23:53   4.2   01:57  12.0   0.0   1.0   7.9  32.3   20:00     S
23  12.7  15.2   15:00  10.0   22:35   5.6   0.0   0.0  15.0  46.8   07:56    SO
24  10.1  15.3   13:02   4.5   08:08   8.2   0.0   0.0   8.6  30.4   15:06     S
25   9.7  16.3   13:01   6.1   03:25   8.6   0.0   2.0  11.8  53.4   13:28   SSO
26   8.6  10.5   12:54   6.4   09:18   9.7   0.0   2.0  13.0  41.2   08:30   SSO
27   8.4  10.8   14:38   6.7   22:53   9.9   0.0  16.0  14.8  50.5   04:19   SSO
28   7.1   8.7   14:57   4.8   05:51  11.2   0.0   0.0   9.1  33.2   02:25   SSO
29   7.5  13.1   13:17   3.6   08:09  10.8   0.0   0.0   5.2  27.6   21:47   SSO
30   8.8  11.8   13:17   6.5   23:24   9.5   0.0   0.0  13.0  37.4   10:24    SO
31   7.1  11.2   14:02   2.9   23:35  11.2   0.0   0.0  10.2  27.6   05:39     S
----------------------------------------------------------------------------------
     4.3  16.3    25    -7.9     9   435.0   0.0  64.0   7.5  53.4    25     SSO

Max >=  30.0:  0
Max <=   0.0:  0
Min <= -10.0:  0
Min <= -18.0:  0
Max Rain: 16.0 on day 27
Days of Rain: 16 (>= 0.2 mm)  9 (>= 2.0 mm)  0 (>= 20.0 mm)
Heat Base: 18.3  Cool Base: 18.3  Method: Integration


Mise à jour : 18/10/2019 06:32:06
powered by Cumulus v3.0.0 (3043)