METEO Meyenheim

 Latitude N 47° 54' 42"    Longitude E 07° 21' 22"    Altitude 210 m

Rapports de type NOAA
Selectionner un rapport Annuel ou mensuel
V/Λ2019 > Janvier Février Mars Avril Mai Juin Juillet Août Septembre Octobre Novembre Décembre
V/Λ2018 > Janvier Février Mars Avril Mai Juin Juillet Août Septembre Octobre Novembre Décembre
V/Λ2017 > Janvier Février Mars Avril Mai Juin Juillet Août Septembre Octobre Novembre Décembre
V/Λ2016 > Janvier Février Mars Avril Mai Juin Juillet Août Septembre Octobre Novembre Décembre
V/Λ2015 > Janvier Février Mars Avril Mai Juin Juillet Août Septembre Octobre Novembre Décembre
V/Λ2014 > Janvier Février Mars Avril Mai Juin Juillet Août Septembre Octobre Novembre Décembre
V/Λ2013 > Janvier Février Mars Avril Mai Juin Juillet Août Septembre Octobre Novembre Décembre
V/Λ2012 > Janvier Février Mars Avril Mai Juin Juillet Août Septembre Octobre Novembre Décembre
V/Λ2011 > Janvier Février Mars Avril Mai Juin Juillet Août Septembre Octobre Novembre Décembre
V/Λ2010 > Janvier Février Mars Avril Mai Juin Juillet Août Septembre Octobre Novembre Décembre
V/Λ2009 > Janvier Février Mars Avril Mai Juin Juillet Août Septembre Octobre Novembre Décembre
V/Λ2008 > Janvier Février Mars Avril Mai Juin Juillet Août Septembre Octobre Novembre Décembre
V/Λ2007 > Janvier Février Mars Avril Mai Juin Juillet Août Septembre Octobre Novembre Décembre
V/Λ2006 > Janvier Février Mars Avril Mai Juin Juillet Août Septembre Octobre Novembre Décembre
V/Λ2005 > Janvier Février Mars Avril Mai Juin Juillet Août Septembre Octobre Novembre Décembre
V/Λ2004 > Janvier Février Mars Avril Mai Juin Juillet Août Septembre Octobre Novembre Décembre
V/Λ2003 > Janvier Février Mars Avril Mai Juin Juillet Août Septembre Octobre Novembre Décembre
V/Λ2002 > Janvier Février Mars Avril Mai Juin Juillet Août Septembre Octobre Novembre Décembre

Rapport pour Janvier 2013
                   Monthly Climatological Summary for janv. 2013

Name: IALSACEM4   City: Meyenheim   State: 
Elevation: 210 m  Lat: N 47 54' 42"   Lon: E 007 21' 22"

                  Temperature (C), Rain (mm), Wind Speed (km/h)

                                      Heat  Cool        Avg
    Mean                              Deg   Deg         Wind                 Dom
Day Temp  High   Time   Low    Time   Days  Days  Rain  Speed High   Time    Dir
----------------------------------------------------------------------------------
 1   6.1   8.6   12:23   3.1   04:39  12.2   0.0   1.0  10.8  45.9   12:16   SSO
 2   2.4   8.1   14:40  -1.3   23:04  15.9   0.0   0.0   0.6  15.9   05:48    SO
 3   2.7   6.0   15:05  -0.8   01:41  15.6   0.0   1.0   4.4  20.1   14:13     S
 4   5.7   8.5   14:40   1.5   00:18  12.6   0.0   0.0   0.1  10.3   02:02   NNO
 5   6.4   7.6   14:27   4.7   08:12  11.9   0.0   0.0   0.0   0.0   00:00     E
 6   6.1   8.3   14:04   1.9   23:56  12.2   0.0   0.0   1.0  17.3   17:17   SSO
 7   2.7   6.1   14:12   0.5   04:37  15.6   0.0   0.0   0.1  11.2   17:34    SO
 8   2.2   3.7   13:20  -0.2   04:47  16.1   0.0   0.0   1.0  18.3   09:45   SSO
 9   1.7   2.4   00:00   1.1   10:18  16.5   0.0   0.0   0.6  13.1   09:38     S
10   3.1   6.9   12:58   1.4   00:45  15.2   0.0   0.0   3.4  20.1   15:54   SSO
11   3.7   8.3   12:35   1.9   21:47  14.6   0.0   2.0   1.0  16.8   15:04   OSO
12   1.9   8.0   12:23   0.2   22:58  16.4   0.0   0.0   5.0  22.9   12:56     N
13   0.1   1.2   13:06  -0.5   08:20  18.2   0.0   0.0   6.6  18.3   18:10     N
14  -0.4   0.4   13:49  -0.7   03:22  18.7   0.0   0.0   2.3  16.8   23:54     N
15   0.1   2.1   12:04  -1.8   04:36  18.2   0.0   1.0   9.4  28.5   01:41   SSO
16  -1.8   2.6   12:41  -5.7   22:25  20.1   0.0   0.0   3.4  20.1   01:33   NNO
17  -2.8  -0.5   13:26  -4.1   04:10  21.1   0.0   0.0   0.8  13.1   14:44     N
18  -2.2   1.4   14:00  -4.9   21:10  20.5   0.0   0.0   0.5  13.1   12:14    NO
19  -2.1  -0.4   13:27  -3.8   00:00  20.4   0.0   0.0   3.3  18.3   21:16   NNE
20  -0.9   0.1   14:58  -1.9   07:33  19.2   0.0   4.0   2.9  16.8   02:10   NNE
21   0.8   5.1   13:40  -0.8   07:02  17.5   0.0   6.0   2.1  17.3   20:35   SSO
22   1.9   5.3   15:15  -1.1   18:56  16.4   0.0   4.0   5.9  32.3   05:18   SSO
23  -0.2   0.6   21:34  -1.4   03:29  18.5   0.0   0.0   3.0  18.3   13:28     N
24  -0.9   0.6   00:00  -2.4   22:42  19.2   0.0   0.0   7.6  27.6   21:58     N
25  -1.9  -0.6   12:05  -4.0   22:45  20.2   0.0   0.0   6.4  21.1   01:31     N
26  -0.7   3.8   12:40  -3.5   06:57  19.0   0.0   0.0   3.4  21.1   12:11     S
27   2.2   6.3   16:14  -4.0   04:27  16.1   0.0   0.0   9.5  36.5   08:35     S
28   4.7  10.4   14:23   1.4   08:24  13.6   0.0   0.0   6.7  32.3   22:16   SSO
29   7.6   9.4   23:57   4.3   01:25  10.7   0.0   0.0  16.1  41.2   13:27   SSO
30  11.8  15.4   13:56   9.1   23:55   6.5   0.0   3.0  14.5  42.1   07:36   SSO
31   8.9  12.8   13:01   4.9   07:11   9.4   0.0   1.0  13.0  41.2   11:37   SSO
----------------------------------------------------------------------------------
     2.2  15.4    30    -5.7    16   498.3   0.0  23.0   4.7  45.9     1     SSO

Max >=  30.0:  0
Max <=   0.0:  3
Min <= -10.0:  0
Min <= -18.0:  0
Max Rain: 6.0 on day 21
Days of Rain: 9 (>= 0.2 mm)  5 (>= 2.0 mm)  0 (>= 20.0 mm)
Heat Base: 18.3  Cool Base: 18.3  Method: Integration


Mise à jour : 17/09/2019 06:13:52
powered by Cumulus v3.0.0 (3043)