METEO Meyenheim

 Latitude N 47° 54' 42"    Longitude E 07° 21' 22"    Altitude 210 m

Rapports de type NOAA
Selectionner un rapport Annuel ou mensuel
V/Λ2019 > Janvier Février Mars Avril Mai Juin Juillet Août Septembre Octobre Novembre Décembre
V/Λ2018 > Janvier Février Mars Avril Mai Juin Juillet Août Septembre Octobre Novembre Décembre
V/Λ2017 > Janvier Février Mars Avril Mai Juin Juillet Août Septembre Octobre Novembre Décembre
V/Λ2016 > Janvier Février Mars Avril Mai Juin Juillet Août Septembre Octobre Novembre Décembre
V/Λ2015 > Janvier Février Mars Avril Mai Juin Juillet Août Septembre Octobre Novembre Décembre
V/Λ2014 > Janvier Février Mars Avril Mai Juin Juillet Août Septembre Octobre Novembre Décembre
V/Λ2013 > Janvier Février Mars Avril Mai Juin Juillet Août Septembre Octobre Novembre Décembre
V/Λ2012 > Janvier Février Mars Avril Mai Juin Juillet Août Septembre Octobre Novembre Décembre
V/Λ2011 > Janvier Février Mars Avril Mai Juin Juillet Août Septembre Octobre Novembre Décembre
V/Λ2010 > Janvier Février Mars Avril Mai Juin Juillet Août Septembre Octobre Novembre Décembre
V/Λ2009 > Janvier Février Mars Avril Mai Juin Juillet Août Septembre Octobre Novembre Décembre
V/Λ2008 > Janvier Février Mars Avril Mai Juin Juillet Août Septembre Octobre Novembre Décembre
V/Λ2007 > Janvier Février Mars Avril Mai Juin Juillet Août Septembre Octobre Novembre Décembre
V/Λ2006 > Janvier Février Mars Avril Mai Juin Juillet Août Septembre Octobre Novembre Décembre
V/Λ2005 > Janvier Février Mars Avril Mai Juin Juillet Août Septembre Octobre Novembre Décembre
V/Λ2004 > Janvier Février Mars Avril Mai Juin Juillet Août Septembre Octobre Novembre Décembre
V/Λ2003 > Janvier Février Mars Avril Mai Juin Juillet Août Septembre Octobre Novembre Décembre
V/Λ2002 > Janvier Février Mars Avril Mai Juin Juillet Août Septembre Octobre Novembre Décembre

Rapport pour Mars 2013
                   Monthly Climatological Summary for mars 2013

Name: IALSACEM4   City: Meyenheim   State: 
Elevation: 210 m  Lat: N 47 54' 42"   Lon: E 007 21' 22"

                  Temperature (C), Rain (mm), Wind Speed (km/h)

                                      Heat  Cool        Avg
    Mean                              Deg   Deg         Wind                 Dom
Day Temp  High   Time   Low    Time   Days  Days  Rain  Speed High   Time    Dir
----------------------------------------------------------------------------------
 1   1.6   3.3   13:43  -1.0   01:00  16.7   0.0   0.0   7.5  26.7   16:21     N
 2   2.0   3.9   13:18   1.0   06:19  16.3   0.0   0.0   7.8  26.7   02:32     N
 3   2.9   8.6   14:59  -0.4   23:58  15.4   0.0   0.0   3.9  22.9   15:29     N
 4   2.3  12.2   15:44  -4.5   06:52  16.0   0.0   0.0   1.1  14.0   15:27   NNE
 5   4.4  14.8   15:07  -3.1   06:34  13.9   0.0   0.0   0.2   8.4   10:26   SSO
 6   7.3  14.2   13:44   1.5   04:23  11.0   0.0   0.0   0.9  16.8   09:49     N
 7  10.4  18.0   15:06   3.4   07:14   7.9   0.0   0.0   2.9  22.9   15:29     S
 8  10.0  16.1   13:42   4.0   05:11   8.3   0.0   0.0   4.5  26.7   20:11   SSO
 9  11.6  16.9   11:34   8.7   07:36   6.7   0.0   0.0   6.9  27.6   11:37   SSO
10   8.6  15.3   12:37   3.7   23:43   9.6   0.0   8.0   4.5  26.0   10:58     S
11   4.4   5.9   13:49   3.1   23:47  13.9   0.0   2.0   6.8  19.2   11:09   NNE
12   4.1   8.4   16:36   1.5   23:41  14.2   0.0   3.0   4.3  22.0   18:53   NNE
13  -0.6   1.5   00:00  -3.8   23:56  18.9   0.0   0.0   0.8  22.0   00:59     N
14  -1.5   4.4   12:16  -6.7   06:49  19.8   0.0   0.0   3.0  27.6   14:31     N
15   0.5   7.1   16:01  -4.5   06:53  17.8   0.0   0.0   3.1  22.9   16:24    SE
16   3.1   9.5   15:50  -3.3   05:30  15.2   0.0   0.0   6.6  22.9   07:26   SSO
17   4.3   6.4   12:52   2.2   08:51  14.0   0.0  15.0   4.9  27.6   04:53    SO
18   5.2  10.2   16:39   3.4   23:58  13.1   0.0   3.0   7.3  38.4   19:25   SSO
19   6.4  11.9   15:03   2.7   23:58  11.9   0.0   0.0  12.9  53.4   12:26   SSO
20   6.2  11.7   13:53   2.5   00:15  12.1   0.0   0.0  11.5  48.7   09:45    SO
21   6.5  14.2   13:11   0.9   06:44  11.8   0.0   0.0   4.6  22.0   13:03    NO
22   7.2  13.8   14:47   0.3   06:47  11.1   0.0   0.0   9.7  25.7   08:32     N
23   3.8   7.7   00:00   1.7   06:10  14.5   0.0   1.0   8.8  27.6   05:02   NNE
24   3.8   6.7   11:41   0.7   23:26  14.5   0.0   0.0  11.7  30.4   17:46     N
25   0.8   2.0   13:31  -0.2   05:38  17.5   0.0   1.0  11.9  29.5   16:45     N
26   1.0   3.6   15:46  -0.7   05:56  17.3   0.0   1.0  10.6  26.7   07:41     N
27   1.3   3.9   15:53  -0.7   07:07  17.0   0.0   0.0   7.0  21.1   11:18     N
28   1.0   2.9   11:29  -1.1   01:50  17.3   0.0   3.0   2.0  21.1   22:50     N
29   3.5   9.7   12:42  -1.6   04:54  14.8   0.0   1.0   5.6  32.3   17:09     S
30   3.3   5.6   15:09   1.6   08:11  15.0   0.0   2.0   4.9  26.7   23:59   NNE
31   3.4   7.8   13:56   0.3   07:20  14.3   0.0   0.0   9.9  27.6   00:38     N
----------------------------------------------------------------------------------
     4.2  18.0     7    -6.7    14   437.8   0.0  40.0   6.1  53.4    19     NNO

Max >=  30.0:  0
Max <=   0.0:  0
Min <= -10.0:  0
Min <= -18.0:  0
Max Rain: 15.0 on day 17
Days of Rain: 11 (>= 0.2 mm)  7 (>= 2.0 mm)  0 (>= 20.0 mm)
Heat Base: 18.3  Cool Base: 18.3  Method: Integration


Mise à jour : 21/08/2019 07:03:18
powered by Cumulus v3.0.0 (3043)