METEO Meyenheim

 Latitude N 47° 54' 42"    Longitude E 07° 21' 22"    Altitude 210 m

Rapports de type NOAA
Selectionner un rapport Annuel ou mensuel
V/Λ2019 > Janvier Février Mars Avril Mai Juin Juillet Août Septembre Octobre Novembre Décembre
V/Λ2018 > Janvier Février Mars Avril Mai Juin Juillet Août Septembre Octobre Novembre Décembre
V/Λ2017 > Janvier Février Mars Avril Mai Juin Juillet Août Septembre Octobre Novembre Décembre
V/Λ2016 > Janvier Février Mars Avril Mai Juin Juillet Août Septembre Octobre Novembre Décembre
V/Λ2015 > Janvier Février Mars Avril Mai Juin Juillet Août Septembre Octobre Novembre Décembre
V/Λ2014 > Janvier Février Mars Avril Mai Juin Juillet Août Septembre Octobre Novembre Décembre
V/Λ2013 > Janvier Février Mars Avril Mai Juin Juillet Août Septembre Octobre Novembre Décembre
V/Λ2012 > Janvier Février Mars Avril Mai Juin Juillet Août Septembre Octobre Novembre Décembre
V/Λ2011 > Janvier Février Mars Avril Mai Juin Juillet Août Septembre Octobre Novembre Décembre
V/Λ2010 > Janvier Février Mars Avril Mai Juin Juillet Août Septembre Octobre Novembre Décembre
V/Λ2009 > Janvier Février Mars Avril Mai Juin Juillet Août Septembre Octobre Novembre Décembre
V/Λ2008 > Janvier Février Mars Avril Mai Juin Juillet Août Septembre Octobre Novembre Décembre
V/Λ2007 > Janvier Février Mars Avril Mai Juin Juillet Août Septembre Octobre Novembre Décembre
V/Λ2006 > Janvier Février Mars Avril Mai Juin Juillet Août Septembre Octobre Novembre Décembre
V/Λ2005 > Janvier Février Mars Avril Mai Juin Juillet Août Septembre Octobre Novembre Décembre
V/Λ2004 > Janvier Février Mars Avril Mai Juin Juillet Août Septembre Octobre Novembre Décembre
V/Λ2003 > Janvier Février Mars Avril Mai Juin Juillet Août Septembre Octobre Novembre Décembre
V/Λ2002 > Janvier Février Mars Avril Mai Juin Juillet Août Septembre Octobre Novembre Décembre

Rapport pour Avril 2013
                   Monthly Climatological Summary for avr. 2013

Name: IALSACEM4   City: Meyenheim   State: 
Elevation: 210 m  Lat: N 47 54' 42"   Lon: E 007 21' 22"

                  Temperature (C), Rain (mm), Wind Speed (km/h)

                                      Heat  Cool        Avg
    Mean                              Deg   Deg         Wind                 Dom
Day Temp  High   Time   Low    Time   Days  Days  Rain  Speed High   Time    Dir
----------------------------------------------------------------------------------
 1   5.0  12.2   16:58   0.1   08:22  13.3   0.0   0.0  10.8  26.7   09:51     N
 2   4.8  11.1   16:36   0.3   05:32  13.5   0.0   0.0  11.5  27.6   14:10     N
 3   5.3   9.4   17:03   1.3   07:21  13.0   0.0   0.0   6.3  21.1   19:38     N
 4   6.8  13.8   15:44  -0.1   05:30  11.5   0.0   0.0  10.1  27.6   17:05     N
 5   6.0  11.9   15:53   1.4   07:28  12.3   0.0   0.0  12.1  27.6   19:29     N
 6   5.7  10.1   13:37   3.2   03:14  12.6   0.0   0.0  11.8  32.3   15:27     N
 7   6.1  10.4   17:10   2.0   23:21  12.2   0.0   0.0  10.7  32.3   13:54     N
 8   5.5  12.4   14:34  -0.2   05:51  12.8   0.0   0.0   8.2  31.4   15:33     S
 9   7.6  11.7   17:26   5.3   02:04  10.7   0.0   7.0  11.8  44.0   18:56     S
10  11.0  15.5   14:26   7.5   00:00   7.3   0.0   3.0  17.9  58.5   09:42    SO
11  12.7  17.2   15:38   8.8   04:14   5.6   0.0   5.0  15.1  47.7   05:17     S
12  11.4  16.5   12:25   8.5   06:03   6.9   0.0   3.0  18.9  70.7   14:29   SSO
13  12.6  18.2   14:56   7.4   06:19   5.7   0.0   0.0  13.2  41.2   01:34    SO
14  17.3  26.3   16:42  10.7   01:55   3.0   2.0   0.0   6.9  23.9   12:59   SSO
15  18.2  27.4   15:46   8.3   06:55   3.0   2.9   0.0   8.2  38.4   12:25   SSO
16  18.8  25.5   14:38  13.3   05:09   1.6   2.1   0.0   6.8  33.2   14:59    SO
17  18.7  27.6   16:01  10.2   06:34   2.4   2.8   0.0   2.1  18.3   13:34    SO
18  18.6  25.3   14:29  13.7   03:36   1.3   1.6   0.0  11.4  37.4   15:24    SO
19  11.8  15.6   10:49   7.7   23:42   6.5   0.0   1.0   2.9  19.2   16:19   ENE
20   7.9   8.8   11:04   6.3   06:14  10.4   0.0   5.0  13.1  44.0   11:58     N
21  10.0  12.8   13:42   8.3   03:25   8.3   0.0   0.0   5.5  28.5   00:01     N
22  11.5  15.8   14:16   8.6   06:16   6.8   0.0   0.0   1.5  16.8   13:23   NNE
23  14.5  21.4   15:17   8.8   04:51   4.4   0.7   0.0   3.8  26.7   13:29   SSE
24  15.7  25.0   17:25   5.7   06:17   4.5   1.9   0.0   5.7  22.9   12:58     S
25  17.5  27.4   15:55   6.8   06:20   3.7   2.8   0.0   3.2  18.3   15:31     S
26  16.3  22.4   11:12  12.1   04:03   2.7   0.8   3.0   7.9  33.2   11:05   SSO
27   9.2  13.2   00:00   6.4   19:24   9.1   0.0  30.0  10.0  33.2   15:44   NNE
28   7.8  11.7   17:49   6.4   00:00  10.4   0.0   1.0   4.4  16.8   00:09     N
29  10.7  12.5   17:35   9.4   06:25   7.6   0.0   0.0   1.2  13.1   09:17   NNE
30  11.7  14.0   14:40  10.2   02:42   6.6   0.0   0.0  10.1  29.5   19:27     N
----------------------------------------------------------------------------------
    11.2  27.6    17    -0.2     8   229.7  17.6  58.0   8.8  70.7    12       O

Max >=  30.0:  0
Max <=   0.0:  0
Min <= -10.0:  0
Min <= -18.0:  0
Max Rain: 30.0 on day 27
Days of Rain: 9 (>= 0.2 mm)  7 (>= 2.0 mm)  1 (>= 20.0 mm)
Heat Base: 18.3  Cool Base: 18.3  Method: Integration


Mise à jour : 19/11/2019 19:45:01
powered by Cumulus v3.0.0 (3043)