METEO Meyenheim

 Latitude N 47° 54' 42"    Longitude E 07° 21' 22"    Altitude 210 m

Rapports de type NOAA
Selectionner un rapport Annuel ou mensuel
V/Λ2019 > Janvier Février Mars Avril Mai Juin Juillet Août Septembre Octobre Novembre Décembre
V/Λ2018 > Janvier Février Mars Avril Mai Juin Juillet Août Septembre Octobre Novembre Décembre
V/Λ2017 > Janvier Février Mars Avril Mai Juin Juillet Août Septembre Octobre Novembre Décembre
V/Λ2016 > Janvier Février Mars Avril Mai Juin Juillet Août Septembre Octobre Novembre Décembre
V/Λ2015 > Janvier Février Mars Avril Mai Juin Juillet Août Septembre Octobre Novembre Décembre
V/Λ2014 > Janvier Février Mars Avril Mai Juin Juillet Août Septembre Octobre Novembre Décembre
V/Λ2013 > Janvier Février Mars Avril Mai Juin Juillet Août Septembre Octobre Novembre Décembre
V/Λ2012 > Janvier Février Mars Avril Mai Juin Juillet Août Septembre Octobre Novembre Décembre
V/Λ2011 > Janvier Février Mars Avril Mai Juin Juillet Août Septembre Octobre Novembre Décembre
V/Λ2010 > Janvier Février Mars Avril Mai Juin Juillet Août Septembre Octobre Novembre Décembre
V/Λ2009 > Janvier Février Mars Avril Mai Juin Juillet Août Septembre Octobre Novembre Décembre
V/Λ2008 > Janvier Février Mars Avril Mai Juin Juillet Août Septembre Octobre Novembre Décembre
V/Λ2007 > Janvier Février Mars Avril Mai Juin Juillet Août Septembre Octobre Novembre Décembre
V/Λ2006 > Janvier Février Mars Avril Mai Juin Juillet Août Septembre Octobre Novembre Décembre
V/Λ2005 > Janvier Février Mars Avril Mai Juin Juillet Août Septembre Octobre Novembre Décembre
V/Λ2004 > Janvier Février Mars Avril Mai Juin Juillet Août Septembre Octobre Novembre Décembre
V/Λ2003 > Janvier Février Mars Avril Mai Juin Juillet Août Septembre Octobre Novembre Décembre
V/Λ2002 > Janvier Février Mars Avril Mai Juin Juillet Août Septembre Octobre Novembre Décembre

Rapport pour Juin 2013
                   Monthly Climatological Summary for juin 2013

Name: IALSACEM4   City: Meyenheim   State: 
Elevation: 210 m  Lat: N 47 54' 42"   Lon: E 007 21' 22"

                  Temperature (C), Rain (mm), Wind Speed (km/h)

                                      Heat  Cool        Avg
    Mean                              Deg   Deg         Wind                 Dom
Day Temp  High   Time   Low    Time   Days  Days  Rain  Speed High   Time    Dir
----------------------------------------------------------------------------------
 1  13.4  16.2   17:01  12.3   06:23   4.9   0.0  10.0   3.1  22.9   03:57   OSO
 2  15.1  19.9   17:53  11.5   06:07   3.4   0.1   0.0   6.0  23.9   11:19   NNE
 3  12.8  16.7   14:51   9.8   05:19   5.5   0.0   0.0  12.0  36.5   10:07   NNE
 4  15.9  22.0   18:01  10.1   05:56   3.2   0.8   0.0  11.2  32.3   09:02   NNE
 5  18.7  25.4   17:43  10.2   05:35   2.0   2.4   0.0   5.8  22.0   11:01   NNE
 6  20.1  26.6   16:51  12.3   05:49   1.3   3.1   0.0   4.8  22.9   14:33   NNE
 7  20.2  27.4   17:44  12.1   05:45   1.5   3.3   0.0   4.0  24.8   17:51    NE
 8  21.0  27.9   17:14  13.4   05:49   1.1   3.8   0.0   3.3  18.3   13:18   NNE
 9  18.3  24.0   16:52  13.9   05:59   1.3   1.3  12.0   5.9  40.2   02:22   OSO
10  16.8  20.1   14:29  13.6   06:25   1.8   0.3   0.0   9.3  31.4   10:28    SO
11  18.2  23.3   16:18  13.8   04:51   1.5   1.4   0.0   1.2  18.3   14:16    NE
12  19.7  25.5   15:24  14.5   06:00   1.1   2.6   0.0   6.4  30.4   15:12   SSO
13  21.4  29.8   17:11  14.7   23:57   1.0   4.1   2.0   8.3  50.5   20:26   SSO
14  15.9  19.7   15:36  11.2   05:31   2.6   0.3   2.0   4.4  25.7   00:02     N
15  19.2  25.9   16:44  11.9   05:11   1.9   2.9   0.0   9.2  50.5   14:23    SO
16  21.8  28.9   16:36  14.0   05:58   0.8   4.3   0.0   5.3  20.1   19:43     S
17  25.2  33.2   17:31  16.8   05:28   0.2   7.1   1.0   2.9  21.1   22:51   NNE
18  26.2  33.5   16:49  18.4   06:02   0.0   7.9   6.0   5.7  27.6   02:30     N
19  27.0  34.1   16:27  19.6   06:05   0.0   8.8   0.0   4.6  23.9   23:57     S
20  21.1  24.9   00:00  15.8   22:19   0.4   3.2   7.0   7.3  65.1   19:00     S
21  19.1  24.4   16:11  13.9   05:24   1.2   2.1   0.0  11.0  39.3   14:14    SO
22  19.5  24.9   16:32  13.0   05:58   1.3   2.5   0.0   9.6  35.1   13:48    SO
23  18.1  21.2   16:46  15.0   23:14   0.8   0.6   0.0  13.7  50.5   11:03    SO
24  15.3  18.2   17:44  13.1   05:33   3.0   0.0   2.0   4.4  27.6   17:12   OSO
25  14.3  17.4   14:06  11.9   05:38   4.0   0.0   0.0   2.2  25.7   19:39   ENE
26  15.2  20.0   17:03  10.6   05:05   3.3   0.2   0.0   5.1  26.7   12:56   NNE
28  15.2  20.7   15:09  10.1   05:19   3.5   0.4   0.0   4.4  22.0   15:07   SSO
29  16.6  21.3   17:35  12.7   06:42   2.3   0.6   3.0  10.8  41.2   09:36   SSO
30  17.5  21.3   13:03  13.4   05:12   1.7   0.9   0.0   2.6  14.0   11:52   NNE
----------------------------------------------------------------------------------
    18.6  34.1    19     9.8     3    56.6  65.0  45.0   6.4  65.1    20     OSO

Max >=  30.0:  3
Max <=   0.0:  0
Min <= -10.0:  0
Min <= -18.0:  0
Max Rain: 12.0 on day 9
Days of Rain: 9 (>= 0.2 mm)  8 (>= 2.0 mm)  0 (>= 20.0 mm)
Heat Base: 18.3  Cool Base: 18.3  Method: Integration


Mise à jour : 17/09/2019 07:06:52
powered by Cumulus v3.0.0 (3043)