METEO Meyenheim

 Latitude N 47° 54' 42"    Longitude E 07° 21' 22"    Altitude 210 m

Rapports de type NOAA
Selectionner un rapport Annuel ou mensuel
V/Λ2019 > Janvier Février Mars Avril Mai Juin Juillet Août Septembre Octobre Novembre Décembre
V/Λ2018 > Janvier Février Mars Avril Mai Juin Juillet Août Septembre Octobre Novembre Décembre
V/Λ2017 > Janvier Février Mars Avril Mai Juin Juillet Août Septembre Octobre Novembre Décembre
V/Λ2016 > Janvier Février Mars Avril Mai Juin Juillet Août Septembre Octobre Novembre Décembre
V/Λ2015 > Janvier Février Mars Avril Mai Juin Juillet Août Septembre Octobre Novembre Décembre
V/Λ2014 > Janvier Février Mars Avril Mai Juin Juillet Août Septembre Octobre Novembre Décembre
V/Λ2013 > Janvier Février Mars Avril Mai Juin Juillet Août Septembre Octobre Novembre Décembre
V/Λ2012 > Janvier Février Mars Avril Mai Juin Juillet Août Septembre Octobre Novembre Décembre
V/Λ2011 > Janvier Février Mars Avril Mai Juin Juillet Août Septembre Octobre Novembre Décembre
V/Λ2010 > Janvier Février Mars Avril Mai Juin Juillet Août Septembre Octobre Novembre Décembre
V/Λ2009 > Janvier Février Mars Avril Mai Juin Juillet Août Septembre Octobre Novembre Décembre
V/Λ2008 > Janvier Février Mars Avril Mai Juin Juillet Août Septembre Octobre Novembre Décembre
V/Λ2007 > Janvier Février Mars Avril Mai Juin Juillet Août Septembre Octobre Novembre Décembre
V/Λ2006 > Janvier Février Mars Avril Mai Juin Juillet Août Septembre Octobre Novembre Décembre
V/Λ2005 > Janvier Février Mars Avril Mai Juin Juillet Août Septembre Octobre Novembre Décembre
V/Λ2004 > Janvier Février Mars Avril Mai Juin Juillet Août Septembre Octobre Novembre Décembre
V/Λ2003 > Janvier Février Mars Avril Mai Juin Juillet Août Septembre Octobre Novembre Décembre
V/Λ2002 > Janvier Février Mars Avril Mai Juin Juillet Août Septembre Octobre Novembre Décembre

Rapport pour Juillet 2013
                   Monthly Climatological Summary for juil. 2013

Name: IALSACEM4   City: Meyenheim   State: 
Elevation: 210 m  Lat: N 47 54' 42"   Lon: E 007 21' 22"

                  Temperature (C), Rain (mm), Wind Speed (km/h)

                                      Heat  Cool        Avg
    Mean                              Deg   Deg         Wind                 Dom
Day Temp  High   Time   Low    Time   Days  Days  Rain  Speed High   Time    Dir
----------------------------------------------------------------------------------
 1  18.6  25.5   16:26  10.8   05:47   2.2   2.5   0.0   1.7  14.0   15:20     E
 2  20.6  28.9   16:26  13.5   06:07   1.0   3.4   0.0   5.8  44.9   19:18     S
 3  18.1  20.4   00:00  15.8   08:04   0.6   0.4   5.0  13.4  44.0   15:56   SSO
 4  18.5  21.8   16:52  16.1   04:35   0.7   0.9   0.0   4.1  25.7   12:37   ENE
 5  19.5  24.9   15:25  12.8   06:11   1.2   2.5   0.0   4.9  27.6   16:47   NNE
 6  22.5  28.3   16:06  16.8   05:53   0.2   4.4   0.0  10.9  35.6   17:33   NNE
 7  23.3  28.9   15:53  17.8   05:40   0.0   5.1   0.0  13.7  37.4   17:15   NNE
 8  23.6  28.7   16:26  18.3   06:31   0.0   5.3   0.0  13.9  38.4   18:07   NNE
 9  23.6  28.8   16:15  18.3   06:21   0.0   5.3   0.0  10.5  31.4   16:21     N
10  23.9  29.4   14:54  17.5   06:27   0.0   5.7   0.0   8.2  31.4   18:35   NNE
11  20.5  24.3   16:35  16.8   06:32   0.2   2.4   0.0  14.1  35.1   01:48     N
12  20.2  25.9   17:09  13.7   06:30   0.9   2.8   0.0   8.7  25.7   14:17   NNE
13  20.9  27.2   15:59  15.0   05:48   0.8   3.4   0.0   7.2  26.7   19:34   NNE
14  22.0  27.9   16:28  16.3   06:19   0.2   3.9   0.0   8.6  26.7   14:51   NNE
15  22.3  27.3   16:29  17.3   06:41   0.1   4.0   0.0   7.9  30.4   12:05   NNE
16  22.2  29.7   17:15  14.1   06:02   0.9   4.7   0.0   5.1  25.7   14:55   NNE
17  21.6  26.1   16:38  16.4   05:18   0.3   3.5   0.0   4.4  25.7   17:59    NE
18  23.6  29.0   17:31  18.7   06:51   0.0   5.3   0.0  10.2  36.5   15:58   NNE
19  23.2  30.6   15:40  17.5   06:17   0.0   4.9   0.0   6.4  50.5   16:55   NNE
20  24.7  31.0   17:37  17.6   06:35   0.0   6.4   0.0   8.0  26.7   19:31   NNE
21  25.6  32.6   16:15  18.7   06:25   0.0   7.3   0.0   4.8  18.3   19:03   NNE
22  25.7  33.6   14:41  17.4   06:02   0.1   7.4   0.0   0.0   0.0   00:00     E
23  24.4  31.7   12:58  18.6   06:05   0.0   6.1   0.0   2.1  27.6   17:16    NO
24  22.2  27.1   18:41  19.3   02:40   0.0   3.9   1.0   2.7  22.9   09:15     S
25  24.8  33.0   15:42  17.6   06:01   0.0   6.5   0.0   3.4  32.3   14:10   SSO
26  26.2  34.2   14:33  18.7   05:53   0.0   7.9   0.0   1.7  27.6   15:00    SO
27  28.4  37.7   17:14  19.0   06:07   0.0  10.1   0.0   4.8  29.5   23:59   SSO
28  24.5  30.2   13:46  18.9   22:18   0.0   6.2   6.0   5.2  32.3   16:26   SSO
29  19.1  21.7   18:52  17.7   22:49   0.0   0.8   5.0   5.7  32.3   20:30   SSO
30  20.9  25.9   17:05  16.4   06:22   0.3   3.0   0.0  13.1  36.5   12:21   SSO
31  23.4  29.3   15:55  17.9   06:29   0.0   5.2   0.0   6.8  25.7   12:36     S
----------------------------------------------------------------------------------
    22.5  37.7    27    10.8     1     9.7 141.2  17.0   7.0  50.5    19     NNE

Max >=  30.0:  9
Max <=   0.0:  0
Min <= -10.0:  0
Min <= -18.0:  0
Max Rain: 6.0 on day 28
Days of Rain: 4 (>= 0.2 mm)  3 (>= 2.0 mm)  0 (>= 20.0 mm)
Heat Base: 18.3  Cool Base: 18.3  Method: Integration


Mise à jour : 19/11/2019 20:43:02
powered by Cumulus v3.0.0 (3043)