METEO Meyenheim

 Latitude N 47° 54' 42"    Longitude E 07° 21' 22"    Altitude 210 m

Rapports de type NOAA
Selectionner un rapport Annuel ou mensuel
V/Λ2019 > Janvier Février Mars Avril Mai Juin Juillet Août Septembre Octobre Novembre Décembre
V/Λ2018 > Janvier Février Mars Avril Mai Juin Juillet Août Septembre Octobre Novembre Décembre
V/Λ2017 > Janvier Février Mars Avril Mai Juin Juillet Août Septembre Octobre Novembre Décembre
V/Λ2016 > Janvier Février Mars Avril Mai Juin Juillet Août Septembre Octobre Novembre Décembre
V/Λ2015 > Janvier Février Mars Avril Mai Juin Juillet Août Septembre Octobre Novembre Décembre
V/Λ2014 > Janvier Février Mars Avril Mai Juin Juillet Août Septembre Octobre Novembre Décembre
V/Λ2013 > Janvier Février Mars Avril Mai Juin Juillet Août Septembre Octobre Novembre Décembre
V/Λ2012 > Janvier Février Mars Avril Mai Juin Juillet Août Septembre Octobre Novembre Décembre
V/Λ2011 > Janvier Février Mars Avril Mai Juin Juillet Août Septembre Octobre Novembre Décembre
V/Λ2010 > Janvier Février Mars Avril Mai Juin Juillet Août Septembre Octobre Novembre Décembre
V/Λ2009 > Janvier Février Mars Avril Mai Juin Juillet Août Septembre Octobre Novembre Décembre
V/Λ2008 > Janvier Février Mars Avril Mai Juin Juillet Août Septembre Octobre Novembre Décembre
V/Λ2007 > Janvier Février Mars Avril Mai Juin Juillet Août Septembre Octobre Novembre Décembre
V/Λ2006 > Janvier Février Mars Avril Mai Juin Juillet Août Septembre Octobre Novembre Décembre
V/Λ2005 > Janvier Février Mars Avril Mai Juin Juillet Août Septembre Octobre Novembre Décembre
V/Λ2004 > Janvier Février Mars Avril Mai Juin Juillet Août Septembre Octobre Novembre Décembre
V/Λ2003 > Janvier Février Mars Avril Mai Juin Juillet Août Septembre Octobre Novembre Décembre
V/Λ2002 > Janvier Février Mars Avril Mai Juin Juillet Août Septembre Octobre Novembre Décembre

Rapport pour Août 2013
                   Monthly Climatological Summary for aot 2013

Name: IALSACEM4   City: Meyenheim   State: 
Elevation: 210 m  Lat: N 47 54' 42"   Lon: E 007 21' 22"

                  Temperature (C), Rain (mm), Wind Speed (km/h)

                                      Heat  Cool        Avg
    Mean                              Deg   Deg         Wind                 Dom
Day Temp  High   Time   Low    Time   Days  Days  Rain  Speed High   Time    Dir
----------------------------------------------------------------------------------
 1  24.4  33.6   16:53  16.0   06:49   0.4   6.5   0.0   2.4  19.2   17:26   SSE
 2  27.1  36.4   16:02  18.4   06:33   0.0   8.8   0.0   5.4  27.6   15:06     S
 3  25.7  31.5   16:08  21.2   03:54   0.0   7.4   0.0   5.2  26.7   16:39   NNE
 4  22.6  28.0   17:28  18.6   11:08   0.0   4.3   2.0   2.3  24.8   10:22   SSE
 5  25.0  33.7   17:55  17.0   06:25   0.1   6.9   0.0   3.1  21.1   17:37   SSE
 6  24.7  31.2   14:13  20.1   23:49   0.0   6.4   0.0   6.0  36.5   14:17   NNE
 7  20.0  24.9   13:44  17.8   22:14   0.1   1.8  20.0   7.1  51.5   04:38     S
 8  18.8  22.2   16:25  16.8   06:10   0.5   1.0   2.0   3.8  21.1   16:08   NNE
 9  19.4  24.0   17:43  16.6   04:29   0.4   1.5   1.0   0.0   0.0   00:00     E
10  20.3  26.3   15:44  14.9   05:15   0.8   2.8   0.0   1.6  25.7   15:39   ONO
11  20.1  26.4   17:21  14.7   07:17   0.9   2.7   0.0   3.1  22.9   17:51   SSO
12  20.4  26.8   17:33  13.3   06:18   1.2   3.3   0.0   2.9  30.4   19:47    SO
13  18.9  22.7   16:44  15.1   06:51   0.6   1.2   0.0   1.6  26.7   16:54    NE
14  17.3  22.9   13:26  11.2   06:50   2.3   1.2   0.0   4.3  22.9   12:20   NNE
15  18.0  25.2   15:38  10.5   06:52   2.6   2.3   0.0   0.7  17.3   17:43    NE
16  20.5  29.7   15:50  11.5   06:58   1.9   4.1   0.0   1.1  27.6   19:21    SO
17  23.1  31.4   16:20  16.3   03:46   0.5   5.3   0.0   2.5  27.6   16:50   SSO
18  22.2  30.1   16:16  16.1   06:03   0.3   4.2   0.0   5.5  35.6   15:13    SO
19  20.6  25.2   15:31  17.0   23:53   0.0   2.3   2.0   5.9  45.9   11:54     O
20  18.1  23.4   15:43  12.1   06:45   1.8   1.6   0.0   5.8  28.5   12:07   NNE
21  19.0  25.8   16:33  12.7   06:28   1.7   2.4   0.0   7.7  29.5   16:36     N
22  19.4  26.3   16:38  11.9   06:56   1.5   2.6   0.0   5.6  24.8   17:17   NNE
23  20.6  28.1   16:50  13.8   06:08   1.2   3.6   0.0   1.6  22.0   18:36   NNE
24  18.3  22.3   17:12  14.9   06:19   0.8   0.8   4.0   3.3  30.4   17:06   SSO
25  17.0  20.6   11:30  14.0   23:55   1.7   0.5   0.0   3.2  29.5   11:32     N
26  16.7  23.1   15:38  12.1   07:51   2.6   1.0   0.0   2.7  19.2   13:15     E
27  17.7  22.8   14:55  14.8   23:56   1.2   0.6   3.0   2.5  22.0   15:28   NNE
28  17.1  21.6   16:51  14.0   07:20   1.8   0.6   2.0   2.1  24.8   16:35   NNE
29  17.4  24.1   16:13  10.9   06:31   2.5   1.6   0.0   3.0  18.3   16:36    NE
30  18.7  26.1   16:40  11.7   06:29   2.0   2.3   0.0   1.4  17.3   17:31     N
31  18.9  25.3   14:11  12.9   07:13   1.4   2.1   0.0   2.5  22.9   18:04   ENE
----------------------------------------------------------------------------------
    20.3  36.4     2    10.5    15    32.8  93.7  36.0   3.4  51.5     7     NNE

Max >=  30.0:  7
Max <=   0.0:  0
Min <= -10.0:  0
Min <= -18.0:  0
Max Rain: 20.0 on day 7
Days of Rain: 8 (>= 0.2 mm)  7 (>= 2.0 mm)  1 (>= 20.0 mm)
Heat Base: 18.3  Cool Base: 18.3  Method: Integration


Mise à jour : 18/10/2019 07:12:07
powered by Cumulus v3.0.0 (3043)