METEO Meyenheim

 Latitude N 47° 54' 42"    Longitude E 07° 21' 22"    Altitude 210 m

Rapports de type NOAA
Selectionner un rapport Annuel ou mensuel
V/Λ2019 > Janvier Février Mars Avril Mai Juin Juillet Août Septembre Octobre Novembre Décembre
V/Λ2018 > Janvier Février Mars Avril Mai Juin Juillet Août Septembre Octobre Novembre Décembre
V/Λ2017 > Janvier Février Mars Avril Mai Juin Juillet Août Septembre Octobre Novembre Décembre
V/Λ2016 > Janvier Février Mars Avril Mai Juin Juillet Août Septembre Octobre Novembre Décembre
V/Λ2015 > Janvier Février Mars Avril Mai Juin Juillet Août Septembre Octobre Novembre Décembre
V/Λ2014 > Janvier Février Mars Avril Mai Juin Juillet Août Septembre Octobre Novembre Décembre
V/Λ2013 > Janvier Février Mars Avril Mai Juin Juillet Août Septembre Octobre Novembre Décembre
V/Λ2012 > Janvier Février Mars Avril Mai Juin Juillet Août Septembre Octobre Novembre Décembre
V/Λ2011 > Janvier Février Mars Avril Mai Juin Juillet Août Septembre Octobre Novembre Décembre
V/Λ2010 > Janvier Février Mars Avril Mai Juin Juillet Août Septembre Octobre Novembre Décembre
V/Λ2009 > Janvier Février Mars Avril Mai Juin Juillet Août Septembre Octobre Novembre Décembre
V/Λ2008 > Janvier Février Mars Avril Mai Juin Juillet Août Septembre Octobre Novembre Décembre
V/Λ2007 > Janvier Février Mars Avril Mai Juin Juillet Août Septembre Octobre Novembre Décembre
V/Λ2006 > Janvier Février Mars Avril Mai Juin Juillet Août Septembre Octobre Novembre Décembre
V/Λ2005 > Janvier Février Mars Avril Mai Juin Juillet Août Septembre Octobre Novembre Décembre
V/Λ2004 > Janvier Février Mars Avril Mai Juin Juillet Août Septembre Octobre Novembre Décembre
V/Λ2003 > Janvier Février Mars Avril Mai Juin Juillet Août Septembre Octobre Novembre Décembre
V/Λ2002 > Janvier Février Mars Avril Mai Juin Juillet Août Septembre Octobre Novembre Décembre

Rapport pour Septembre 2013
                   Monthly Climatological Summary for sept. 2013

Name: IALSACEM4   City: Meyenheim   State: 
Elevation: 210 m  Lat: N 47 54' 42"   Lon: E 007 21' 22"

                  Temperature (C), Rain (mm), Wind Speed (km/h)

                                      Heat  Cool        Avg
    Mean                              Deg   Deg         Wind                 Dom
Day Temp  High   Time   Low    Time   Days  Days  Rain  Speed High   Time    Dir
----------------------------------------------------------------------------------
 1  17.6  21.0   14:12  13.5   23:53   1.4   0.7   0.0   6.0  31.4   15:02   NNE
 2  17.0  24.5   15:38  10.1   07:12   3.0   1.7   0.0   2.8  21.1   14:33   SSE
 3  18.4  27.1   16:26   9.8   06:45   2.7   2.9   0.0   4.0  22.9   18:09    NE
 4  21.1  29.1   16:33  13.6   07:16   0.9   3.7   0.0   2.0  17.3   14:09    NE
 5  22.2  31.5   16:17  14.0   06:41   1.1   5.0   0.0   2.3  21.1   13:32   SSE
 6  23.3  31.3   16:25  15.7   05:17   0.5   5.4   0.0   5.3  37.4   13:44   SSO
 7  20.4  25.5   14:28  16.6   23:59   0.1   2.2  17.0   3.5  66.9   23:51   SSO
 8  17.7  23.0   14:00  14.5   23:58   1.5   0.9  22.0   8.9  41.2   00:10     S
 9  16.2  20.9   15:59  11.6   07:36   2.6   0.5   0.0   9.4  46.8   23:56   SSO
10  15.0  17.7   16:37  10.3   23:58   3.3   0.0   3.0   8.1  36.5   00:14   SSO
11  12.1  16.8   15:16   9.2   04:11   6.2   0.0   0.0  12.9  43.1   18:32   SSO
12  13.8  17.4   14:39  11.8   06:34   4.5   0.0   1.0   6.8  26.7   00:37    SO
13  15.7  21.2   15:25  11.3   06:39   3.1   0.5   0.0   3.8  22.9   14:12    SO
14  17.1  19.3   14:20  14.9   07:39   1.4   0.2   0.0  10.9  36.5   10:03     S
15  16.5  21.5   14:53  14.6   21:50   2.1   0.3   2.0   8.8  36.5   17:21   SSO
16  13.8  14.9   12:35   9.4   23:52   4.5   0.0   3.0  14.5  48.7   14:28   SSO
17  11.1  15.1   16:36   7.9   05:25   7.2   0.0   1.0  11.9  38.4   12:57   SSO
18  15.8  21.1   15:04  10.5   00:00   2.8   0.3   4.0  13.2  46.8   00:07    SO
19  13.9  18.5   14:53   8.7   07:39   4.4   0.0   0.0   2.5  31.4   14:39    SO
20  14.8  19.8   17:19  11.4   23:56   3.7   0.1   0.0   8.8  35.6   10:47   SSO
21  13.5  20.0   15:17   7.0   07:31   5.1   0.3   0.0   0.0   6.6   00:22     E
22  14.6  21.5   16:09   8.1   06:59   4.4   0.6   0.0   1.0  16.8   16:43    NE
23  15.0  22.0   16:09   9.6   04:54   4.0   0.7   0.0   2.4  19.2   17:31   NNE
24  15.5  22.5   16:14   9.4   07:51   3.7   0.8   0.0   0.0   5.6   17:36     E
25  17.2  25.0   16:03  10.3   05:46   2.8   1.7   0.0   4.3  31.4   16:11   SSO
26  19.4  25.0   16:34  16.1   07:10   0.7   1.7   0.0   1.4  17.3   15:22     E
27  16.7  21.7   15:49  13.5   06:04   2.2   0.6   0.0   2.6  21.1   16:55   NNE
28  15.2  18.9   16:14  13.0   07:45   3.2   0.0   0.0   2.3  17.3   04:30   NNE
29  15.6  19.6   14:58  13.5   09:05   2.8   0.1   0.0   4.4  22.0   16:13   NNE
30  13.8  16.5   15:37  11.7   09:48   4.5   0.0   0.0   2.5  18.3   08:35   NNE
----------------------------------------------------------------------------------
    16.3  31.5     5     7.0    21    90.4  30.9  53.0   5.6  66.9     7     SSO

Max >=  30.0:  2
Max <=   0.0:  0
Min <= -10.0:  0
Min <= -18.0:  0
Max Rain: 22.0 on day 8
Days of Rain: 8 (>= 0.2 mm)  6 (>= 2.0 mm)  1 (>= 20.0 mm)
Heat Base: 18.3  Cool Base: 18.3  Method: Integration


Mise à jour : 18/10/2019 05:32:06
powered by Cumulus v3.0.0 (3043)