METEO Meyenheim

 Latitude N 47° 54' 42"    Longitude E 07° 21' 22"    Altitude 210 m

Rapports de type NOAA
Selectionner un rapport Annuel ou mensuel
V/Λ2019 > Janvier Février Mars Avril Mai Juin Juillet Août Septembre Octobre Novembre Décembre
V/Λ2018 > Janvier Février Mars Avril Mai Juin Juillet Août Septembre Octobre Novembre Décembre
V/Λ2017 > Janvier Février Mars Avril Mai Juin Juillet Août Septembre Octobre Novembre Décembre
V/Λ2016 > Janvier Février Mars Avril Mai Juin Juillet Août Septembre Octobre Novembre Décembre
V/Λ2015 > Janvier Février Mars Avril Mai Juin Juillet Août Septembre Octobre Novembre Décembre
V/Λ2014 > Janvier Février Mars Avril Mai Juin Juillet Août Septembre Octobre Novembre Décembre
V/Λ2013 > Janvier Février Mars Avril Mai Juin Juillet Août Septembre Octobre Novembre Décembre
V/Λ2012 > Janvier Février Mars Avril Mai Juin Juillet Août Septembre Octobre Novembre Décembre
V/Λ2011 > Janvier Février Mars Avril Mai Juin Juillet Août Septembre Octobre Novembre Décembre
V/Λ2010 > Janvier Février Mars Avril Mai Juin Juillet Août Septembre Octobre Novembre Décembre
V/Λ2009 > Janvier Février Mars Avril Mai Juin Juillet Août Septembre Octobre Novembre Décembre
V/Λ2008 > Janvier Février Mars Avril Mai Juin Juillet Août Septembre Octobre Novembre Décembre
V/Λ2007 > Janvier Février Mars Avril Mai Juin Juillet Août Septembre Octobre Novembre Décembre
V/Λ2006 > Janvier Février Mars Avril Mai Juin Juillet Août Septembre Octobre Novembre Décembre
V/Λ2005 > Janvier Février Mars Avril Mai Juin Juillet Août Septembre Octobre Novembre Décembre
V/Λ2004 > Janvier Février Mars Avril Mai Juin Juillet Août Septembre Octobre Novembre Décembre
V/Λ2003 > Janvier Février Mars Avril Mai Juin Juillet Août Septembre Octobre Novembre Décembre
V/Λ2002 > Janvier Février Mars Avril Mai Juin Juillet Août Septembre Octobre Novembre Décembre

Rapport pour Décembre 2013
                   Monthly Climatological Summary for dc. 2013

Name: IALSACEM4   City: Meyenheim   State: 
Elevation: 210 m  Lat: N 47 54' 42"   Lon: E 007 21' 22"

                  Temperature (C), Rain (mm), Wind Speed (km/h)

                                      Heat  Cool        Avg
    Mean                              Deg   Deg         Wind                 Dom
Day Temp  High   Time   Low    Time   Days  Days  Rain  Speed High   Time    Dir
----------------------------------------------------------------------------------
 1   2.3   7.2   12:56  -2.2   05:08  16.0   0.0   0.0   4.3  23.9   14:01   NNE
 2   4.1   9.5   14:10  -1.5   23:42  14.2   0.0   0.0   7.5  31.4   05:53     N
 3  -0.1   6.3   13:50  -3.5   05:23  18.4   0.0   0.0   0.2  13.1   11:44   SSE
 4  -2.4   0.3   22:45  -5.0   05:06  20.7   0.0   0.0   0.0   6.6   23:31     E
 5   4.4  11.1   14:19   0.0   00:00  13.9   0.0   0.0   7.1  56.6   20:10   SSO
 6   4.5   8.1   13:06   2.3   23:49  13.8   0.0   0.0   5.6  41.2   00:09    SO
 7   3.8  10.2   14:01  -1.4   23:52  14.5   0.0   0.0   3.5  27.6   13:02   SSO
 8   1.9  10.7   14:18  -2.1   23:51  16.4   0.0   0.0   1.1  19.2   10:29     S
 9   1.0   9.4   14:33  -2.9   23:57  17.3   0.0   0.0   0.3  13.1   11:18     S
10  -0.1   9.0   14:35  -4.7   07:40  18.4   0.0   0.0   0.0   6.6   12:26     E
11  -1.1   4.1   13:20  -4.2   07:26  19.4   0.0   0.0   0.2  10.3   14:09     N
12  -1.1  -0.1   13:22  -1.7   05:52  19.4   0.0   0.0   0.0   6.6   10:45     E
13  -1.7   0.4   14:58  -3.8   06:44  20.0   0.0   0.0   0.0   6.6   00:48   ONO
14   1.6   8.3   14:30  -3.2   03:02  16.6   0.0   1.0   2.8  30.4   13:58   SSO
15   2.9   9.7   14:32  -0.6   01:09  15.4   0.0   0.0   3.2  18.3   11:03    SO
16   4.1  13.3   13:23  -0.5   06:58  14.2   0.0   0.0   2.8  21.1   04:46    SO
17   3.8  13.0   13:58  -1.7   08:42  14.5   0.0   0.0   3.2  25.7   12:28   SSE
18   4.7   8.3   12:49   1.2   04:27  13.6   0.0   0.0   3.2  25.7   11:48     S
19   6.9  10.6   14:26   3.1   01:26  11.4   0.0   1.0   7.3  31.4   14:58     S
20   5.4   9.8   13:18  -0.4   22:30  12.9   0.0   2.0   1.2  19.2   15:43   SSO
21   3.5   7.7   14:56  -1.3   03:04  14.8   0.0   0.0   7.8  34.2   22:28     S
22   9.3  13.3   13:01   5.0   01:32   9.0   0.0   0.0  13.5  47.7   13:37     S
23  10.2  15.0   14:43   7.1   23:57   8.1   0.0   0.0  11.0  37.4   08:04     S
24  10.2  15.9   17:04   5.8   07:25   8.1   0.0   0.0  11.7  76.8   16:35   SSE
25   7.2  11.1   07:02   4.1   18:34  11.1   0.0  25.0   4.7  37.4   07:01   SSO
26   4.9   6.3   14:09   2.9   21:38  13.4   0.0   9.0   1.0  16.8   23:45   SSO
27   4.8   9.4   14:18   1.4   07:44  13.5   0.0   0.0  11.5  37.4   17:20     S
28   5.5   7.1   12:42   2.7   04:58  12.8   0.0  17.0   7.8  32.3   02:42     S
29   5.2  10.4   12:19   0.7   23:55  13.1   0.0   0.0   7.0  34.2   08:55     S
30   1.4   8.2   14:28  -2.0   05:51  16.9   0.0   0.0   3.4  22.9   15:55     S
31   3.4   9.8   14:21  -0.3   07:12  14.9   0.0   0.0   4.7  18.3   04:15   SSO
----------------------------------------------------------------------------------
     3.6  15.9    24    -5.0     4   456.7   0.0  55.0   4.4  76.8    24       S

Max >=  30.0:  0
Max <=   0.0:  1
Min <= -10.0:  0
Min <= -18.0:  0
Max Rain: 25.0 on day 25
Days of Rain: 6 (>= 0.2 mm)  4 (>= 2.0 mm)  1 (>= 20.0 mm)
Heat Base: 18.3  Cool Base: 18.3  Method: Integration


Mise à jour : 17/09/2019 07:24:52
powered by Cumulus v3.0.0 (3043)