METEO Meyenheim

 Latitude N 47° 54' 42"    Longitude E 07° 21' 22"    Altitude 210 m

Rapports de type NOAA
Selectionner un rapport Annuel ou mensuel
V/Λ2019 > Janvier Février Mars Avril Mai Juin Juillet Août Septembre Octobre Novembre Décembre
V/Λ2018 > Janvier Février Mars Avril Mai Juin Juillet Août Septembre Octobre Novembre Décembre
V/Λ2017 > Janvier Février Mars Avril Mai Juin Juillet Août Septembre Octobre Novembre Décembre
V/Λ2016 > Janvier Février Mars Avril Mai Juin Juillet Août Septembre Octobre Novembre Décembre
V/Λ2015 > Janvier Février Mars Avril Mai Juin Juillet Août Septembre Octobre Novembre Décembre
V/Λ2014 > Janvier Février Mars Avril Mai Juin Juillet Août Septembre Octobre Novembre Décembre
V/Λ2013 > Janvier Février Mars Avril Mai Juin Juillet Août Septembre Octobre Novembre Décembre
V/Λ2012 > Janvier Février Mars Avril Mai Juin Juillet Août Septembre Octobre Novembre Décembre
V/Λ2011 > Janvier Février Mars Avril Mai Juin Juillet Août Septembre Octobre Novembre Décembre
V/Λ2010 > Janvier Février Mars Avril Mai Juin Juillet Août Septembre Octobre Novembre Décembre
V/Λ2009 > Janvier Février Mars Avril Mai Juin Juillet Août Septembre Octobre Novembre Décembre
V/Λ2008 > Janvier Février Mars Avril Mai Juin Juillet Août Septembre Octobre Novembre Décembre
V/Λ2007 > Janvier Février Mars Avril Mai Juin Juillet Août Septembre Octobre Novembre Décembre
V/Λ2006 > Janvier Février Mars Avril Mai Juin Juillet Août Septembre Octobre Novembre Décembre
V/Λ2005 > Janvier Février Mars Avril Mai Juin Juillet Août Septembre Octobre Novembre Décembre
V/Λ2004 > Janvier Février Mars Avril Mai Juin Juillet Août Septembre Octobre Novembre Décembre
V/Λ2003 > Janvier Février Mars Avril Mai Juin Juillet Août Septembre Octobre Novembre Décembre
V/Λ2002 > Janvier Février Mars Avril Mai Juin Juillet Août Septembre Octobre Novembre Décembre

Rapport pour Janvier 2014
                   Monthly Climatological Summary for janv. 2014

Name: IALSACEM4   City: Meyenheim   State: 
Elevation: 210 m  Lat: N 47 54' 42"   Lon: E 007 21' 22"

                  Temperature (C), Rain (mm), Wind Speed (km/h)

                                      Heat  Cool        Avg
    Mean                              Deg   Deg         Wind                 Dom
Day Temp  High   Time   Low    Time   Days  Days  Rain  Speed High   Time    Dir
----------------------------------------------------------------------------------
 1   5.7  11.2   13:57   1.8   08:31  12.6   0.0   0.0   7.7  27.6   01:48     S
 2   6.9  11.5   13:32   4.9   05:10  11.3   0.0  17.0   9.6  50.5   14:03     S
 3   8.0  11.6   14:27   3.7   05:47  10.3   0.0   0.0   9.5  36.5   12:31     S
 4   7.0   9.7   00:20   5.3   22:18  11.3   0.0  12.0   3.3  23.9   00:32   SSO
 5   5.8   9.7   14:49   2.0   23:55  12.5   0.0   0.0   9.3  35.1   03:41   SSO
 6   7.0  12.9   12:50   2.1   00:00  11.3   0.0   0.0  11.3  35.1   06:07     S
 7  10.5  15.5   14:32   8.0   22:58   7.8   0.0   0.0   8.2  27.6   00:00   SSE
 8  10.6  16.4   13:12   8.0   07:01   7.7   0.0   0.0   4.7  30.4   05:45   SSE
 9  11.2  15.9   14:48   7.1   08:42   7.1   0.0   0.0  13.2  48.7   16:40   SSO
10   6.7  12.2   14:01   2.9   23:55  11.6   0.0   1.0   4.7  31.4   02:27   SSO
11   5.7   9.8   15:50   1.7   02:06  12.6   0.0   0.0   2.7  27.6   17:29   SSO
12   4.4   7.5   15:29  -0.7   23:57  13.9   0.0   0.0   0.3  13.1   06:07     N
13   3.8   8.2   14:17  -1.0   00:21  14.5   0.0   2.0   1.9  22.0   14:53   SSO
14   4.8   9.8   13:51   0.5   23:54  13.5   0.0   0.0   2.1  24.8   15:02   SSO
15   3.6   7.7   13:10  -0.3   05:34  14.7   0.0   0.0   7.5  33.2   20:23   SSE
16   6.3   8.9   13:09   3.7   06:58  12.0   0.0   4.0   7.4  28.5   00:12     S
17   5.6  12.1   14:27   0.9   23:25  12.7   0.0   0.0   4.8  26.7   04:22     S
18   3.2   9.5   14:06   0.4   02:22  15.0   0.0   0.0   1.6  16.8   11:15   SSO
19   2.5   3.1   23:51   1.9   07:15  15.8   0.0   0.0   1.1  18.3   19:56     N
20   4.1   5.9   14:02   2.9   04:31  14.2   0.0   1.0   0.2  11.2   04:14     O
21   5.0   7.4   13:31   3.8   05:11  13.3   0.0   0.0   0.2  10.3   13:53   SSE
22   4.5   7.1   15:01   2.5   04:29  13.8   0.0   0.0   0.4  11.2   08:35     N
23   3.5   6.1   16:08  -0.3   03:42  14.8   0.0   0.0   8.0  35.1   14:00   SSO
24   2.5   8.6   13:24  -2.1   23:03  15.8   0.0   1.0   2.1  31.4   00:53    SO
25   1.0   6.4   14:27  -4.4   06:47  17.3   0.0   0.0   4.1  45.9   23:34     S
26   5.1   8.3   11:25   2.7   01:41  13.2   0.0   1.0  11.5  44.0   04:03   SSO
27   5.4   9.0   15:15   3.5   23:30  12.9   0.0   1.0  10.8  41.2   13:46    SO
28   3.5  10.1   14:26  -1.9   23:54  14.8   0.0   0.0   5.1  26.7   12:29   SSE
29  -0.8   2.8   16:22  -3.8   06:51  19.1   0.0   0.0   0.1  11.2   08:14   NNO
30   1.0   3.4   14:58  -1.4   02:47  17.3   0.0   0.0   0.9  16.8   19:37     N
31   1.5   8.3   16:06  -2.6   07:33  16.8   0.0   0.0   1.7  22.9   23:33    SO
----------------------------------------------------------------------------------
     5.0  16.4     8    -4.4    25   411.5   0.0  40.0   5.0  50.5     2       S

Max >=  30.0:  0
Max <=   0.0:  0
Min <= -10.0:  0
Min <= -18.0:  0
Max Rain: 17.0 on day 2
Days of Rain: 9 (>= 0.2 mm)  4 (>= 2.0 mm)  0 (>= 20.0 mm)
Heat Base: 18.3  Cool Base: 18.3  Method: Integration


Mise à jour : 19/11/2019 19:29:01
powered by Cumulus v3.0.0 (3043)