METEO Meyenheim

 Latitude N 47° 54' 42"    Longitude E 07° 21' 22"    Altitude 210 m

Rapports de type NOAA
Selectionner un rapport Annuel ou mensuel
V/Λ2019 > Janvier Février Mars Avril Mai Juin Juillet Août Septembre Octobre Novembre Décembre
V/Λ2018 > Janvier Février Mars Avril Mai Juin Juillet Août Septembre Octobre Novembre Décembre
V/Λ2017 > Janvier Février Mars Avril Mai Juin Juillet Août Septembre Octobre Novembre Décembre
V/Λ2016 > Janvier Février Mars Avril Mai Juin Juillet Août Septembre Octobre Novembre Décembre
V/Λ2015 > Janvier Février Mars Avril Mai Juin Juillet Août Septembre Octobre Novembre Décembre
V/Λ2014 > Janvier Février Mars Avril Mai Juin Juillet Août Septembre Octobre Novembre Décembre
V/Λ2013 > Janvier Février Mars Avril Mai Juin Juillet Août Septembre Octobre Novembre Décembre
V/Λ2012 > Janvier Février Mars Avril Mai Juin Juillet Août Septembre Octobre Novembre Décembre
V/Λ2011 > Janvier Février Mars Avril Mai Juin Juillet Août Septembre Octobre Novembre Décembre
V/Λ2010 > Janvier Février Mars Avril Mai Juin Juillet Août Septembre Octobre Novembre Décembre
V/Λ2009 > Janvier Février Mars Avril Mai Juin Juillet Août Septembre Octobre Novembre Décembre
V/Λ2008 > Janvier Février Mars Avril Mai Juin Juillet Août Septembre Octobre Novembre Décembre
V/Λ2007 > Janvier Février Mars Avril Mai Juin Juillet Août Septembre Octobre Novembre Décembre
V/Λ2006 > Janvier Février Mars Avril Mai Juin Juillet Août Septembre Octobre Novembre Décembre
V/Λ2005 > Janvier Février Mars Avril Mai Juin Juillet Août Septembre Octobre Novembre Décembre
V/Λ2004 > Janvier Février Mars Avril Mai Juin Juillet Août Septembre Octobre Novembre Décembre
V/Λ2003 > Janvier Février Mars Avril Mai Juin Juillet Août Septembre Octobre Novembre Décembre
V/Λ2002 > Janvier Février Mars Avril Mai Juin Juillet Août Septembre Octobre Novembre Décembre

Rapport pour Février 2014
                   Monthly Climatological Summary for fvr. 2014

Name: IALSACEM4   City: Meyenheim   State: 
Elevation: 210 m  Lat: N 47 54' 42"   Lon: E 007 21' 22"

                  Temperature (C), Rain (mm), Wind Speed (km/h)

                                      Heat  Cool        Avg
    Mean                              Deg   Deg         Wind                 Dom
Day Temp  High   Time   Low    Time   Days  Days  Rain  Speed High   Time    Dir
----------------------------------------------------------------------------------
 1   4.3   9.6   13:51   0.3   04:10  14.0   0.0   0.0   9.3  52.4   15:26   SSO
 2   4.4  10.0   14:15   0.4   23:17  13.9   0.0   1.0   0.3  12.2   10:00   SSE
 3   2.3   8.4   15:43  -0.3   02:02  16.0   0.0   0.0   1.5  18.3   15:36   ONO
 4   4.1   9.0   15:31   0.0   23:56  14.2   0.0   0.0   4.7  22.9   05:13   SSE
 5   3.5   6.6   18:28  -0.5   03:06  14.7   0.0   3.0   6.8  34.2   18:19     S
 6   8.2  14.8   14:37   4.0   08:09  10.1   0.0   0.0  11.1  41.2   04:32     S
 7   7.8  11.1   06:49   4.7   00:19  10.5   0.0   3.0  13.6  52.4   07:03   SSO
 8   5.7  10.3   11:58   1.7   03:17  12.6   0.0   9.0  13.5  48.7   12:10     S
 9   6.4  10.0   14:08   1.7   23:03  11.9   0.0   0.0  17.2  56.6   13:54    SO
10   4.0   7.4   16:32   0.6   01:20  14.3   0.0   0.0   4.1  26.7   09:34     S
11   5.4  10.9   13:44   1.2   21:38  12.9   0.0   0.0   8.1  34.2   09:55   SSO
12   6.1  11.2   13:02   1.9   00:57  12.2   0.0   0.0   9.4  64.1   23:46   SSO
13   6.4   9.6   13:32   4.6   23:18  11.9   0.0  16.0  12.7  66.0   13:40   SSO
14   6.3   9.8   14:32   2.6   04:13  12.0   0.0   0.0   8.9  34.2   01:17     S
15   7.2   9.5   13:03   5.0   21:04  11.1   0.0  17.0   8.9  32.3   07:48     S
16   6.2  10.3   16:19   1.9   23:57  12.1   0.0   0.0   8.1  32.3   08:33     S
17   6.2  15.1   14:27   0.9   01:19  12.1   0.0   0.0   3.2  18.3   13:56     S
18   6.4  14.4   15:16   1.1   04:32  11.9   0.0   0.0   4.2  22.9   14:05   SSE
19   8.3  15.2   14:08   4.6   08:46  10.0   0.0   0.0   4.7  24.8   13:57   SSO
20   8.3  15.1   13:36   2.5   05:01  10.0   0.0   0.0   7.2  35.6   14:49     S
21   7.8  12.9   14:57   3.1   23:35  10.5   0.0   1.0   9.3  32.3   15:36   SSO
22   5.3  10.5   12:00   1.1   02:32  13.0   0.0   0.0   9.2  37.4   11:19   SSO
23   6.7  15.4   14:59   1.2   05:59  11.6   0.0   0.0   1.8  19.2   11:30     S
24   6.8  18.0   15:09  -0.6   06:27  11.5   0.0   0.0   3.6  22.9   15:33   SSE
25   8.9  15.8   12:44   2.7   05:57   9.4   0.0   0.0   9.5  31.4   11:03     S
26   7.1   8.5   10:30   5.1   23:47  11.2   0.0   5.0   1.6  15.9   13:38     S
27   6.4  12.3   12:44   2.0   07:37  11.9   0.0   0.0   8.9  46.8   18:27   SSO
28   6.6  14.5   13:25   3.1   23:53  11.7   0.0   2.0  10.5  37.4   15:03     S
----------------------------------------------------------------------------------
     6.2  18.0    24    -0.6    24   339.2   0.0  57.0   7.6  66.0    13       S

Max >=  30.0:  0
Max <=   0.0:  0
Min <= -10.0:  0
Min <= -18.0:  0
Max Rain: 17.0 on day 15
Days of Rain: 9 (>= 0.2 mm)  7 (>= 2.0 mm)  0 (>= 20.0 mm)
Heat Base: 18.3  Cool Base: 18.3  Method: Integration


Mise à jour : 17/09/2019 06:46:52
powered by Cumulus v3.0.0 (3043)