METEO Meyenheim

 Latitude N 47° 54' 42"    Longitude E 07° 21' 22"    Altitude 210 m

Rapports de type NOAA
Selectionner un rapport Annuel ou mensuel
V/Λ2019 > Janvier Février Mars Avril Mai Juin Juillet Août Septembre Octobre Novembre Décembre
V/Λ2018 > Janvier Février Mars Avril Mai Juin Juillet Août Septembre Octobre Novembre Décembre
V/Λ2017 > Janvier Février Mars Avril Mai Juin Juillet Août Septembre Octobre Novembre Décembre
V/Λ2016 > Janvier Février Mars Avril Mai Juin Juillet Août Septembre Octobre Novembre Décembre
V/Λ2015 > Janvier Février Mars Avril Mai Juin Juillet Août Septembre Octobre Novembre Décembre
V/Λ2014 > Janvier Février Mars Avril Mai Juin Juillet Août Septembre Octobre Novembre Décembre
V/Λ2013 > Janvier Février Mars Avril Mai Juin Juillet Août Septembre Octobre Novembre Décembre
V/Λ2012 > Janvier Février Mars Avril Mai Juin Juillet Août Septembre Octobre Novembre Décembre
V/Λ2011 > Janvier Février Mars Avril Mai Juin Juillet Août Septembre Octobre Novembre Décembre
V/Λ2010 > Janvier Février Mars Avril Mai Juin Juillet Août Septembre Octobre Novembre Décembre
V/Λ2009 > Janvier Février Mars Avril Mai Juin Juillet Août Septembre Octobre Novembre Décembre
V/Λ2008 > Janvier Février Mars Avril Mai Juin Juillet Août Septembre Octobre Novembre Décembre
V/Λ2007 > Janvier Février Mars Avril Mai Juin Juillet Août Septembre Octobre Novembre Décembre
V/Λ2006 > Janvier Février Mars Avril Mai Juin Juillet Août Septembre Octobre Novembre Décembre
V/Λ2005 > Janvier Février Mars Avril Mai Juin Juillet Août Septembre Octobre Novembre Décembre
V/Λ2004 > Janvier Février Mars Avril Mai Juin Juillet Août Septembre Octobre Novembre Décembre
V/Λ2003 > Janvier Février Mars Avril Mai Juin Juillet Août Septembre Octobre Novembre Décembre
V/Λ2002 > Janvier Février Mars Avril Mai Juin Juillet Août Septembre Octobre Novembre Décembre

Rapport pour Mars 2014
                   Monthly Climatological Summary for mars 2014

Name: IALSACEM4   City: Meyenheim   State: 
Elevation: 210 m  Lat: N 47 54' 42"   Lon: E 007 21' 22"

                  Temperature (C), Rain (mm), Wind Speed (km/h)

                                      Heat  Cool        Avg
    Mean                              Deg   Deg         Wind                 Dom
Day Temp  High   Time   Low    Time   Days  Days  Rain  Speed High   Time    Dir
----------------------------------------------------------------------------------
 1   5.5  11.4   13:19   1.4   23:52  12.8   0.0   0.0   4.6  31.4   13:11   SSO
 2   5.4  12.8   15:25   0.0   01:56  12.9   0.0   0.0   2.3  18.3   17:29   SSE
 3   5.5   9.6   15:11   1.6   23:59  12.8   0.0   0.0   8.8  40.2   10:52   SSO
 4   4.1   9.1   12:10  -1.0   03:20  14.2   0.0   0.0   0.6  13.1   11:07    SE
 5   6.8  15.1   14:59   1.0   01:39  11.5   0.0   0.0   3.1  26.7   12:42   NNE
 6   7.5  14.8   14:39   2.2   04:23  10.8   0.0   0.0   7.5  32.3   15:30     N
 7   6.9  16.0   14:51  -0.8   07:07  11.4   0.0   0.0   0.8  14.0   00:22     E
 8   8.6  18.7   15:00   0.3   06:46   9.7   0.0   0.0   5.5  32.3   15:31     N
 9   8.1  19.3   15:46  -0.7   07:09  10.3   0.1   0.0   1.1  16.8   16:07     N
10   8.5  18.1   15:03   0.2   06:21   9.8   0.0   0.0   4.3  25.7   15:20     N
11   9.8  18.0   15:30   2.1   03:47   8.5   0.0   0.0   9.7  37.4   14:37     N
12   9.2  18.8   15:43   1.1   06:48   9.1   0.0   0.0   2.5  18.3   09:09     N
13   8.9  20.2   15:56   0.2   06:14   9.6   0.2   0.0   1.0  18.3   15:47   NNE
14   9.6  21.0   14:39   1.1   06:43   9.1   0.3   0.0   0.8  13.1   14:17   ENE
15   8.6  16.2   13:15   3.5   06:05   9.7   0.0   0.0   5.7  40.2   14:09   OSO
16  12.4  20.2   15:41   7.2   23:59   6.1   0.2   0.0  13.0  41.2   10:00   SSO
17  11.9  23.1   16:07   4.1   03:02   7.2   0.8   0.0   2.4  22.9   15:16   SSE
18  12.4  23.2   14:12   2.1   06:01   6.7   0.8   0.0   7.9  44.0   21:44   OSO
19  12.2  18.8   14:47   5.8   23:58   6.1   0.0   0.0   5.9  36.5   00:42    SO
20  12.8  25.3   15:24   1.3   06:22   6.7   1.2   0.0   6.1  31.4   15:44     S
21  15.7  22.1   12:37   9.3   05:53   3.2   0.6   0.0  15.1  48.7   13:08   SSO
22  10.4  14.0   00:00   6.5   23:31   7.9   0.0   1.0  13.0  40.2   21:13   SSO
23   6.5  10.4   15:45   1.6   23:40  11.8   0.0   2.0   3.8  35.1   12:00    SO
24   4.9  11.6   15:00   1.0   22:57  13.4   0.0   4.0   2.8  22.9   13:50   SSE
25   5.1  13.2   14:34  -1.3   06:26  13.2   0.0   0.0   2.2  16.8   15:21   ENE
26   6.3  13.1   13:19   0.6   05:50  12.0   0.0   0.0   5.4  29.5   08:58   NNE
27   7.8  16.9   16:09  -0.2   06:53  10.5   0.0   0.0   2.1  20.1   16:37   NNE
28   9.2  20.2   15:43  -0.1   06:28   9.3   0.2   0.0   0.9  13.1   12:52     N
29  10.7  21.5   15:41   0.9   06:32   8.0   0.4   0.0   1.9  17.3   15:20   NNE
30  12.0  23.4   15:24   1.7   07:39   6.9   0.8   0.0   1.3  17.3   16:50   NNE
31  13.6  23.9   16:07   5.8   05:37   5.8   1.2   0.0   1.1  15.9   14:56    NE
----------------------------------------------------------------------------------
     8.9  25.3    20    -1.3    25   297.0   6.8   7.0   4.6  48.7    21      SO

Max >=  30.0:  0
Max <=   0.0:  0
Min <= -10.0:  0
Min <= -18.0:  0
Max Rain: 4.0 on day 24
Days of Rain: 3 (>= 0.2 mm)  2 (>= 2.0 mm)  0 (>= 20.0 mm)
Heat Base: 18.3  Cool Base: 18.3  Method: Integration


Mise à jour : 21/08/2019 07:28:18
powered by Cumulus v3.0.0 (3043)