METEO Meyenheim

 Latitude N 47° 54' 42"    Longitude E 07° 21' 22"    Altitude 210 m

Rapports de type NOAA
Selectionner un rapport Annuel ou mensuel
V/Λ2019 > Janvier Février Mars Avril Mai Juin Juillet Août Septembre Octobre Novembre Décembre
V/Λ2018 > Janvier Février Mars Avril Mai Juin Juillet Août Septembre Octobre Novembre Décembre
V/Λ2017 > Janvier Février Mars Avril Mai Juin Juillet Août Septembre Octobre Novembre Décembre
V/Λ2016 > Janvier Février Mars Avril Mai Juin Juillet Août Septembre Octobre Novembre Décembre
V/Λ2015 > Janvier Février Mars Avril Mai Juin Juillet Août Septembre Octobre Novembre Décembre
V/Λ2014 > Janvier Février Mars Avril Mai Juin Juillet Août Septembre Octobre Novembre Décembre
V/Λ2013 > Janvier Février Mars Avril Mai Juin Juillet Août Septembre Octobre Novembre Décembre
V/Λ2012 > Janvier Février Mars Avril Mai Juin Juillet Août Septembre Octobre Novembre Décembre
V/Λ2011 > Janvier Février Mars Avril Mai Juin Juillet Août Septembre Octobre Novembre Décembre
V/Λ2010 > Janvier Février Mars Avril Mai Juin Juillet Août Septembre Octobre Novembre Décembre
V/Λ2009 > Janvier Février Mars Avril Mai Juin Juillet Août Septembre Octobre Novembre Décembre
V/Λ2008 > Janvier Février Mars Avril Mai Juin Juillet Août Septembre Octobre Novembre Décembre
V/Λ2007 > Janvier Février Mars Avril Mai Juin Juillet Août Septembre Octobre Novembre Décembre
V/Λ2006 > Janvier Février Mars Avril Mai Juin Juillet Août Septembre Octobre Novembre Décembre
V/Λ2005 > Janvier Février Mars Avril Mai Juin Juillet Août Septembre Octobre Novembre Décembre
V/Λ2004 > Janvier Février Mars Avril Mai Juin Juillet Août Septembre Octobre Novembre Décembre
V/Λ2003 > Janvier Février Mars Avril Mai Juin Juillet Août Septembre Octobre Novembre Décembre
V/Λ2002 > Janvier Février Mars Avril Mai Juin Juillet Août Septembre Octobre Novembre Décembre

Rapport pour Avril 2014
                   Monthly Climatological Summary for avr. 2014

Name: IALSACEM4   City: Meyenheim   State: 
Elevation: 210 m  Lat: N 47 54' 42"   Lon: E 007 21' 22"

                  Temperature (C), Rain (mm), Wind Speed (km/h)

                                      Heat  Cool        Avg
    Mean                              Deg   Deg         Wind                 Dom
Day Temp  High   Time   Low    Time   Days  Days  Rain  Speed High   Time    Dir
----------------------------------------------------------------------------------
 1  14.0  22.9   15:18   5.6   07:17   5.1   0.9   0.0   1.1  18.3   16:28     S
 2  14.9  24.5   16:13   5.3   06:55   4.9   1.5   0.0   2.9  22.0   14:09    SO
 3  14.0  20.0   14:16   9.1   07:17   4.6   0.2   0.0   0.6  15.9   05:29    SO
 4  13.1  18.7   16:12   9.5   07:19   5.2   0.0   0.0   0.3  11.2   13:45   SSO
 5  11.3  16.1   14:42   6.7   06:58   7.0   0.0   0.0   1.0  16.8   17:57   SSO
 6  14.9  22.0   16:27   9.1   07:27   4.1   0.8   0.0   2.5  18.3   14:06     S
 7  15.0  23.9   17:37   5.5   07:02   4.6   1.3   0.0   3.4  21.1   13:42     S
 8  15.3  18.7   15:20  10.1   23:57   3.0   0.0   1.0  14.0  52.4   15:39   OSO
 9  11.6  17.7   17:35   4.2   07:21   6.7   0.0   0.0   2.1  15.9   12:14   ENE
10  12.2  20.6   17:43   3.0   07:04   6.5   0.4   0.0   2.1  22.9   14:22   NNE
11  14.3  23.1   16:33   4.8   07:00   5.1   1.1   0.0   2.4  17.3   19:31   NNE
12  15.9  23.0   17:31   8.3   07:15   3.5   1.1   0.0   2.5  17.3   16:57     N
13  15.8  21.2   16:01   9.8   23:59   3.0   0.5   0.0   3.8  17.3   17:36    NE
14  12.0  18.8   14:39   5.1   06:41   6.3   0.0   0.0   7.6  46.8   13:28   ONO
15   8.6  13.1   15:38   4.3   04:39   9.7   0.0   0.0   8.1  32.3   09:23   NNE
16   9.1  16.1   16:24   1.7   06:33   9.2   0.0   0.0   8.6  35.6   12:11   NNE
17  10.7  18.7   15:58   3.0   06:04   7.6   0.0   0.0   3.4  22.9   08:49     N
18   8.0  11.8   11:47   4.8   23:53  10.3   0.0   1.0   4.5  32.3   13:31    NE
19   6.6  10.1   18:08   2.3   03:50  11.7   0.0   0.0   6.9  34.2   11:33     N
20  12.9  19.4   16:08   7.4   06:20   5.5   0.1   0.0   3.1  21.1   17:16   NNE
21  11.4  15.1   16:57   9.2   04:12   6.9   0.0   2.0   3.8  25.7   17:10     S
22  14.6  21.7   14:37   8.1   05:01   4.3   0.6   0.0   4.1  36.5   16:39     S
23  15.0  22.4   14:53   8.9   06:15   4.2   0.9   0.0   4.5  30.4   19:00   NNE
24  16.8  23.6   16:40  10.8   06:39   2.8   1.3   2.0   3.3  22.9   14:25   NNE
25  15.9  23.3   15:18   9.6   06:59   3.4   1.1   2.0   2.9  27.6   17:33    NE
26  14.6  18.2   15:45  12.4   23:57   3.7   0.0   7.0   1.4  19.2   20:16     O
27  12.6  17.3   15:01   9.5   06:31   5.7   0.0   4.0   8.5  32.3   01:19   SSO
28  11.6  14.5   13:57  10.0   06:33   6.7   0.0   7.0   3.7  18.3   01:22     S
29  11.8  14.6   17:05   9.6   06:00   6.5   0.0   0.0   2.6  18.3   15:43   SSO
30  12.1  15.6   17:06   9.3   05:32   6.2   0.0   1.0   2.9  18.3   15:27     S
----------------------------------------------------------------------------------
    12.9  24.5     2     1.7    16   174.0  11.8  27.0   4.0  52.4     8     NNO

Max >=  30.0:  0
Max <=   0.0:  0
Min <= -10.0:  0
Min <= -18.0:  0
Max Rain: 7.0 on day 26
Days of Rain: 9 (>= 0.2 mm)  6 (>= 2.0 mm)  0 (>= 20.0 mm)
Heat Base: 18.3  Cool Base: 18.3  Method: Integration


Mise à jour : 08/12/2019 20:14:49
powered by Cumulus v3.0.0 (3043)